{"id":73108,"date":"2025-05-12T13:21:18","date_gmt":"2025-05-12T13:21:18","guid":{"rendered":"https:\/\/www.cm-benavente.pt\/?post_type=mec-events&#038;p=73108"},"modified":"2025-05-12T13:21:18","modified_gmt":"2025-05-12T13:21:18","slug":"apresentacao-do-livro-o-que-se-passa-na-infancia-nao-fica-na-infancia","status":"publish","type":"mec-events","link":"https:\/\/www.cm-benavente.pt\/index.php\/events\/apresentacao-do-livro-o-que-se-passa-na-infancia-nao-fica-na-infancia\/","title":{"rendered":"Apresenta\u00e7\u00e3o do Livro &#8220;O que se passa na inf\u00e2ncia n\u00e3o fica na inf\u00e2ncia&#8221;"},"content":{"rendered":"<p><strong>Apresenta\u00e7\u00e3o do Livro &#8220;O que se passa na inf\u00e2ncia n\u00e3o fica na inf\u00e2ncia&#8221;<\/strong><\/p>\n<p><strong>13 de maio das 15:30h \u00e0s 19:00h<\/strong> no Foyer do Cineteatro de Benavente<\/p>\n<p><strong>Livro de:<\/strong> Dr. Jo\u00e3o Pedro Gaspar e Dr. Paulo Guerra<\/p>\n<p>Apresenta\u00e7\u00e3o de sketch de teatro &#8220;Porque o Ar \u00e9 de Todos&#8221; pelo clube de teatro do Agrupamento de Escolas de Benavente<\/p>\n<p><strong>Inscri\u00e7\u00f5es:<\/strong> <a href=\"https:\/\/bit.ly\/inscri\u00e7\u00f5es-apresenta\u00e7\u00e3o-livro-cpcj\" target=\"_blank\" rel=\"noopener\">https:\/\/bit.ly\/inscri\u00e7\u00f5es-apresenta\u00e7\u00e3o-livro-cpcj<\/a><\/p>\n<p><strong>Organiza\u00e7\u00e3o:<\/strong> CPCJ de Benavente<\/p>\n<p><strong>Apoio:<\/strong> C\u00e2mara Municipal de Benavente<\/p>\n<p>&nbsp;<\/p>\n<p><a href=\"https:\/\/www.cm-benavente.pt\/wp-content\/uploads\/2025\/05\/criativo_1080_Apresentacao-Livro_CPCJ_2025.jpg\"><img fetchpriority=\"high\" decoding=\"async\" class=\"alignnone size-large wp-image-73109\" src=\"https:\/\/www.cm-benavente.pt\/wp-content\/uploads\/2025\/05\/criativo_1080_Apresentacao-Livro_CPCJ_2025-1024x1024.jpg\" alt=\"\" width=\"800\" height=\"800\" srcset=\"https:\/\/www.cm-benavente.pt\/wp-content\/uploads\/2025\/05\/criativo_1080_Apresentacao-Livro_CPCJ_2025-1024x1024.jpg 1024w, https:\/\/www.cm-benavente.pt\/wp-content\/uploads\/2025\/05\/criativo_1080_Apresentacao-Livro_CPCJ_2025-300x300.jpg 300w, https:\/\/www.cm-benavente.pt\/wp-content\/uploads\/2025\/05\/criativo_1080_Apresentacao-Livro_CPCJ_2025-150x150.jpg 150w, https:\/\/www.cm-benavente.pt\/wp-content\/uploads\/2025\/05\/criativo_1080_Apresentacao-Livro_CPCJ_2025-768x768.jpg 768w, https:\/\/www.cm-benavente.pt\/wp-content\/uploads\/2025\/05\/criativo_1080_Apresentacao-Livro_CPCJ_2025-500x500.jpg 500w, https:\/\/www.cm-benavente.pt\/wp-content\/uploads\/2025\/05\/criativo_1080_Apresentacao-Livro_CPCJ_2025-800x800.jpg 800w, https:\/\/www.cm-benavente.pt\/wp-content\/uploads\/2025\/05\/criativo_1080_Apresentacao-Livro_CPCJ_2025.jpg 1080w\" sizes=\"(max-width: 800px) 100vw, 800px\" \/><\/a><\/p>\n","protected":false},"excerpt":{"rendered":"<p>Apresenta\u00e7\u00e3o do Livro &#8220;O que se passa na inf\u00e2ncia n\u00e3o fica na inf\u00e2ncia&#8221; 13 de maio das 15:30h \u00e0s 19:00h no Foyer do Cineteatro de Benavente Livro de: Dr. Jo\u00e3o Pedro Gaspar e Dr. Paulo Guerra Apresenta\u00e7\u00e3o de sketch de teatro &#8220;Porque o Ar \u00e9 de Todos&#8221; pelo clube de teatro do Agrupamento de Escolas [&hellip;]<\/p>\n","protected":false},"author":3,"featured_media":73110,"comment_status":"closed","ping_status":"closed","template":"","meta":{"_vp_format_video_url":"","_vp_image_focal_point":[]},"tags":[846,16,379,402,1149,406,79,62],"mec_category":[757],"class_list":["post-73108","mec-events","type-mec-events","status-publish","has-post-thumbnail","hentry","tag-apresentacao","tag-benavente","tag-cpcj","tag-criancas","tag-infancia","tag-jovens","tag-livro","tag-teatro","mec_category-literatura"],"_links":{"self":[{"href":"https:\/\/www.cm-benavente.pt\/index.php\/wp-json\/wp\/v2\/mec-events\/73108","targetHints":{"allow":["GET"]}}],"collection":[{"href":"https:\/\/www.cm-benavente.pt\/index.php\/wp-json\/wp\/v2\/mec-events"}],"about":[{"href":"https:\/\/www.cm-benavente.pt\/index.php\/wp-json\/wp\/v2\/types\/mec-events"}],"author":[{"embeddable":true,"href":"https:\/\/www.cm-benavente.pt\/index.php\/wp-json\/wp\/v2\/users\/3"}],"replies":[{"embeddable":true,"href":"https:\/\/www.cm-benavente.pt\/index.php\/wp-json\/wp\/v2\/comments?post=73108"}],"version-history":[{"count":1,"href":"https:\/\/www.cm-benavente.pt\/index.php\/wp-json\/wp\/v2\/mec-events\/73108\/revisions"}],"predecessor-version":[{"id":73111,"href":"https:\/\/www.cm-benavente.pt\/index.php\/wp-json\/wp\/v2\/mec-events\/73108\/revisions\/73111"}],"wp:featuredmedia":[{"embeddable":true,"href":"https:\/\/www.cm-benavente.pt\/index.php\/wp-json\/wp\/v2\/media\/73110"}],"wp:attachment":[{"href":"https:\/\/www.cm-benavente.pt\/index.php\/wp-json\/wp\/v2\/media?parent=73108"}],"wp:term":[{"taxonomy":"post_tag","embeddable":true,"href":"https:\/\/www.cm-benavente.pt\/index.php\/wp-json\/wp\/v2\/tags?post=73108"},{"taxonomy":"mec_category","embeddable":true,"href":"https:\/\/www.cm-benavente.pt\/index.php\/wp-json\/wp\/v2\/mec_category?post=73108"}],"curies":[{"name":"wp","href":"https:\/\/api.w.org\/{rel}","templated":true}]}}

Apresentação do Livro &#8220;O que se passa na infância não fica na infância&#8221;

<p><strong>Apresentação do Livro &#8220;O que se passa na infância não fica na infância&#8221;</strong></p>
<p><strong>13 de maio das 15:30h às 19:00h</strong> no Foyer do Cineteatro de Benavente</p>
<p><strong>Livro de:</strong> Dr. João Pedro Gaspar e Dr. Paulo Guerra</p>
<p>Apresentação de sketch de teatro &#8220;Porque o Ar é de Todos&#8221; pelo clube de teatro do Agrupamento de Escolas de Benavente</p>
<p><strong>Inscrições:</strong> <a href="https://bit.ly/inscrições-apresentação-livro-cpcj" target="_blank" rel="noopener">https://bit.ly/inscrições-apresentação-livro-cpcj</a></p>
<p><strong>Organização:</strong> CPCJ de Benavente</p>
<p><strong>Apoio:</strong> Câmara Municipal de Benavente</p>
<p>&nbsp;</p>
<p><a href="https://www.cm-benavente.pt/wp-content/uploads/2025/05/criativo_1080_Apresentacao-Livro_CPCJ_2025.jpg"><img fetchpriority="high" decoding="async" class="alignnone size-large wp-image-73109" src="https://www.cm-benavente.pt/wp-content/uploads/2025/05/criativo_1080_Apresentacao-Livro_CPCJ_2025-1024x1024.jpg" alt="" width="800" height="800" srcset="https://www.cm-benavente.pt/wp-content/uploads/2025/05/criativo_1080_Apresentacao-Livro_CPCJ_2025-1024x1024.jpg 1024w, https://www.cm-benavente.pt/wp-content/uploads/2025/05/criativo_1080_Apresentacao-Livro_CPCJ_2025-300x300.jpg 300w, https://www.cm-benavente.pt/wp-content/uploads/2025/05/criativo_1080_Apresentacao-Livro_CPCJ_2025-150x150.jpg 150w, https://www.cm-benavente.pt/wp-content/uploads/2025/05/criativo_1080_Apresentacao-Livro_CPCJ_2025-768x768.jpg 768w, https://www.cm-benavente.pt/wp-content/uploads/2025/05/criativo_1080_Apresentacao-Livro_CPCJ_2025-500x500.jpg 500w, https://www.cm-benavente.pt/wp-content/uploads/2025/05/criativo_1080_Apresentacao-Livro_CPCJ_2025-800x800.jpg 800w, https://www.cm-benavente.pt/wp-content/uploads/2025/05/criativo_1080_Apresentacao-Livro_CPCJ_2025.jpg 1080w" sizes="(max-width: 800px) 100vw, 800px" /></a></p>

<p>Apresentação do Livro &#8220;O que se passa na infância não fica na infância&#8221; 13 de maio das 15:30h às 19:00h no Foyer do Cineteatro de Benavente Livro de: Dr. João Pedro Gaspar e Dr. Paulo Guerra Apresentação de sketch de teatro &#8220;Porque o Ar é de Todos&#8221; pelo clube de teatro do Agrupamento de Escolas [&hellip;]</p>
