{"id":73097,"date":"2025-05-12T09:25:31","date_gmt":"2025-05-12T09:25:31","guid":{"rendered":"https:\/\/www.cm-benavente.pt\/?post_type=mec-events&#038;p=73097"},"modified":"2025-05-12T09:25:31","modified_gmt":"2025-05-12T09:25:31","slug":"oficina-de-pintura-luz-e-sombra","status":"publish","type":"mec-events","link":"https:\/\/www.cm-benavente.pt\/index.php\/events\/oficina-de-pintura-luz-e-sombra\/","title":{"rendered":"Oficina de pintura &#8220;Luz e Sombra&#8221;"},"content":{"rendered":"<p><strong>Oficina de pintura &#8220;Luz e Sombra&#8221;<\/strong><\/p>\n<p><strong>24 de maio \u00e0s 15:00h<\/strong> na Galeria do N\u00facleo Museol\u00f3gico Agr\u00edcola de Benavente<\/p>\n<p>A oficina ser\u00e1 dinamizada pela artista pl\u00e1stica Lu\u00edsa Passos.<br \/>\nA partir da exposi\u00e7\u00e3o Luz, Sombra e Bruma, da artista pl\u00e1stica Lu\u00edsa Passos, a oficina prop\u00f5e a cria\u00e7\u00e3o de composi\u00e7\u00f5es naturais explorando os princ\u00edpios da reflex\u00e3o da luz. Os participantes ser\u00e3o convidados a experimentar formas, sombras e contrastes, inspirando-se na po\u00e9tica visual da artista para desenvolver trabalhos \u00fanicos e sensoriais.<\/p>\n<p><strong>Inscri\u00e7\u00f5es:<\/strong> gratuitas mas limitadas atrav\u00e9s do link <a href=\"https:\/\/forms.gle\/9akp8KL2bmoDK1pj7\" target=\"_blank\" rel=\"noopener\">https:\/\/forms.gle\/9akp8KL2bmoDK1pj7<\/a><\/p>\n<p>&nbsp;<\/p>\n<p><a href=\"https:\/\/www.cm-benavente.pt\/wp-content\/uploads\/2025\/05\/Luz-e-Sombra_24maio25.jpg\"><img fetchpriority=\"high\" decoding=\"async\" class=\"alignnone size-large wp-image-73098\" src=\"https:\/\/www.cm-benavente.pt\/wp-content\/uploads\/2025\/05\/Luz-e-Sombra_24maio25-1024x1024.jpg\" alt=\"\" width=\"800\" height=\"800\" srcset=\"https:\/\/www.cm-benavente.pt\/wp-content\/uploads\/2025\/05\/Luz-e-Sombra_24maio25-1024x1024.jpg 1024w, https:\/\/www.cm-benavente.pt\/wp-content\/uploads\/2025\/05\/Luz-e-Sombra_24maio25-300x300.jpg 300w, https:\/\/www.cm-benavente.pt\/wp-content\/uploads\/2025\/05\/Luz-e-Sombra_24maio25-150x150.jpg 150w, https:\/\/www.cm-benavente.pt\/wp-content\/uploads\/2025\/05\/Luz-e-Sombra_24maio25-768x768.jpg 768w, https:\/\/www.cm-benavente.pt\/wp-content\/uploads\/2025\/05\/Luz-e-Sombra_24maio25-500x500.jpg 500w, https:\/\/www.cm-benavente.pt\/wp-content\/uploads\/2025\/05\/Luz-e-Sombra_24maio25-800x800.jpg 800w, https:\/\/www.cm-benavente.pt\/wp-content\/uploads\/2025\/05\/Luz-e-Sombra_24maio25.jpg 1032w\" sizes=\"(max-width: 800px) 100vw, 800px\" \/><\/a><\/p>\n","protected":false},"excerpt":{"rendered":"<p>Oficina de pintura &#8220;Luz e Sombra&#8221; 24 de maio \u00e0s 15:00h na Galeria do N\u00facleo Museol\u00f3gico Agr\u00edcola de Benavente A oficina ser\u00e1 dinamizada pela artista pl\u00e1stica Lu\u00edsa Passos. A partir da exposi\u00e7\u00e3o Luz, Sombra e Bruma, da artista pl\u00e1stica Lu\u00edsa Passos, a oficina prop\u00f5e a cria\u00e7\u00e3o de composi\u00e7\u00f5es naturais explorando os princ\u00edpios da reflex\u00e3o da [&hellip;]<\/p>\n","protected":false},"author":3,"featured_media":73099,"comment_status":"closed","ping_status":"closed","template":"","meta":{"_vp_format_video_url":"","_vp_image_focal_point":[]},"tags":[796,16,209,17,1127,517,2670],"mec_category":[795],"class_list":["post-73097","mec-events","type-mec-events","status-publish","has-post-thumbnail","hentry","tag-arte","tag-benavente","tag-luz","tag-museu","tag-oficina","tag-pintura","tag-sombra","mec_category-arte"],"_links":{"self":[{"href":"https:\/\/www.cm-benavente.pt\/index.php\/wp-json\/wp\/v2\/mec-events\/73097","targetHints":{"allow":["GET"]}}],"collection":[{"href":"https:\/\/www.cm-benavente.pt\/index.php\/wp-json\/wp\/v2\/mec-events"}],"about":[{"href":"https:\/\/www.cm-benavente.pt\/index.php\/wp-json\/wp\/v2\/types\/mec-events"}],"author":[{"embeddable":true,"href":"https:\/\/www.cm-benavente.pt\/index.php\/wp-json\/wp\/v2\/users\/3"}],"replies":[{"embeddable":true,"href":"https:\/\/www.cm-benavente.pt\/index.php\/wp-json\/wp\/v2\/comments?post=73097"}],"version-history":[{"count":1,"href":"https:\/\/www.cm-benavente.pt\/index.php\/wp-json\/wp\/v2\/mec-events\/73097\/revisions"}],"predecessor-version":[{"id":73100,"href":"https:\/\/www.cm-benavente.pt\/index.php\/wp-json\/wp\/v2\/mec-events\/73097\/revisions\/73100"}],"wp:featuredmedia":[{"embeddable":true,"href":"https:\/\/www.cm-benavente.pt\/index.php\/wp-json\/wp\/v2\/media\/73099"}],"wp:attachment":[{"href":"https:\/\/www.cm-benavente.pt\/index.php\/wp-json\/wp\/v2\/media?parent=73097"}],"wp:term":[{"taxonomy":"post_tag","embeddable":true,"href":"https:\/\/www.cm-benavente.pt\/index.php\/wp-json\/wp\/v2\/tags?post=73097"},{"taxonomy":"mec_category","embeddable":true,"href":"https:\/\/www.cm-benavente.pt\/index.php\/wp-json\/wp\/v2\/mec_category?post=73097"}],"curies":[{"name":"wp","href":"https:\/\/api.w.org\/{rel}","templated":true}]}}

<p><strong>Oficina de pintura &#8220;Luz e Sombra&#8221;</strong></p>
<p><strong>24 de maio às 15:00h</strong> na Galeria do Núcleo Museológico Agrícola de Benavente</p>
<p>A oficina será dinamizada pela artista plástica Luísa Passos.<br />
A partir da exposição Luz, Sombra e Bruma, da artista plástica Luísa Passos, a oficina propõe a criação de composições naturais explorando os princípios da reflexão da luz. Os participantes serão convidados a experimentar formas, sombras e contrastes, inspirando-se na poética visual da artista para desenvolver trabalhos únicos e sensoriais.</p>
<p><strong>Inscrições:</strong> gratuitas mas limitadas através do link <a href="https://forms.gle/9akp8KL2bmoDK1pj7" target="_blank" rel="noopener">https://forms.gle/9akp8KL2bmoDK1pj7</a></p>
<p>&nbsp;</p>
<p><a href="https://www.cm-benavente.pt/wp-content/uploads/2025/05/Luz-e-Sombra_24maio25.jpg"><img fetchpriority="high" decoding="async" class="alignnone size-large wp-image-73098" src="https://www.cm-benavente.pt/wp-content/uploads/2025/05/Luz-e-Sombra_24maio25-1024x1024.jpg" alt="" width="800" height="800" srcset="https://www.cm-benavente.pt/wp-content/uploads/2025/05/Luz-e-Sombra_24maio25-1024x1024.jpg 1024w, https://www.cm-benavente.pt/wp-content/uploads/2025/05/Luz-e-Sombra_24maio25-300x300.jpg 300w, https://www.cm-benavente.pt/wp-content/uploads/2025/05/Luz-e-Sombra_24maio25-150x150.jpg 150w, https://www.cm-benavente.pt/wp-content/uploads/2025/05/Luz-e-Sombra_24maio25-768x768.jpg 768w, https://www.cm-benavente.pt/wp-content/uploads/2025/05/Luz-e-Sombra_24maio25-500x500.jpg 500w, https://www.cm-benavente.pt/wp-content/uploads/2025/05/Luz-e-Sombra_24maio25-800x800.jpg 800w, https://www.cm-benavente.pt/wp-content/uploads/2025/05/Luz-e-Sombra_24maio25.jpg 1032w" sizes="(max-width: 800px) 100vw, 800px" /></a></p>

<p>Oficina de pintura &#8220;Luz e Sombra&#8221; 24 de maio às 15:00h na Galeria do Núcleo Museológico Agrícola de Benavente A oficina será dinamizada pela artista plástica Luísa Passos. A partir da exposição Luz, Sombra e Bruma, da artista plástica Luísa Passos, a oficina propõe a criação de composições naturais explorando os princípios da reflexão da [&hellip;]</p>
