{"id":73093,"date":"2025-05-12T09:18:10","date_gmt":"2025-05-12T09:18:10","guid":{"rendered":"https:\/\/www.cm-benavente.pt\/?post_type=mec-events&#038;p=73093"},"modified":"2025-05-12T09:18:10","modified_gmt":"2025-05-12T09:18:10","slug":"concerto-com-a-orquestra-ligeira-do-exercito","status":"publish","type":"mec-events","link":"https:\/\/www.cm-benavente.pt\/index.php\/events\/concerto-com-a-orquestra-ligeira-do-exercito\/","title":{"rendered":"Concerto com a Orquestra Ligeira do Ex\u00e9rcito"},"content":{"rendered":"<p><strong>Concerto com a Orquestra Ligeira do Ex\u00e9rcito<\/strong><\/p>\n<p><strong>23 de maio \u00e0s 21:30h<\/strong> no Centro Cultural de Samora Correia<\/p>\n<p><strong>Entrada gratuita<\/strong><\/p>\n<p><strong>Organiza\u00e7\u00e3o:<\/strong> Ex\u00e9rcito Portugu\u00eas e C\u00e2mara Municipal de Benavente<\/p>\n<p><a href=\"https:\/\/www.cm-benavente.pt\/wp-content\/uploads\/2025\/05\/Orquestra-Ligeira_2025-1350.jpg\"><img fetchpriority=\"high\" decoding=\"async\" class=\"alignnone size-large wp-image-73094\" src=\"https:\/\/www.cm-benavente.pt\/wp-content\/uploads\/2025\/05\/Orquestra-Ligeira_2025-1350-819x1024.jpg\" alt=\"\" width=\"800\" height=\"1000\" srcset=\"https:\/\/www.cm-benavente.pt\/wp-content\/uploads\/2025\/05\/Orquestra-Ligeira_2025-1350-819x1024.jpg 819w, https:\/\/www.cm-benavente.pt\/wp-content\/uploads\/2025\/05\/Orquestra-Ligeira_2025-1350-240x300.jpg 240w, https:\/\/www.cm-benavente.pt\/wp-content\/uploads\/2025\/05\/Orquestra-Ligeira_2025-1350-768x960.jpg 768w, https:\/\/www.cm-benavente.pt\/wp-content\/uploads\/2025\/05\/Orquestra-Ligeira_2025-1350-500x625.jpg 500w, https:\/\/www.cm-benavente.pt\/wp-content\/uploads\/2025\/05\/Orquestra-Ligeira_2025-1350-800x1000.jpg 800w, https:\/\/www.cm-benavente.pt\/wp-content\/uploads\/2025\/05\/Orquestra-Ligeira_2025-1350.jpg 1080w\" sizes=\"(max-width: 800px) 100vw, 800px\" \/><\/a><\/p>\n","protected":false},"excerpt":{"rendered":"<p>Concerto com a Orquestra Ligeira do Ex\u00e9rcito 23 de maio \u00e0s 21:30h no Centro Cultural de Samora Correia Entrada gratuita Organiza\u00e7\u00e3o: Ex\u00e9rcito Portugu\u00eas e C\u00e2mara Municipal de Benavente<\/p>\n","protected":false},"author":3,"featured_media":73095,"comment_status":"closed","ping_status":"closed","template":"","meta":{"_vp_format_video_url":"","_vp_image_focal_point":[]},"tags":[37,2889,4,27],"mec_category":[464],"class_list":["post-73093","mec-events","type-mec-events","status-publish","has-post-thumbnail","hentry","tag-concerto","tag-exercito-portugues","tag-musica","tag-samora-correia","mec_category-musica"],"_links":{"self":[{"href":"https:\/\/www.cm-benavente.pt\/index.php\/wp-json\/wp\/v2\/mec-events\/73093","targetHints":{"allow":["GET"]}}],"collection":[{"href":"https:\/\/www.cm-benavente.pt\/index.php\/wp-json\/wp\/v2\/mec-events"}],"about":[{"href":"https:\/\/www.cm-benavente.pt\/index.php\/wp-json\/wp\/v2\/types\/mec-events"}],"author":[{"embeddable":true,"href":"https:\/\/www.cm-benavente.pt\/index.php\/wp-json\/wp\/v2\/users\/3"}],"replies":[{"embeddable":true,"href":"https:\/\/www.cm-benavente.pt\/index.php\/wp-json\/wp\/v2\/comments?post=73093"}],"version-history":[{"count":1,"href":"https:\/\/www.cm-benavente.pt\/index.php\/wp-json\/wp\/v2\/mec-events\/73093\/revisions"}],"predecessor-version":[{"id":73096,"href":"https:\/\/www.cm-benavente.pt\/index.php\/wp-json\/wp\/v2\/mec-events\/73093\/revisions\/73096"}],"wp:featuredmedia":[{"embeddable":true,"href":"https:\/\/www.cm-benavente.pt\/index.php\/wp-json\/wp\/v2\/media\/73095"}],"wp:attachment":[{"href":"https:\/\/www.cm-benavente.pt\/index.php\/wp-json\/wp\/v2\/media?parent=73093"}],"wp:term":[{"taxonomy":"post_tag","embeddable":true,"href":"https:\/\/www.cm-benavente.pt\/index.php\/wp-json\/wp\/v2\/tags?post=73093"},{"taxonomy":"mec_category","embeddable":true,"href":"https:\/\/www.cm-benavente.pt\/index.php\/wp-json\/wp\/v2\/mec_category?post=73093"}],"curies":[{"name":"wp","href":"https:\/\/api.w.org\/{rel}","templated":true}]}}

Concerto com a Orquestra Ligeira do Exército

<p><strong>Concerto com a Orquestra Ligeira do Exército</strong></p>
<p><strong>23 de maio às 21:30h</strong> no Centro Cultural de Samora Correia</p>
<p><strong>Entrada gratuita</strong></p>
<p><strong>Organização:</strong> Exército Português e Câmara Municipal de Benavente</p>
<p><a href="https://www.cm-benavente.pt/wp-content/uploads/2025/05/Orquestra-Ligeira_2025-1350.jpg"><img fetchpriority="high" decoding="async" class="alignnone size-large wp-image-73094" src="https://www.cm-benavente.pt/wp-content/uploads/2025/05/Orquestra-Ligeira_2025-1350-819x1024.jpg" alt="" width="800" height="1000" srcset="https://www.cm-benavente.pt/wp-content/uploads/2025/05/Orquestra-Ligeira_2025-1350-819x1024.jpg 819w, https://www.cm-benavente.pt/wp-content/uploads/2025/05/Orquestra-Ligeira_2025-1350-240x300.jpg 240w, https://www.cm-benavente.pt/wp-content/uploads/2025/05/Orquestra-Ligeira_2025-1350-768x960.jpg 768w, https://www.cm-benavente.pt/wp-content/uploads/2025/05/Orquestra-Ligeira_2025-1350-500x625.jpg 500w, https://www.cm-benavente.pt/wp-content/uploads/2025/05/Orquestra-Ligeira_2025-1350-800x1000.jpg 800w, https://www.cm-benavente.pt/wp-content/uploads/2025/05/Orquestra-Ligeira_2025-1350.jpg 1080w" sizes="(max-width: 800px) 100vw, 800px" /></a></p>

<p>Concerto com a Orquestra Ligeira do Exército 23 de maio às 21:30h no Centro Cultural de Samora Correia Entrada gratuita Organização: Exército Português e Câmara Municipal de Benavente</p>
