{"id":73002,"date":"2025-05-08T14:35:07","date_gmt":"2025-05-08T14:35:07","guid":{"rendered":"https:\/\/www.cm-benavente.pt\/?post_type=mec-events&#038;p=73002"},"modified":"2025-05-08T14:58:37","modified_gmt":"2025-05-08T14:58:37","slug":"coloquio-fileira-orizicola-presente-e-futuro","status":"publish","type":"mec-events","link":"https:\/\/www.cm-benavente.pt\/index.php\/events\/coloquio-fileira-orizicola-presente-e-futuro\/","title":{"rendered":"Col\u00f3quio &#8220;Fileira Oriz\u00edcola &#8211; Presente e Futuro&#8221;"},"content":{"rendered":"<p><strong>Col\u00f3quio &#8220;Fileira Oriz\u00edcola &#8211; Presente e Futuro&#8221;<\/strong><\/p>\n<p><strong>16 de maio \u00e0s 15:00h<\/strong> no Centro Cultural de Samora Correia<\/p>\n<p>Se quiser saber mais sobre o carolino que d\u00e1 nome ao nosso Festival, est\u00e1 convidado a participar no Col\u00f3quio dinamizado pela C\u00e2mara Municipal de Benavente, denominado: \u00a0&#8220;O Arroz Carolino das Lez\u00edrias Ribatejanas&#8221;.<\/p>\n<p>Uma mesa redonda com especialistas e convidados que conhecem o terreno, o gr\u00e3o e o impacto deste produto que nos proporciona os pratos gastron\u00f3micos de sabores envolventes.<\/p>\n<p><strong>Link para inscri\u00e7\u00f5es:<\/strong> <a href=\"https:\/\/forms.office.com\/e\/MXDcRVt77P?origin=lprLink\" target=\"_blank\" rel=\"noopener\">https:\/\/forms.office.com\/e\/MXDcRVt77P?origin=lprLink<\/a> (inscri\u00e7\u00f5es at\u00e9 15 de maio)<\/p>\n<p>Entrada livre<\/p>\n<p>Descubra o <strong>programa completo do Festival<\/strong>: <a href=\"http:\/\/www.festivaldoarrozcarolino.pt\" target=\"_blank\" rel=\"noopener\">www.festivaldoarrozcarolino.pt<\/a><\/p>\n<p>&nbsp;<\/p>\n<p><a href=\"https:\/\/www.cm-benavente.pt\/wp-content\/uploads\/2025\/05\/fac-coloquio-arroz-1080-completo.jpg\"><img fetchpriority=\"high\" decoding=\"async\" class=\"alignnone size-large wp-image-73003\" src=\"https:\/\/www.cm-benavente.pt\/wp-content\/uploads\/2025\/05\/fac-coloquio-arroz-1080-completo-1024x1024.jpg\" alt=\"\" width=\"800\" height=\"800\" srcset=\"https:\/\/www.cm-benavente.pt\/wp-content\/uploads\/2025\/05\/fac-coloquio-arroz-1080-completo-1024x1024.jpg 1024w, https:\/\/www.cm-benavente.pt\/wp-content\/uploads\/2025\/05\/fac-coloquio-arroz-1080-completo-300x300.jpg 300w, https:\/\/www.cm-benavente.pt\/wp-content\/uploads\/2025\/05\/fac-coloquio-arroz-1080-completo-150x150.jpg 150w, https:\/\/www.cm-benavente.pt\/wp-content\/uploads\/2025\/05\/fac-coloquio-arroz-1080-completo-768x768.jpg 768w, https:\/\/www.cm-benavente.pt\/wp-content\/uploads\/2025\/05\/fac-coloquio-arroz-1080-completo-500x500.jpg 500w, https:\/\/www.cm-benavente.pt\/wp-content\/uploads\/2025\/05\/fac-coloquio-arroz-1080-completo-800x800.jpg 800w, https:\/\/www.cm-benavente.pt\/wp-content\/uploads\/2025\/05\/fac-coloquio-arroz-1080-completo.jpg 1080w\" sizes=\"(max-width: 800px) 100vw, 800px\" \/><\/a><\/p>\n","protected":false},"excerpt":{"rendered":"<p>Col\u00f3quio &#8220;Fileira Oriz\u00edcola &#8211; Presente e Futuro&#8221; 16 de maio \u00e0s 15:00h no Centro Cultural de Samora Correia Se quiser saber mais sobre o carolino que d\u00e1 nome ao nosso Festival, est\u00e1 convidado a participar no Col\u00f3quio dinamizado pela C\u00e2mara Municipal de Benavente, denominado: \u00a0&#8220;O Arroz Carolino das Lez\u00edrias Ribatejanas&#8221;. Uma mesa redonda com especialistas [&hellip;]<\/p>\n","protected":false},"author":3,"featured_media":73006,"comment_status":"closed","ping_status":"closed","template":"","meta":{"_vp_format_video_url":"","_vp_image_focal_point":[]},"tags":[749,1433,1191,2887,27],"mec_category":[467],"class_list":["post-73002","mec-events","type-mec-events","status-publish","has-post-thumbnail","hentry","tag-arroz-carolino","tag-coloquio","tag-festival-do-arroz-carolino-das-lezirias-ribatejanas","tag-mesa-redonda","tag-samora-correia","mec_category-geral"],"_links":{"self":[{"href":"https:\/\/www.cm-benavente.pt\/index.php\/wp-json\/wp\/v2\/mec-events\/73002","targetHints":{"allow":["GET"]}}],"collection":[{"href":"https:\/\/www.cm-benavente.pt\/index.php\/wp-json\/wp\/v2\/mec-events"}],"about":[{"href":"https:\/\/www.cm-benavente.pt\/index.php\/wp-json\/wp\/v2\/types\/mec-events"}],"author":[{"embeddable":true,"href":"https:\/\/www.cm-benavente.pt\/index.php\/wp-json\/wp\/v2\/users\/3"}],"replies":[{"embeddable":true,"href":"https:\/\/www.cm-benavente.pt\/index.php\/wp-json\/wp\/v2\/comments?post=73002"}],"version-history":[{"count":1,"href":"https:\/\/www.cm-benavente.pt\/index.php\/wp-json\/wp\/v2\/mec-events\/73002\/revisions"}],"predecessor-version":[{"id":73005,"href":"https:\/\/www.cm-benavente.pt\/index.php\/wp-json\/wp\/v2\/mec-events\/73002\/revisions\/73005"}],"wp:featuredmedia":[{"embeddable":true,"href":"https:\/\/www.cm-benavente.pt\/index.php\/wp-json\/wp\/v2\/media\/73006"}],"wp:attachment":[{"href":"https:\/\/www.cm-benavente.pt\/index.php\/wp-json\/wp\/v2\/media?parent=73002"}],"wp:term":[{"taxonomy":"post_tag","embeddable":true,"href":"https:\/\/www.cm-benavente.pt\/index.php\/wp-json\/wp\/v2\/tags?post=73002"},{"taxonomy":"mec_category","embeddable":true,"href":"https:\/\/www.cm-benavente.pt\/index.php\/wp-json\/wp\/v2\/mec_category?post=73002"}],"curies":[{"name":"wp","href":"https:\/\/api.w.org\/{rel}","templated":true}]}}

Colóquio &#8220;Fileira Orizícola &#8211; Presente e Futuro&#8221;

<p><strong>Colóquio &#8220;Fileira Orizícola &#8211; Presente e Futuro&#8221;</strong></p>
<p><strong>16 de maio às 15:00h</strong> no Centro Cultural de Samora Correia</p>
<p>Se quiser saber mais sobre o carolino que dá nome ao nosso Festival, está convidado a participar no Colóquio dinamizado pela Câmara Municipal de Benavente, denominado:  &#8220;O Arroz Carolino das Lezírias Ribatejanas&#8221;.</p>
<p>Uma mesa redonda com especialistas e convidados que conhecem o terreno, o grão e o impacto deste produto que nos proporciona os pratos gastronómicos de sabores envolventes.</p>
<p><strong>Link para inscrições:</strong> <a href="https://forms.office.com/e/MXDcRVt77P?origin=lprLink" target="_blank" rel="noopener">https://forms.office.com/e/MXDcRVt77P?origin=lprLink</a> (inscrições até 15 de maio)</p>
<p>Entrada livre</p>
<p>Descubra o <strong>programa completo do Festival</strong>: <a href="http://www.festivaldoarrozcarolino.pt" target="_blank" rel="noopener">www.festivaldoarrozcarolino.pt</a></p>
<p>&nbsp;</p>
<p><a href="https://www.cm-benavente.pt/wp-content/uploads/2025/05/fac-coloquio-arroz-1080-completo.jpg"><img fetchpriority="high" decoding="async" class="alignnone size-large wp-image-73003" src="https://www.cm-benavente.pt/wp-content/uploads/2025/05/fac-coloquio-arroz-1080-completo-1024x1024.jpg" alt="" width="800" height="800" srcset="https://www.cm-benavente.pt/wp-content/uploads/2025/05/fac-coloquio-arroz-1080-completo-1024x1024.jpg 1024w, https://www.cm-benavente.pt/wp-content/uploads/2025/05/fac-coloquio-arroz-1080-completo-300x300.jpg 300w, https://www.cm-benavente.pt/wp-content/uploads/2025/05/fac-coloquio-arroz-1080-completo-150x150.jpg 150w, https://www.cm-benavente.pt/wp-content/uploads/2025/05/fac-coloquio-arroz-1080-completo-768x768.jpg 768w, https://www.cm-benavente.pt/wp-content/uploads/2025/05/fac-coloquio-arroz-1080-completo-500x500.jpg 500w, https://www.cm-benavente.pt/wp-content/uploads/2025/05/fac-coloquio-arroz-1080-completo-800x800.jpg 800w, https://www.cm-benavente.pt/wp-content/uploads/2025/05/fac-coloquio-arroz-1080-completo.jpg 1080w" sizes="(max-width: 800px) 100vw, 800px" /></a></p>

<p>Colóquio &#8220;Fileira Orizícola &#8211; Presente e Futuro&#8221; 16 de maio às 15:00h no Centro Cultural de Samora Correia Se quiser saber mais sobre o carolino que dá nome ao nosso Festival, está convidado a participar no Colóquio dinamizado pela Câmara Municipal de Benavente, denominado:  &#8220;O Arroz Carolino das Lezírias Ribatejanas&#8221;. Uma mesa redonda com especialistas [&hellip;]</p>
