{"id":71731,"date":"2025-04-23T08:26:09","date_gmt":"2025-04-23T08:26:09","guid":{"rendered":"https:\/\/www.cm-benavente.pt\/?post_type=mec-events&#038;p=71731"},"modified":"2025-04-23T08:43:05","modified_gmt":"2025-04-23T08:43:05","slug":"palacio-de-portas-abertas-comemoracoes-do-25-de-abril-samora-correia","status":"publish","type":"mec-events","link":"https:\/\/www.cm-benavente.pt\/index.php\/events\/palacio-de-portas-abertas-comemoracoes-do-25-de-abril-samora-correia\/","title":{"rendered":"Pal\u00e1cio de Portas Abertas &#8211; Comemora\u00e7\u00f5es do 25 de Abril &#8211; Samora Correia"},"content":{"rendered":"<p><strong>Pal\u00e1cio de Portas Abertas &#8211; Comemora\u00e7\u00f5es do 25 de Abril &#8211; Samora Correia<\/strong><\/p>\n<p><strong>25 de Abril<\/strong> na Pra\u00e7a da Rep\u00fablica, Samora Correia<\/p>\n<p><strong>Programa:<\/strong><\/p>\n<p>10:00h &#8211; Aula de Zumba pela prof. Patr\u00edcia do gin\u00e1sio FITNESSFACTORY<br \/>\n11:00h &#8211; Demonstra\u00e7\u00e3o de Kempo -ADMSC<br \/>\n11:30h &#8211; Inaugura\u00e7\u00e3o do Posto de Informa\u00e7\u00e3o Turismo<br \/>\n12:00h &#8211; Gin\u00e1stica Acrob\u00e1tica ATENUGISC<br \/>\n14:00h &#8211; Dan\u00e7ar Sevilhanas &#8211; Alma Flamenca\/ Sabor Flamenco<br \/>\n15:00h &#8211; Encontro com MBalango &#8211; Lusofonias<br \/>\n15:15h &#8211; Lan\u00e7amento do livro de poesia de Ana Cl\u00e1udia Santos ULTRA-PASSADO &#8211; Audit\u00f3rio do Pal\u00e1cio do Infantado<br \/>\n15:30h &#8211; Atua\u00e7\u00e3o FIFCA &#8211; Festival Internacional de Folclore, Culturas e Artes<br \/>\n16:00h &#8211; Era uma vez o Cante &#8211; Grupo de Cante Alentejano Vendas Novas<br \/>\n16:30h &#8211; Desfile evocativo 25 Abril com todas as Coletividades, Associa\u00e7\u00f5es e Entidades da Freguesia<br \/>\n17:15h &#8211; Chegada do desfile c\/ atua\u00e7\u00e3o da Banda da SFUS<br \/>\n17:30h &#8211; Concerto Musical com Ana Rita D&#8217;\u00c1gua<br \/>\n18:15h &#8211; Encerramento na pra\u00e7a<\/p>\n<p>Artesanato, jogos de mesa, pintura infantil, bebidas e petiscos.<\/p>\n<p><strong>Entrada gratuita<\/strong><\/p>\n<p><strong>Organiza\u00e7\u00e3o:<\/strong> C\u00e2mara Municipal de Benavente<\/p>\n<p>&nbsp;<\/p>\n<p><a href=\"https:\/\/www.cm-benavente.pt\/wp-content\/uploads\/2025\/04\/Palacio-de-Portas-Abertas-Samora-Correia.jpg\"><img fetchpriority=\"high\" decoding=\"async\" class=\"alignnone size-large wp-image-71732\" src=\"https:\/\/www.cm-benavente.pt\/wp-content\/uploads\/2025\/04\/Palacio-de-Portas-Abertas-Samora-Correia-683x1024.jpg\" alt=\"\" width=\"683\" height=\"1024\" srcset=\"https:\/\/www.cm-benavente.pt\/wp-content\/uploads\/2025\/04\/Palacio-de-Portas-Abertas-Samora-Correia-683x1024.jpg 683w, https:\/\/www.cm-benavente.pt\/wp-content\/uploads\/2025\/04\/Palacio-de-Portas-Abertas-Samora-Correia-200x300.jpg 200w, https:\/\/www.cm-benavente.pt\/wp-content\/uploads\/2025\/04\/Palacio-de-Portas-Abertas-Samora-Correia-768x1152.jpg 768w, https:\/\/www.cm-benavente.pt\/wp-content\/uploads\/2025\/04\/Palacio-de-Portas-Abertas-Samora-Correia-1024x1536.jpg 1024w, https:\/\/www.cm-benavente.pt\/wp-content\/uploads\/2025\/04\/Palacio-de-Portas-Abertas-Samora-Correia-500x750.jpg 500w, https:\/\/www.cm-benavente.pt\/wp-content\/uploads\/2025\/04\/Palacio-de-Portas-Abertas-Samora-Correia-800x1200.jpg 800w, https:\/\/www.cm-benavente.pt\/wp-content\/uploads\/2025\/04\/Palacio-de-Portas-Abertas-Samora-Correia.jpg 1280w\" sizes=\"(max-width: 683px) 100vw, 683px\" \/><\/a><\/p>\n","protected":false},"excerpt":{"rendered":"<p>Pal\u00e1cio de Portas Abertas &#8211; Comemora\u00e7\u00f5es do 25 de Abril &#8211; Samora Correia 25 de Abril na Pra\u00e7a da Rep\u00fablica, Samora Correia Programa: 10:00h &#8211; Aula de Zumba pela prof. Patr\u00edcia do gin\u00e1sio FITNESSFACTORY 11:00h &#8211; Demonstra\u00e7\u00e3o de Kempo -ADMSC 11:30h &#8211; Inaugura\u00e7\u00e3o do Posto de Informa\u00e7\u00e3o Turismo 12:00h &#8211; Gin\u00e1stica Acrob\u00e1tica ATENUGISC 14:00h &#8211; [&hellip;]<\/p>\n","protected":false},"author":3,"featured_media":71736,"comment_status":"closed","ping_status":"closed","template":"","meta":{"_vp_format_video_url":"","_vp_image_focal_point":[]},"tags":[71,2852,1691,57,881,877,794,4,2850,2851,27],"mec_category":[467],"class_list":["post-71731","mec-events","type-mec-events","status-publish","has-post-thumbnail","hentry","tag-25-de-abril","tag-abertas","tag-artes-marciais","tag-danca","tag-desfile","tag-ginastica","tag-literatura","tag-musica","tag-palacio","tag-portas","tag-samora-correia","mec_category-geral"],"_links":{"self":[{"href":"https:\/\/www.cm-benavente.pt\/index.php\/wp-json\/wp\/v2\/mec-events\/71731","targetHints":{"allow":["GET"]}}],"collection":[{"href":"https:\/\/www.cm-benavente.pt\/index.php\/wp-json\/wp\/v2\/mec-events"}],"about":[{"href":"https:\/\/www.cm-benavente.pt\/index.php\/wp-json\/wp\/v2\/types\/mec-events"}],"author":[{"embeddable":true,"href":"https:\/\/www.cm-benavente.pt\/index.php\/wp-json\/wp\/v2\/users\/3"}],"replies":[{"embeddable":true,"href":"https:\/\/www.cm-benavente.pt\/index.php\/wp-json\/wp\/v2\/comments?post=71731"}],"version-history":[{"count":1,"href":"https:\/\/www.cm-benavente.pt\/index.php\/wp-json\/wp\/v2\/mec-events\/71731\/revisions"}],"predecessor-version":[{"id":71734,"href":"https:\/\/www.cm-benavente.pt\/index.php\/wp-json\/wp\/v2\/mec-events\/71731\/revisions\/71734"}],"wp:featuredmedia":[{"embeddable":true,"href":"https:\/\/www.cm-benavente.pt\/index.php\/wp-json\/wp\/v2\/media\/71736"}],"wp:attachment":[{"href":"https:\/\/www.cm-benavente.pt\/index.php\/wp-json\/wp\/v2\/media?parent=71731"}],"wp:term":[{"taxonomy":"post_tag","embeddable":true,"href":"https:\/\/www.cm-benavente.pt\/index.php\/wp-json\/wp\/v2\/tags?post=71731"},{"taxonomy":"mec_category","embeddable":true,"href":"https:\/\/www.cm-benavente.pt\/index.php\/wp-json\/wp\/v2\/mec_category?post=71731"}],"curies":[{"name":"wp","href":"https:\/\/api.w.org\/{rel}","templated":true}]}}

Palácio de Portas Abertas &#8211; Comemorações do 25 de Abril &#8211; Samora Correia

<p><strong>Palácio de Portas Abertas &#8211; Comemorações do 25 de Abril &#8211; Samora Correia</strong></p>
<p><strong>25 de Abril</strong> na Praça da República, Samora Correia</p>
<p><strong>Programa:</strong></p>
<p>10:00h &#8211; Aula de Zumba pela prof. Patrícia do ginásio FITNESSFACTORY<br />
11:00h &#8211; Demonstração de Kempo -ADMSC<br />
11:30h &#8211; Inauguração do Posto de Informação Turismo<br />
12:00h &#8211; Ginástica Acrobática ATENUGISC<br />
14:00h &#8211; Dançar Sevilhanas &#8211; Alma Flamenca/ Sabor Flamenco<br />
15:00h &#8211; Encontro com MBalango &#8211; Lusofonias<br />
15:15h &#8211; Lançamento do livro de poesia de Ana Cláudia Santos ULTRA-PASSADO &#8211; Auditório do Palácio do Infantado<br />
15:30h &#8211; Atuação FIFCA &#8211; Festival Internacional de Folclore, Culturas e Artes<br />
16:00h &#8211; Era uma vez o Cante &#8211; Grupo de Cante Alentejano Vendas Novas<br />
16:30h &#8211; Desfile evocativo 25 Abril com todas as Coletividades, Associações e Entidades da Freguesia<br />
17:15h &#8211; Chegada do desfile c/ atuação da Banda da SFUS<br />
17:30h &#8211; Concerto Musical com Ana Rita D&#8217;Água<br />
18:15h &#8211; Encerramento na praça</p>
<p>Artesanato, jogos de mesa, pintura infantil, bebidas e petiscos.</p>
<p><strong>Entrada gratuita</strong></p>
<p><strong>Organização:</strong> Câmara Municipal de Benavente</p>
<p>&nbsp;</p>
<p><a href="https://www.cm-benavente.pt/wp-content/uploads/2025/04/Palacio-de-Portas-Abertas-Samora-Correia.jpg"><img fetchpriority="high" decoding="async" class="alignnone size-large wp-image-71732" src="https://www.cm-benavente.pt/wp-content/uploads/2025/04/Palacio-de-Portas-Abertas-Samora-Correia-683x1024.jpg" alt="" width="683" height="1024" srcset="https://www.cm-benavente.pt/wp-content/uploads/2025/04/Palacio-de-Portas-Abertas-Samora-Correia-683x1024.jpg 683w, https://www.cm-benavente.pt/wp-content/uploads/2025/04/Palacio-de-Portas-Abertas-Samora-Correia-200x300.jpg 200w, https://www.cm-benavente.pt/wp-content/uploads/2025/04/Palacio-de-Portas-Abertas-Samora-Correia-768x1152.jpg 768w, https://www.cm-benavente.pt/wp-content/uploads/2025/04/Palacio-de-Portas-Abertas-Samora-Correia-1024x1536.jpg 1024w, https://www.cm-benavente.pt/wp-content/uploads/2025/04/Palacio-de-Portas-Abertas-Samora-Correia-500x750.jpg 500w, https://www.cm-benavente.pt/wp-content/uploads/2025/04/Palacio-de-Portas-Abertas-Samora-Correia-800x1200.jpg 800w, https://www.cm-benavente.pt/wp-content/uploads/2025/04/Palacio-de-Portas-Abertas-Samora-Correia.jpg 1280w" sizes="(max-width: 683px) 100vw, 683px" /></a></p>

<p>Palácio de Portas Abertas &#8211; Comemorações do 25 de Abril &#8211; Samora Correia 25 de Abril na Praça da República, Samora Correia Programa: 10:00h &#8211; Aula de Zumba pela prof. Patrícia do ginásio FITNESSFACTORY 11:00h &#8211; Demonstração de Kempo -ADMSC 11:30h &#8211; Inauguração do Posto de Informação Turismo 12:00h &#8211; Ginástica Acrobática ATENUGISC 14:00h &#8211; [&hellip;]</p>
