{"id":71685,"date":"2025-04-22T09:16:59","date_gmt":"2025-04-22T09:16:59","guid":{"rendered":"https:\/\/www.cm-benavente.pt\/?post_type=mec-events&#038;p=71685"},"modified":"2025-04-22T09:33:42","modified_gmt":"2025-04-22T09:33:42","slug":"apresentacao-do-livro-ultra-passado","status":"publish","type":"mec-events","link":"https:\/\/www.cm-benavente.pt\/index.php\/events\/apresentacao-do-livro-ultra-passado\/","title":{"rendered":"Apresenta\u00e7\u00e3o do Livro &#8220;Ultra-Passado&#8221;"},"content":{"rendered":"<p><strong>Apresenta\u00e7\u00e3o do Livro &#8220;Ultra-Passado&#8221;<\/strong> de Ana Cl\u00e1udia Santos<\/p>\n<p><strong>25 de abril \u00e0s 16:00h<\/strong> na Biblioteca Odete e Carlos Gaspar, Samora Correia<\/p>\n<p>No Dia da Liberdade a nossa casa dos livros, em Samora Correia, contar\u00e1 com a presen\u00e7a da poeta Ana Cl\u00e1udia Santos e com a sua mais recente obra &#8220;Ultra-Passado&#8221;.<br \/>\n\u201cUltra-Passado\u201d \u00e9 um livro de poesia sobre a liberdade coletiva e pessoal, fruto do trabalho desenvolvido por Ana Cl\u00e1udia durante as comemora\u00e7\u00f5es oficiais dos 50 anos do 25 de Abril em Benavente. Um ano depois, esta obra \u00e9 a 1.\u00aa publica\u00e7\u00e3o da editora \u201cOF\u00c9LIA\u201d, resultado de uma colabora\u00e7\u00e3o entre Ana Cl\u00e1udia Santos e Simone de Carvalho Martins (editora).<br \/>\nA apresenta\u00e7\u00e3o contar\u00e1 com o Clube de Leitura \u201cTurva Hora Onde\u201d das Bibliotecas Municipais Benavente.<\/p>\n<p><strong>Entrada gratuita<\/strong><\/p>\n<p>&nbsp;<\/p>\n<p><a href=\"https:\/\/www.cm-benavente.pt\/wp-content\/uploads\/2025\/04\/lancamento-livro-ultra-passado.jpg\"><img fetchpriority=\"high\" decoding=\"async\" class=\"alignnone size-large wp-image-71686\" src=\"https:\/\/www.cm-benavente.pt\/wp-content\/uploads\/2025\/04\/lancamento-livro-ultra-passado-1024x1024.jpg\" alt=\"\" width=\"800\" height=\"800\" srcset=\"https:\/\/www.cm-benavente.pt\/wp-content\/uploads\/2025\/04\/lancamento-livro-ultra-passado-1024x1024.jpg 1024w, https:\/\/www.cm-benavente.pt\/wp-content\/uploads\/2025\/04\/lancamento-livro-ultra-passado-300x300.jpg 300w, https:\/\/www.cm-benavente.pt\/wp-content\/uploads\/2025\/04\/lancamento-livro-ultra-passado-150x150.jpg 150w, https:\/\/www.cm-benavente.pt\/wp-content\/uploads\/2025\/04\/lancamento-livro-ultra-passado-768x768.jpg 768w, https:\/\/www.cm-benavente.pt\/wp-content\/uploads\/2025\/04\/lancamento-livro-ultra-passado-500x500.jpg 500w, https:\/\/www.cm-benavente.pt\/wp-content\/uploads\/2025\/04\/lancamento-livro-ultra-passado-800x800.jpg 800w, https:\/\/www.cm-benavente.pt\/wp-content\/uploads\/2025\/04\/lancamento-livro-ultra-passado.jpg 1080w\" sizes=\"(max-width: 800px) 100vw, 800px\" \/><\/a><\/p>\n","protected":false},"excerpt":{"rendered":"<p>Apresenta\u00e7\u00e3o do Livro &#8220;Ultra-Passado&#8221; de Ana Cl\u00e1udia Santos 25 de abril \u00e0s 16:00h na Biblioteca Odete e Carlos Gaspar, Samora Correia No Dia da Liberdade a nossa casa dos livros, em Samora Correia, contar\u00e1 com a presen\u00e7a da poeta Ana Cl\u00e1udia Santos e com a sua mais recente obra &#8220;Ultra-Passado&#8221;. \u201cUltra-Passado\u201d \u00e9 um livro de [&hellip;]<\/p>\n","protected":false},"author":3,"featured_media":71694,"comment_status":"closed","ping_status":"closed","template":"","meta":{"_vp_format_video_url":"","_vp_image_focal_point":[]},"tags":[71,2846,846,83,1337,794,79,1561],"mec_category":[757],"class_list":["post-71685","mec-events","type-mec-events","status-publish","has-post-thumbnail","hentry","tag-25-de-abril","tag-ana-claudia-santos","tag-apresentacao","tag-biblioteca","tag-liberdade","tag-literatura","tag-livro","tag-poesia","mec_category-literatura"],"_links":{"self":[{"href":"https:\/\/www.cm-benavente.pt\/index.php\/wp-json\/wp\/v2\/mec-events\/71685","targetHints":{"allow":["GET"]}}],"collection":[{"href":"https:\/\/www.cm-benavente.pt\/index.php\/wp-json\/wp\/v2\/mec-events"}],"about":[{"href":"https:\/\/www.cm-benavente.pt\/index.php\/wp-json\/wp\/v2\/types\/mec-events"}],"author":[{"embeddable":true,"href":"https:\/\/www.cm-benavente.pt\/index.php\/wp-json\/wp\/v2\/users\/3"}],"replies":[{"embeddable":true,"href":"https:\/\/www.cm-benavente.pt\/index.php\/wp-json\/wp\/v2\/comments?post=71685"}],"version-history":[{"count":1,"href":"https:\/\/www.cm-benavente.pt\/index.php\/wp-json\/wp\/v2\/mec-events\/71685\/revisions"}],"predecessor-version":[{"id":71689,"href":"https:\/\/www.cm-benavente.pt\/index.php\/wp-json\/wp\/v2\/mec-events\/71685\/revisions\/71689"}],"wp:featuredmedia":[{"embeddable":true,"href":"https:\/\/www.cm-benavente.pt\/index.php\/wp-json\/wp\/v2\/media\/71694"}],"wp:attachment":[{"href":"https:\/\/www.cm-benavente.pt\/index.php\/wp-json\/wp\/v2\/media?parent=71685"}],"wp:term":[{"taxonomy":"post_tag","embeddable":true,"href":"https:\/\/www.cm-benavente.pt\/index.php\/wp-json\/wp\/v2\/tags?post=71685"},{"taxonomy":"mec_category","embeddable":true,"href":"https:\/\/www.cm-benavente.pt\/index.php\/wp-json\/wp\/v2\/mec_category?post=71685"}],"curies":[{"name":"wp","href":"https:\/\/api.w.org\/{rel}","templated":true}]}}

Apresentação do Livro &#8220;Ultra-Passado&#8221;

<p><strong>Apresentação do Livro &#8220;Ultra-Passado&#8221;</strong> de Ana Cláudia Santos</p>
<p><strong>25 de abril às 16:00h</strong> na Biblioteca Odete e Carlos Gaspar, Samora Correia</p>
<p>No Dia da Liberdade a nossa casa dos livros, em Samora Correia, contará com a presença da poeta Ana Cláudia Santos e com a sua mais recente obra &#8220;Ultra-Passado&#8221;.<br />
“Ultra-Passado” é um livro de poesia sobre a liberdade coletiva e pessoal, fruto do trabalho desenvolvido por Ana Cláudia durante as comemorações oficiais dos 50 anos do 25 de Abril em Benavente. Um ano depois, esta obra é a 1.ª publicação da editora “OFÉLIA”, resultado de uma colaboração entre Ana Cláudia Santos e Simone de Carvalho Martins (editora).<br />
A apresentação contará com o Clube de Leitura “Turva Hora Onde” das Bibliotecas Municipais Benavente.</p>
<p><strong>Entrada gratuita</strong></p>
<p>&nbsp;</p>
<p><a href="https://www.cm-benavente.pt/wp-content/uploads/2025/04/lancamento-livro-ultra-passado.jpg"><img fetchpriority="high" decoding="async" class="alignnone size-large wp-image-71686" src="https://www.cm-benavente.pt/wp-content/uploads/2025/04/lancamento-livro-ultra-passado-1024x1024.jpg" alt="" width="800" height="800" srcset="https://www.cm-benavente.pt/wp-content/uploads/2025/04/lancamento-livro-ultra-passado-1024x1024.jpg 1024w, https://www.cm-benavente.pt/wp-content/uploads/2025/04/lancamento-livro-ultra-passado-300x300.jpg 300w, https://www.cm-benavente.pt/wp-content/uploads/2025/04/lancamento-livro-ultra-passado-150x150.jpg 150w, https://www.cm-benavente.pt/wp-content/uploads/2025/04/lancamento-livro-ultra-passado-768x768.jpg 768w, https://www.cm-benavente.pt/wp-content/uploads/2025/04/lancamento-livro-ultra-passado-500x500.jpg 500w, https://www.cm-benavente.pt/wp-content/uploads/2025/04/lancamento-livro-ultra-passado-800x800.jpg 800w, https://www.cm-benavente.pt/wp-content/uploads/2025/04/lancamento-livro-ultra-passado.jpg 1080w" sizes="(max-width: 800px) 100vw, 800px" /></a></p>

<p>Apresentação do Livro &#8220;Ultra-Passado&#8221; de Ana Cláudia Santos 25 de abril às 16:00h na Biblioteca Odete e Carlos Gaspar, Samora Correia No Dia da Liberdade a nossa casa dos livros, em Samora Correia, contará com a presença da poeta Ana Cláudia Santos e com a sua mais recente obra &#8220;Ultra-Passado&#8221;. “Ultra-Passado” é um livro de [&hellip;]</p>
