{"id":70114,"date":"2025-04-01T14:20:47","date_gmt":"2025-04-01T14:20:47","guid":{"rendered":"https:\/\/www.cm-benavente.pt\/?post_type=mec-events&#038;p=70114"},"modified":"2025-04-01T14:20:47","modified_gmt":"2025-04-01T14:20:47","slug":"passeio-de-cicloturismo-foral-de-samora-correia","status":"publish","type":"mec-events","link":"https:\/\/www.cm-benavente.pt\/index.php\/events\/passeio-de-cicloturismo-foral-de-samora-correia\/","title":{"rendered":"Passeio de Cicloturismo &#8211; Foral de Samora Correia"},"content":{"rendered":"<p><strong>Passeio de Cicloturismo &#8211; Foral de Samora Correia<\/strong><\/p>\n<p><strong>13 de abril \u00e0s 09:00h<\/strong> na Zona Ribeirinha de Samora Correia<\/p>\n<p>A Zona Ribeirinha de Samora \u00e9 o local de concentra\u00e7\u00e3o de dezenas de ciclistas que se juntam para participar em mais um Passeio de Ciclismo integrado nas Comemora\u00e7\u00f5es do Foral de Samora Correia.<\/p>\n<p><strong>Inscri\u00e7\u00f5es:<\/strong> at\u00e9 10 de abril na Junta de Freguesia de Samora Correia (<a href=\"mailto:secretaria@freguesiadesamoracorreia.pt\">secretaria@freguesiadesamoracorreia.pt<\/a> e <a href=\"tel:263650670\">263 650 670<\/a>) ou Setor do Fomento Desportivo da CMB (<a href=\"mailto:desporto@cm-benavente.pt\">desporto@cm-benavente.pt<\/a> ou <a href=\"tel:263519682\">263 519 682<\/a>)<\/p>\n<p><strong>Organiza\u00e7\u00e3o:<\/strong> Junta de Freguesia de Samora Correia<\/p>\n<p>&nbsp;<\/p>\n<p><a href=\"https:\/\/www.cm-benavente.pt\/wp-content\/uploads\/2025\/04\/passeio-cicloturismo.jpg\"><img fetchpriority=\"high\" decoding=\"async\" class=\"alignnone size-large wp-image-70115\" src=\"https:\/\/www.cm-benavente.pt\/wp-content\/uploads\/2025\/04\/passeio-cicloturismo-724x1024.jpg\" alt=\"\" width=\"724\" height=\"1024\" srcset=\"https:\/\/www.cm-benavente.pt\/wp-content\/uploads\/2025\/04\/passeio-cicloturismo-724x1024.jpg 724w, https:\/\/www.cm-benavente.pt\/wp-content\/uploads\/2025\/04\/passeio-cicloturismo-212x300.jpg 212w, https:\/\/www.cm-benavente.pt\/wp-content\/uploads\/2025\/04\/passeio-cicloturismo-768x1086.jpg 768w, https:\/\/www.cm-benavente.pt\/wp-content\/uploads\/2025\/04\/passeio-cicloturismo-1086x1536.jpg 1086w, https:\/\/www.cm-benavente.pt\/wp-content\/uploads\/2025\/04\/passeio-cicloturismo-500x707.jpg 500w, https:\/\/www.cm-benavente.pt\/wp-content\/uploads\/2025\/04\/passeio-cicloturismo-800x1132.jpg 800w, https:\/\/www.cm-benavente.pt\/wp-content\/uploads\/2025\/04\/passeio-cicloturismo.jpg 1131w\" sizes=\"(max-width: 724px) 100vw, 724px\" \/><\/a><\/p>\n","protected":false},"excerpt":{"rendered":"<p>Passeio de Cicloturismo &#8211; Foral de Samora Correia 13 de abril \u00e0s 09:00h na Zona Ribeirinha de Samora Correia A Zona Ribeirinha de Samora \u00e9 o local de concentra\u00e7\u00e3o de dezenas de ciclistas que se juntam para participar em mais um Passeio de Ciclismo integrado nas Comemora\u00e7\u00f5es do Foral de Samora Correia. Inscri\u00e7\u00f5es: at\u00e9 10 [&hellip;]<\/p>\n","protected":false},"author":3,"featured_media":70116,"comment_status":"closed","ping_status":"closed","template":"","meta":{"_vp_format_video_url":"","_vp_image_focal_point":[]},"tags":[1006,1160,124,100,110,27],"mec_category":[472],"class_list":["post-70114","mec-events","type-mec-events","status-publish","has-post-thumbnail","hentry","tag-bicicleta","tag-cicloturismo","tag-desporto","tag-foral","tag-passeio","tag-samora-correia","mec_category-desporto"],"_links":{"self":[{"href":"https:\/\/www.cm-benavente.pt\/index.php\/wp-json\/wp\/v2\/mec-events\/70114","targetHints":{"allow":["GET"]}}],"collection":[{"href":"https:\/\/www.cm-benavente.pt\/index.php\/wp-json\/wp\/v2\/mec-events"}],"about":[{"href":"https:\/\/www.cm-benavente.pt\/index.php\/wp-json\/wp\/v2\/types\/mec-events"}],"author":[{"embeddable":true,"href":"https:\/\/www.cm-benavente.pt\/index.php\/wp-json\/wp\/v2\/users\/3"}],"replies":[{"embeddable":true,"href":"https:\/\/www.cm-benavente.pt\/index.php\/wp-json\/wp\/v2\/comments?post=70114"}],"version-history":[{"count":1,"href":"https:\/\/www.cm-benavente.pt\/index.php\/wp-json\/wp\/v2\/mec-events\/70114\/revisions"}],"predecessor-version":[{"id":70117,"href":"https:\/\/www.cm-benavente.pt\/index.php\/wp-json\/wp\/v2\/mec-events\/70114\/revisions\/70117"}],"wp:featuredmedia":[{"embeddable":true,"href":"https:\/\/www.cm-benavente.pt\/index.php\/wp-json\/wp\/v2\/media\/70116"}],"wp:attachment":[{"href":"https:\/\/www.cm-benavente.pt\/index.php\/wp-json\/wp\/v2\/media?parent=70114"}],"wp:term":[{"taxonomy":"post_tag","embeddable":true,"href":"https:\/\/www.cm-benavente.pt\/index.php\/wp-json\/wp\/v2\/tags?post=70114"},{"taxonomy":"mec_category","embeddable":true,"href":"https:\/\/www.cm-benavente.pt\/index.php\/wp-json\/wp\/v2\/mec_category?post=70114"}],"curies":[{"name":"wp","href":"https:\/\/api.w.org\/{rel}","templated":true}]}}

<p><strong>Passeio de Cicloturismo &#8211; Foral de Samora Correia</strong></p>
<p><strong>13 de abril às 09:00h</strong> na Zona Ribeirinha de Samora Correia</p>
<p>A Zona Ribeirinha de Samora é o local de concentração de dezenas de ciclistas que se juntam para participar em mais um Passeio de Ciclismo integrado nas Comemorações do Foral de Samora Correia.</p>
<p><strong>Inscrições:</strong> até 10 de abril na Junta de Freguesia de Samora Correia (<a href="mailto:secretaria@freguesiadesamoracorreia.pt">secretaria@freguesiadesamoracorreia.pt</a> e <a href="tel:263650670">263 650 670</a>) ou Setor do Fomento Desportivo da CMB (<a href="mailto:desporto@cm-benavente.pt">desporto@cm-benavente.pt</a> ou <a href="tel:263519682">263 519 682</a>)</p>
<p><strong>Organização:</strong> Junta de Freguesia de Samora Correia</p>
<p>&nbsp;</p>
<p><a href="https://www.cm-benavente.pt/wp-content/uploads/2025/04/passeio-cicloturismo.jpg"><img fetchpriority="high" decoding="async" class="alignnone size-large wp-image-70115" src="https://www.cm-benavente.pt/wp-content/uploads/2025/04/passeio-cicloturismo-724x1024.jpg" alt="" width="724" height="1024" srcset="https://www.cm-benavente.pt/wp-content/uploads/2025/04/passeio-cicloturismo-724x1024.jpg 724w, https://www.cm-benavente.pt/wp-content/uploads/2025/04/passeio-cicloturismo-212x300.jpg 212w, https://www.cm-benavente.pt/wp-content/uploads/2025/04/passeio-cicloturismo-768x1086.jpg 768w, https://www.cm-benavente.pt/wp-content/uploads/2025/04/passeio-cicloturismo-1086x1536.jpg 1086w, https://www.cm-benavente.pt/wp-content/uploads/2025/04/passeio-cicloturismo-500x707.jpg 500w, https://www.cm-benavente.pt/wp-content/uploads/2025/04/passeio-cicloturismo-800x1132.jpg 800w, https://www.cm-benavente.pt/wp-content/uploads/2025/04/passeio-cicloturismo.jpg 1131w" sizes="(max-width: 724px) 100vw, 724px" /></a></p>

<p>Passeio de Cicloturismo &#8211; Foral de Samora Correia 13 de abril às 09:00h na Zona Ribeirinha de Samora Correia A Zona Ribeirinha de Samora é o local de concentração de dezenas de ciclistas que se juntam para participar em mais um Passeio de Ciclismo integrado nas Comemorações do Foral de Samora Correia. Inscrições: até 10 [&hellip;]</p>
