{"id":69598,"date":"2025-03-26T16:03:24","date_gmt":"2025-03-26T16:03:24","guid":{"rendered":"https:\/\/www.cm-benavente.pt\/?post_type=mec-events&#038;p=69598"},"modified":"2025-03-26T16:03:24","modified_gmt":"2025-03-26T16:03:24","slug":"gala-do-foral-de-samora-correia-2","status":"publish","type":"mec-events","link":"https:\/\/www.cm-benavente.pt\/index.php\/events\/gala-do-foral-de-samora-correia-2\/","title":{"rendered":"Gala do Foral de Samora Correia"},"content":{"rendered":"<p><strong>Gala do Foral de Samora Correia<\/strong><\/p>\n<p><strong>05 de abril \u00e0s 21:30h<\/strong> no Centro Cultural de Samora Correia<\/p>\n<p>Comemoram-se este ano 515 anos do Foral de Samora Correia. Com produ\u00e7\u00e3o da Associa\u00e7\u00e3o Teatral Revisteiros este espet\u00e1culo acontece no palco do Centro Cultural de Samora Correia e \u00e9 organizado pela Junta de Freguesia de Samora Correia.<\/p>\n<p><strong>Entradas:<\/strong> dispon\u00edveis no hor\u00e1rio de funcionamento da bilheteira do Centro Cultural, a partir de 01 de abril. Limitado a dois bilhetes por pessoa.<\/p>\n<p><strong>Organiza\u00e7\u00e3o:<\/strong> Junta de Freguesia de Samora Correia<\/p>\n<p>&nbsp;<\/p>\n<p><a href=\"https:\/\/www.cm-benavente.pt\/wp-content\/uploads\/2025\/03\/gala-foral-samora-correia.jpg\"><img fetchpriority=\"high\" decoding=\"async\" class=\"alignnone size-large wp-image-69599\" src=\"https:\/\/www.cm-benavente.pt\/wp-content\/uploads\/2025\/03\/gala-foral-samora-correia-724x1024.jpg\" alt=\"\" width=\"724\" height=\"1024\" srcset=\"https:\/\/www.cm-benavente.pt\/wp-content\/uploads\/2025\/03\/gala-foral-samora-correia-724x1024.jpg 724w, https:\/\/www.cm-benavente.pt\/wp-content\/uploads\/2025\/03\/gala-foral-samora-correia-212x300.jpg 212w, https:\/\/www.cm-benavente.pt\/wp-content\/uploads\/2025\/03\/gala-foral-samora-correia-768x1086.jpg 768w, https:\/\/www.cm-benavente.pt\/wp-content\/uploads\/2025\/03\/gala-foral-samora-correia-1086x1536.jpg 1086w, https:\/\/www.cm-benavente.pt\/wp-content\/uploads\/2025\/03\/gala-foral-samora-correia-500x707.jpg 500w, https:\/\/www.cm-benavente.pt\/wp-content\/uploads\/2025\/03\/gala-foral-samora-correia-800x1132.jpg 800w, https:\/\/www.cm-benavente.pt\/wp-content\/uploads\/2025\/03\/gala-foral-samora-correia.jpg 1131w\" sizes=\"(max-width: 724px) 100vw, 724px\" \/><\/a><\/p>\n","protected":false},"excerpt":{"rendered":"<p>Gala do Foral de Samora Correia 05 de abril \u00e0s 21:30h no Centro Cultural de Samora Correia Comemoram-se este ano 515 anos do Foral de Samora Correia. Com produ\u00e7\u00e3o da Associa\u00e7\u00e3o Teatral Revisteiros este espet\u00e1culo acontece no palco do Centro Cultural de Samora Correia e \u00e9 organizado pela Junta de Freguesia de Samora Correia. Entradas: [&hellip;]<\/p>\n","protected":false},"author":3,"featured_media":69600,"comment_status":"closed","ping_status":"closed","template":"","meta":{"_vp_format_video_url":"","_vp_image_focal_point":[]},"tags":[100,94,340,2757,27],"mec_category":[467],"class_list":["post-69598","mec-events","type-mec-events","status-publish","has-post-thumbnail","hentry","tag-foral","tag-gala","tag-junta-de-freguesia","tag-revisteiros-teatro","tag-samora-correia","mec_category-geral"],"_links":{"self":[{"href":"https:\/\/www.cm-benavente.pt\/index.php\/wp-json\/wp\/v2\/mec-events\/69598","targetHints":{"allow":["GET"]}}],"collection":[{"href":"https:\/\/www.cm-benavente.pt\/index.php\/wp-json\/wp\/v2\/mec-events"}],"about":[{"href":"https:\/\/www.cm-benavente.pt\/index.php\/wp-json\/wp\/v2\/types\/mec-events"}],"author":[{"embeddable":true,"href":"https:\/\/www.cm-benavente.pt\/index.php\/wp-json\/wp\/v2\/users\/3"}],"replies":[{"embeddable":true,"href":"https:\/\/www.cm-benavente.pt\/index.php\/wp-json\/wp\/v2\/comments?post=69598"}],"version-history":[{"count":1,"href":"https:\/\/www.cm-benavente.pt\/index.php\/wp-json\/wp\/v2\/mec-events\/69598\/revisions"}],"predecessor-version":[{"id":69601,"href":"https:\/\/www.cm-benavente.pt\/index.php\/wp-json\/wp\/v2\/mec-events\/69598\/revisions\/69601"}],"wp:featuredmedia":[{"embeddable":true,"href":"https:\/\/www.cm-benavente.pt\/index.php\/wp-json\/wp\/v2\/media\/69600"}],"wp:attachment":[{"href":"https:\/\/www.cm-benavente.pt\/index.php\/wp-json\/wp\/v2\/media?parent=69598"}],"wp:term":[{"taxonomy":"post_tag","embeddable":true,"href":"https:\/\/www.cm-benavente.pt\/index.php\/wp-json\/wp\/v2\/tags?post=69598"},{"taxonomy":"mec_category","embeddable":true,"href":"https:\/\/www.cm-benavente.pt\/index.php\/wp-json\/wp\/v2\/mec_category?post=69598"}],"curies":[{"name":"wp","href":"https:\/\/api.w.org\/{rel}","templated":true}]}}

<p><strong>Gala do Foral de Samora Correia</strong></p>
<p><strong>05 de abril às 21:30h</strong> no Centro Cultural de Samora Correia</p>
<p>Comemoram-se este ano 515 anos do Foral de Samora Correia. Com produção da Associação Teatral Revisteiros este espetáculo acontece no palco do Centro Cultural de Samora Correia e é organizado pela Junta de Freguesia de Samora Correia.</p>
<p><strong>Entradas:</strong> disponíveis no horário de funcionamento da bilheteira do Centro Cultural, a partir de 01 de abril. Limitado a dois bilhetes por pessoa.</p>
<p><strong>Organização:</strong> Junta de Freguesia de Samora Correia</p>
<p>&nbsp;</p>
<p><a href="https://www.cm-benavente.pt/wp-content/uploads/2025/03/gala-foral-samora-correia.jpg"><img fetchpriority="high" decoding="async" class="alignnone size-large wp-image-69599" src="https://www.cm-benavente.pt/wp-content/uploads/2025/03/gala-foral-samora-correia-724x1024.jpg" alt="" width="724" height="1024" srcset="https://www.cm-benavente.pt/wp-content/uploads/2025/03/gala-foral-samora-correia-724x1024.jpg 724w, https://www.cm-benavente.pt/wp-content/uploads/2025/03/gala-foral-samora-correia-212x300.jpg 212w, https://www.cm-benavente.pt/wp-content/uploads/2025/03/gala-foral-samora-correia-768x1086.jpg 768w, https://www.cm-benavente.pt/wp-content/uploads/2025/03/gala-foral-samora-correia-1086x1536.jpg 1086w, https://www.cm-benavente.pt/wp-content/uploads/2025/03/gala-foral-samora-correia-500x707.jpg 500w, https://www.cm-benavente.pt/wp-content/uploads/2025/03/gala-foral-samora-correia-800x1132.jpg 800w, https://www.cm-benavente.pt/wp-content/uploads/2025/03/gala-foral-samora-correia.jpg 1131w" sizes="(max-width: 724px) 100vw, 724px" /></a></p>

<p>Gala do Foral de Samora Correia 05 de abril às 21:30h no Centro Cultural de Samora Correia Comemoram-se este ano 515 anos do Foral de Samora Correia. Com produção da Associação Teatral Revisteiros este espetáculo acontece no palco do Centro Cultural de Samora Correia e é organizado pela Junta de Freguesia de Samora Correia. Entradas: [&hellip;]</p>
