{"id":68504,"date":"2025-03-11T11:41:39","date_gmt":"2025-03-11T11:41:39","guid":{"rendered":"https:\/\/www.cm-benavente.pt\/?post_type=mec-events&#038;p=68504"},"modified":"2025-03-11T11:41:39","modified_gmt":"2025-03-11T11:41:39","slug":"festiflamenco-2025","status":"publish","type":"mec-events","link":"https:\/\/www.cm-benavente.pt\/index.php\/events\/festiflamenco-2025\/","title":{"rendered":"Festiflamenco 2025"},"content":{"rendered":"<p><strong>Festiflamenco 2025<\/strong><\/p>\n<p><strong>15 de mar\u00e7o \u00e0s 21:30h<\/strong> no Centro Cultural de Samora Correia<\/p>\n<p>Grupos convidados:<\/p>\n<ul>\n<li>Garnacha<\/li>\n<li>Siempre a Bailar<\/li>\n<li>Sevilhanas do Aposento do Barrete Verde de Alcochete<\/li>\n<\/ul>\n<p>&nbsp;<\/p>\n<p><strong>Informa\u00e7\u00f5es e reservas<\/strong> por mensagem pelo n\u00famero <a href=\"tel:912671243\">912 671 243<\/a><\/p>\n<p><strong>Organiza\u00e7\u00e3o: <\/strong>Grupo Sabor Flamenco Atenugisc<\/p>\n<p>&nbsp;<\/p>\n<p><a href=\"https:\/\/www.cm-benavente.pt\/wp-content\/uploads\/2025\/03\/festiflamenco-2025.jpg\"><img fetchpriority=\"high\" decoding=\"async\" class=\"alignnone size-large wp-image-68505\" src=\"https:\/\/www.cm-benavente.pt\/wp-content\/uploads\/2025\/03\/festiflamenco-2025-1024x1024.jpg\" alt=\"\" width=\"800\" height=\"800\" srcset=\"https:\/\/www.cm-benavente.pt\/wp-content\/uploads\/2025\/03\/festiflamenco-2025-1024x1024.jpg 1024w, https:\/\/www.cm-benavente.pt\/wp-content\/uploads\/2025\/03\/festiflamenco-2025-300x300.jpg 300w, https:\/\/www.cm-benavente.pt\/wp-content\/uploads\/2025\/03\/festiflamenco-2025-150x150.jpg 150w, https:\/\/www.cm-benavente.pt\/wp-content\/uploads\/2025\/03\/festiflamenco-2025-768x768.jpg 768w, https:\/\/www.cm-benavente.pt\/wp-content\/uploads\/2025\/03\/festiflamenco-2025-500x500.jpg 500w, https:\/\/www.cm-benavente.pt\/wp-content\/uploads\/2025\/03\/festiflamenco-2025-800x800.jpg 800w, https:\/\/www.cm-benavente.pt\/wp-content\/uploads\/2025\/03\/festiflamenco-2025.jpg 1080w\" sizes=\"(max-width: 800px) 100vw, 800px\" \/><\/a><\/p>\n","protected":false},"excerpt":{"rendered":"<p>Festiflamenco 2025 15 de mar\u00e7o \u00e0s 21:30h no Centro Cultural de Samora Correia Grupos convidados: Garnacha Siempre a Bailar Sevilhanas do Aposento do Barrete Verde de Alcochete &nbsp; Informa\u00e7\u00f5es e reservas por mensagem pelo n\u00famero 912 671 243 Organiza\u00e7\u00e3o: Grupo Sabor Flamenco Atenugisc &nbsp;<\/p>\n","protected":false},"author":3,"featured_media":68506,"comment_status":"closed","ping_status":"closed","template":"","meta":{"_vp_format_video_url":"","_vp_image_focal_point":[]},"tags":[878,5,57,1077,1076,27,1001],"mec_category":[833],"class_list":["post-68504","mec-events","type-mec-events","status-publish","has-post-thumbnail","hentry","tag-atenugisc","tag-cultura","tag-danca","tag-flamenco","tag-sabor-flamenco","tag-samora-correia","tag-sevilhanas","mec_category-danca"],"_links":{"self":[{"href":"https:\/\/www.cm-benavente.pt\/index.php\/wp-json\/wp\/v2\/mec-events\/68504","targetHints":{"allow":["GET"]}}],"collection":[{"href":"https:\/\/www.cm-benavente.pt\/index.php\/wp-json\/wp\/v2\/mec-events"}],"about":[{"href":"https:\/\/www.cm-benavente.pt\/index.php\/wp-json\/wp\/v2\/types\/mec-events"}],"author":[{"embeddable":true,"href":"https:\/\/www.cm-benavente.pt\/index.php\/wp-json\/wp\/v2\/users\/3"}],"replies":[{"embeddable":true,"href":"https:\/\/www.cm-benavente.pt\/index.php\/wp-json\/wp\/v2\/comments?post=68504"}],"version-history":[{"count":1,"href":"https:\/\/www.cm-benavente.pt\/index.php\/wp-json\/wp\/v2\/mec-events\/68504\/revisions"}],"predecessor-version":[{"id":68507,"href":"https:\/\/www.cm-benavente.pt\/index.php\/wp-json\/wp\/v2\/mec-events\/68504\/revisions\/68507"}],"wp:featuredmedia":[{"embeddable":true,"href":"https:\/\/www.cm-benavente.pt\/index.php\/wp-json\/wp\/v2\/media\/68506"}],"wp:attachment":[{"href":"https:\/\/www.cm-benavente.pt\/index.php\/wp-json\/wp\/v2\/media?parent=68504"}],"wp:term":[{"taxonomy":"post_tag","embeddable":true,"href":"https:\/\/www.cm-benavente.pt\/index.php\/wp-json\/wp\/v2\/tags?post=68504"},{"taxonomy":"mec_category","embeddable":true,"href":"https:\/\/www.cm-benavente.pt\/index.php\/wp-json\/wp\/v2\/mec_category?post=68504"}],"curies":[{"name":"wp","href":"https:\/\/api.w.org\/{rel}","templated":true}]}}

<p><strong>Festiflamenco 2025</strong></p>
<p><strong>15 de março às 21:30h</strong> no Centro Cultural de Samora Correia</p>
<p>Grupos convidados:</p>
<ul>
<li>Garnacha</li>
<li>Siempre a Bailar</li>
<li>Sevilhanas do Aposento do Barrete Verde de Alcochete</li>
</ul>
<p>&nbsp;</p>
<p><strong>Informações e reservas</strong> por mensagem pelo número <a href="tel:912671243">912 671 243</a></p>
<p><strong>Organização: </strong>Grupo Sabor Flamenco Atenugisc</p>
<p>&nbsp;</p>
<p><a href="https://www.cm-benavente.pt/wp-content/uploads/2025/03/festiflamenco-2025.jpg"><img fetchpriority="high" decoding="async" class="alignnone size-large wp-image-68505" src="https://www.cm-benavente.pt/wp-content/uploads/2025/03/festiflamenco-2025-1024x1024.jpg" alt="" width="800" height="800" srcset="https://www.cm-benavente.pt/wp-content/uploads/2025/03/festiflamenco-2025-1024x1024.jpg 1024w, https://www.cm-benavente.pt/wp-content/uploads/2025/03/festiflamenco-2025-300x300.jpg 300w, https://www.cm-benavente.pt/wp-content/uploads/2025/03/festiflamenco-2025-150x150.jpg 150w, https://www.cm-benavente.pt/wp-content/uploads/2025/03/festiflamenco-2025-768x768.jpg 768w, https://www.cm-benavente.pt/wp-content/uploads/2025/03/festiflamenco-2025-500x500.jpg 500w, https://www.cm-benavente.pt/wp-content/uploads/2025/03/festiflamenco-2025-800x800.jpg 800w, https://www.cm-benavente.pt/wp-content/uploads/2025/03/festiflamenco-2025.jpg 1080w" sizes="(max-width: 800px) 100vw, 800px" /></a></p>

<p>Festiflamenco 2025 15 de março às 21:30h no Centro Cultural de Samora Correia Grupos convidados: Garnacha Siempre a Bailar Sevilhanas do Aposento do Barrete Verde de Alcochete &nbsp; Informações e reservas por mensagem pelo número 912 671 243 Organização: Grupo Sabor Flamenco Atenugisc &nbsp;</p>
