{"id":68496,"date":"2025-03-11T11:23:38","date_gmt":"2025-03-11T11:23:38","guid":{"rendered":"https:\/\/www.cm-benavente.pt\/?post_type=mec-events&#038;p=68496"},"modified":"2025-03-11T11:23:38","modified_gmt":"2025-03-11T11:23:38","slug":"campeonato-regional-de-boccia","status":"publish","type":"mec-events","link":"https:\/\/www.cm-benavente.pt\/index.php\/events\/campeonato-regional-de-boccia\/","title":{"rendered":"Campeonato Regional de Boccia"},"content":{"rendered":"<p><strong>Campeonato Regional de Boccia<\/strong><\/p>\n<p><strong>15 e 16 mar\u00e7o \u00e0s 09:30h<\/strong> no Pavilh\u00e3o Terra Tejo, Benavente<\/p>\n<p>Campeonato de Pares &amp; Equipas &#8211; Zona Centro, Sul e Ilhas<\/p>\n<p><strong>Organiza\u00e7\u00e3o:<\/strong> APCAS &#8211; Associa\u00e7\u00e3o de Paralisia Cerebral de Almada Seixal<\/p>\n<p>&nbsp;<\/p>\n<p><a href=\"https:\/\/www.cm-benavente.pt\/wp-content\/uploads\/2025\/03\/campeonato-regional-boccia.jpg\"><img fetchpriority=\"high\" decoding=\"async\" class=\"alignnone size-large wp-image-68498\" src=\"https:\/\/www.cm-benavente.pt\/wp-content\/uploads\/2025\/03\/campeonato-regional-boccia-724x1024.jpg\" alt=\"\" width=\"724\" height=\"1024\" srcset=\"https:\/\/www.cm-benavente.pt\/wp-content\/uploads\/2025\/03\/campeonato-regional-boccia-724x1024.jpg 724w, https:\/\/www.cm-benavente.pt\/wp-content\/uploads\/2025\/03\/campeonato-regional-boccia-212x300.jpg 212w, https:\/\/www.cm-benavente.pt\/wp-content\/uploads\/2025\/03\/campeonato-regional-boccia-768x1086.jpg 768w, https:\/\/www.cm-benavente.pt\/wp-content\/uploads\/2025\/03\/campeonato-regional-boccia-1086x1536.jpg 1086w, https:\/\/www.cm-benavente.pt\/wp-content\/uploads\/2025\/03\/campeonato-regional-boccia-500x707.jpg 500w, https:\/\/www.cm-benavente.pt\/wp-content\/uploads\/2025\/03\/campeonato-regional-boccia-800x1132.jpg 800w, https:\/\/www.cm-benavente.pt\/wp-content\/uploads\/2025\/03\/campeonato-regional-boccia-1280x1810.jpg 1280w, https:\/\/www.cm-benavente.pt\/wp-content\/uploads\/2025\/03\/campeonato-regional-boccia.jpg 1414w\" sizes=\"(max-width: 724px) 100vw, 724px\" \/><\/a><\/p>\n","protected":false},"excerpt":{"rendered":"<p>Campeonato Regional de Boccia 15 e 16 mar\u00e7o \u00e0s 09:30h no Pavilh\u00e3o Terra Tejo, Benavente Campeonato de Pares &amp; Equipas &#8211; Zona Centro, Sul e Ilhas Organiza\u00e7\u00e3o: APCAS &#8211; Associa\u00e7\u00e3o de Paralisia Cerebral de Almada Seixal &nbsp;<\/p>\n","protected":false},"author":3,"featured_media":68497,"comment_status":"closed","ping_status":"closed","template":"","meta":{"_vp_format_video_url":"","_vp_image_focal_point":[]},"tags":[2675,996,997,124,998,384],"mec_category":[472],"class_list":["post-68496","mec-events","type-mec-events","status-publish","has-post-thumbnail","hentry","tag-apcas","tag-boccia","tag-campeonato","tag-desporto","tag-paralisia-cerebral","tag-regional","mec_category-desporto"],"_links":{"self":[{"href":"https:\/\/www.cm-benavente.pt\/index.php\/wp-json\/wp\/v2\/mec-events\/68496","targetHints":{"allow":["GET"]}}],"collection":[{"href":"https:\/\/www.cm-benavente.pt\/index.php\/wp-json\/wp\/v2\/mec-events"}],"about":[{"href":"https:\/\/www.cm-benavente.pt\/index.php\/wp-json\/wp\/v2\/types\/mec-events"}],"author":[{"embeddable":true,"href":"https:\/\/www.cm-benavente.pt\/index.php\/wp-json\/wp\/v2\/users\/3"}],"replies":[{"embeddable":true,"href":"https:\/\/www.cm-benavente.pt\/index.php\/wp-json\/wp\/v2\/comments?post=68496"}],"version-history":[{"count":1,"href":"https:\/\/www.cm-benavente.pt\/index.php\/wp-json\/wp\/v2\/mec-events\/68496\/revisions"}],"predecessor-version":[{"id":68499,"href":"https:\/\/www.cm-benavente.pt\/index.php\/wp-json\/wp\/v2\/mec-events\/68496\/revisions\/68499"}],"wp:featuredmedia":[{"embeddable":true,"href":"https:\/\/www.cm-benavente.pt\/index.php\/wp-json\/wp\/v2\/media\/68497"}],"wp:attachment":[{"href":"https:\/\/www.cm-benavente.pt\/index.php\/wp-json\/wp\/v2\/media?parent=68496"}],"wp:term":[{"taxonomy":"post_tag","embeddable":true,"href":"https:\/\/www.cm-benavente.pt\/index.php\/wp-json\/wp\/v2\/tags?post=68496"},{"taxonomy":"mec_category","embeddable":true,"href":"https:\/\/www.cm-benavente.pt\/index.php\/wp-json\/wp\/v2\/mec_category?post=68496"}],"curies":[{"name":"wp","href":"https:\/\/api.w.org\/{rel}","templated":true}]}}

<p><strong>Campeonato Regional de Boccia</strong></p>
<p><strong>15 e 16 março às 09:30h</strong> no Pavilhão Terra Tejo, Benavente</p>
<p>Campeonato de Pares &amp; Equipas &#8211; Zona Centro, Sul e Ilhas</p>
<p><strong>Organização:</strong> APCAS &#8211; Associação de Paralisia Cerebral de Almada Seixal</p>
<p>&nbsp;</p>
<p><a href="https://www.cm-benavente.pt/wp-content/uploads/2025/03/campeonato-regional-boccia.jpg"><img fetchpriority="high" decoding="async" class="alignnone size-large wp-image-68498" src="https://www.cm-benavente.pt/wp-content/uploads/2025/03/campeonato-regional-boccia-724x1024.jpg" alt="" width="724" height="1024" srcset="https://www.cm-benavente.pt/wp-content/uploads/2025/03/campeonato-regional-boccia-724x1024.jpg 724w, https://www.cm-benavente.pt/wp-content/uploads/2025/03/campeonato-regional-boccia-212x300.jpg 212w, https://www.cm-benavente.pt/wp-content/uploads/2025/03/campeonato-regional-boccia-768x1086.jpg 768w, https://www.cm-benavente.pt/wp-content/uploads/2025/03/campeonato-regional-boccia-1086x1536.jpg 1086w, https://www.cm-benavente.pt/wp-content/uploads/2025/03/campeonato-regional-boccia-500x707.jpg 500w, https://www.cm-benavente.pt/wp-content/uploads/2025/03/campeonato-regional-boccia-800x1132.jpg 800w, https://www.cm-benavente.pt/wp-content/uploads/2025/03/campeonato-regional-boccia-1280x1810.jpg 1280w, https://www.cm-benavente.pt/wp-content/uploads/2025/03/campeonato-regional-boccia.jpg 1414w" sizes="(max-width: 724px) 100vw, 724px" /></a></p>

<p>Campeonato Regional de Boccia 15 e 16 março às 09:30h no Pavilhão Terra Tejo, Benavente Campeonato de Pares &amp; Equipas &#8211; Zona Centro, Sul e Ilhas Organização: APCAS &#8211; Associação de Paralisia Cerebral de Almada Seixal &nbsp;</p>
