{"id":67597,"date":"2025-03-03T14:58:09","date_gmt":"2025-03-03T14:58:09","guid":{"rendered":"https:\/\/www.cm-benavente.pt\/?post_type=mec-events&#038;p=67597"},"modified":"2025-03-03T14:58:09","modified_gmt":"2025-03-03T14:58:09","slug":"oficina-de-pintura-colaborativa-reuniao-de-cores","status":"publish","type":"mec-events","link":"https:\/\/www.cm-benavente.pt\/index.php\/events\/oficina-de-pintura-colaborativa-reuniao-de-cores\/","title":{"rendered":"Oficina de Pintura colaborativa &#8220;Reuni\u00e3o de Cores&#8221;"},"content":{"rendered":"<p><strong>Oficina de Pintura colaborativa &#8220;Reuni\u00e3o de Cores&#8221;<\/strong><\/p>\n<p><strong>15 de mar\u00e7o \u00e0s 15:00h<\/strong> no N\u00facleo Museol\u00f3gico Agr\u00edcola de Benavente<\/p>\n<p>Est\u00e3o abertas as inscri\u00e7\u00f5es para a oficina formativa e art\u00edstica para jovens e adultos no pr\u00f3ximo dia 15 de Mar\u00e7o, s\u00e1bado, no N\u00facleo Museol\u00f3gico Agr\u00edcola, em Benavente.<br \/>\nA oficina ser\u00e1 dinamizada pela mediadora cultural Susana Alves, do Lugar Espec\u00edfico.<br \/>\nEsta oficina \u00e9 um convite para viver uma experi\u00eancia colaborativa atrav\u00e9s da express\u00e3o art\u00edstica. Queremos criar um espa\u00e7o que d\u00ea primazia aos processos colaborativos em vez dos processos competitivos, t\u00e3o presentes ao nosso redor.<\/p>\n<p><strong>Inscri\u00e7\u00f5es gratuitas<\/strong> mas limitadas atrav\u00e9s do link: <a href=\"https:\/\/forms.gle\/XKjGxexJyAUH2CiR6\" target=\"_blank\" rel=\"noopener\">https:\/\/forms.gle\/XKjGxexJyAUH2CiR6<\/a><\/p>\n<p>&nbsp;<\/p>\n<p><a href=\"https:\/\/www.cm-benavente.pt\/wp-content\/uploads\/2025\/03\/reuniao-das-cores.jpg\"><img fetchpriority=\"high\" decoding=\"async\" class=\"alignnone size-large wp-image-67598\" src=\"https:\/\/www.cm-benavente.pt\/wp-content\/uploads\/2025\/03\/reuniao-das-cores-1024x1024.jpg\" alt=\"\" width=\"800\" height=\"800\" srcset=\"https:\/\/www.cm-benavente.pt\/wp-content\/uploads\/2025\/03\/reuniao-das-cores-1024x1024.jpg 1024w, https:\/\/www.cm-benavente.pt\/wp-content\/uploads\/2025\/03\/reuniao-das-cores-300x300.jpg 300w, https:\/\/www.cm-benavente.pt\/wp-content\/uploads\/2025\/03\/reuniao-das-cores-150x150.jpg 150w, https:\/\/www.cm-benavente.pt\/wp-content\/uploads\/2025\/03\/reuniao-das-cores-768x768.jpg 768w, https:\/\/www.cm-benavente.pt\/wp-content\/uploads\/2025\/03\/reuniao-das-cores-500x500.jpg 500w, https:\/\/www.cm-benavente.pt\/wp-content\/uploads\/2025\/03\/reuniao-das-cores-800x800.jpg 800w, https:\/\/www.cm-benavente.pt\/wp-content\/uploads\/2025\/03\/reuniao-das-cores.jpg 1032w\" sizes=\"(max-width: 800px) 100vw, 800px\" \/><\/a><\/p>\n","protected":false},"excerpt":{"rendered":"<p>Oficina de Pintura colaborativa &#8220;Reuni\u00e3o de Cores&#8221; 15 de mar\u00e7o \u00e0s 15:00h no N\u00facleo Museol\u00f3gico Agr\u00edcola de Benavente Est\u00e3o abertas as inscri\u00e7\u00f5es para a oficina formativa e art\u00edstica para jovens e adultos no pr\u00f3ximo dia 15 de Mar\u00e7o, s\u00e1bado, no N\u00facleo Museol\u00f3gico Agr\u00edcola, em Benavente. A oficina ser\u00e1 dinamizada pela mediadora cultural Susana Alves, do [&hellip;]<\/p>\n","protected":false},"author":3,"featured_media":67599,"comment_status":"closed","ping_status":"closed","template":"","meta":{"_vp_format_video_url":"","_vp_image_focal_point":[]},"tags":[796,16,2212,17,1127,517,239],"mec_category":[795],"class_list":["post-67597","mec-events","type-mec-events","status-publish","has-post-thumbnail","hentry","tag-arte","tag-benavente","tag-cores","tag-museu","tag-oficina","tag-pintura","tag-reuniao","mec_category-arte"],"_links":{"self":[{"href":"https:\/\/www.cm-benavente.pt\/index.php\/wp-json\/wp\/v2\/mec-events\/67597","targetHints":{"allow":["GET"]}}],"collection":[{"href":"https:\/\/www.cm-benavente.pt\/index.php\/wp-json\/wp\/v2\/mec-events"}],"about":[{"href":"https:\/\/www.cm-benavente.pt\/index.php\/wp-json\/wp\/v2\/types\/mec-events"}],"author":[{"embeddable":true,"href":"https:\/\/www.cm-benavente.pt\/index.php\/wp-json\/wp\/v2\/users\/3"}],"replies":[{"embeddable":true,"href":"https:\/\/www.cm-benavente.pt\/index.php\/wp-json\/wp\/v2\/comments?post=67597"}],"version-history":[{"count":1,"href":"https:\/\/www.cm-benavente.pt\/index.php\/wp-json\/wp\/v2\/mec-events\/67597\/revisions"}],"predecessor-version":[{"id":67600,"href":"https:\/\/www.cm-benavente.pt\/index.php\/wp-json\/wp\/v2\/mec-events\/67597\/revisions\/67600"}],"wp:featuredmedia":[{"embeddable":true,"href":"https:\/\/www.cm-benavente.pt\/index.php\/wp-json\/wp\/v2\/media\/67599"}],"wp:attachment":[{"href":"https:\/\/www.cm-benavente.pt\/index.php\/wp-json\/wp\/v2\/media?parent=67597"}],"wp:term":[{"taxonomy":"post_tag","embeddable":true,"href":"https:\/\/www.cm-benavente.pt\/index.php\/wp-json\/wp\/v2\/tags?post=67597"},{"taxonomy":"mec_category","embeddable":true,"href":"https:\/\/www.cm-benavente.pt\/index.php\/wp-json\/wp\/v2\/mec_category?post=67597"}],"curies":[{"name":"wp","href":"https:\/\/api.w.org\/{rel}","templated":true}]}}

Oficina de Pintura colaborativa &#8220;Reunião de Cores&#8221;

<p><strong>Oficina de Pintura colaborativa &#8220;Reunião de Cores&#8221;</strong></p>
<p><strong>15 de março às 15:00h</strong> no Núcleo Museológico Agrícola de Benavente</p>
<p>Estão abertas as inscrições para a oficina formativa e artística para jovens e adultos no próximo dia 15 de Março, sábado, no Núcleo Museológico Agrícola, em Benavente.<br />
A oficina será dinamizada pela mediadora cultural Susana Alves, do Lugar Específico.<br />
Esta oficina é um convite para viver uma experiência colaborativa através da expressão artística. Queremos criar um espaço que dê primazia aos processos colaborativos em vez dos processos competitivos, tão presentes ao nosso redor.</p>
<p><strong>Inscrições gratuitas</strong> mas limitadas através do link: <a href="https://forms.gle/XKjGxexJyAUH2CiR6" target="_blank" rel="noopener">https://forms.gle/XKjGxexJyAUH2CiR6</a></p>
<p>&nbsp;</p>
<p><a href="https://www.cm-benavente.pt/wp-content/uploads/2025/03/reuniao-das-cores.jpg"><img fetchpriority="high" decoding="async" class="alignnone size-large wp-image-67598" src="https://www.cm-benavente.pt/wp-content/uploads/2025/03/reuniao-das-cores-1024x1024.jpg" alt="" width="800" height="800" srcset="https://www.cm-benavente.pt/wp-content/uploads/2025/03/reuniao-das-cores-1024x1024.jpg 1024w, https://www.cm-benavente.pt/wp-content/uploads/2025/03/reuniao-das-cores-300x300.jpg 300w, https://www.cm-benavente.pt/wp-content/uploads/2025/03/reuniao-das-cores-150x150.jpg 150w, https://www.cm-benavente.pt/wp-content/uploads/2025/03/reuniao-das-cores-768x768.jpg 768w, https://www.cm-benavente.pt/wp-content/uploads/2025/03/reuniao-das-cores-500x500.jpg 500w, https://www.cm-benavente.pt/wp-content/uploads/2025/03/reuniao-das-cores-800x800.jpg 800w, https://www.cm-benavente.pt/wp-content/uploads/2025/03/reuniao-das-cores.jpg 1032w" sizes="(max-width: 800px) 100vw, 800px" /></a></p>

<p>Oficina de Pintura colaborativa &#8220;Reunião de Cores&#8221; 15 de março às 15:00h no Núcleo Museológico Agrícola de Benavente Estão abertas as inscrições para a oficina formativa e artística para jovens e adultos no próximo dia 15 de Março, sábado, no Núcleo Museológico Agrícola, em Benavente. A oficina será dinamizada pela mediadora cultural Susana Alves, do [&hellip;]</p>
