{"id":67582,"date":"2025-03-03T11:48:18","date_gmt":"2025-03-03T11:48:18","guid":{"rendered":"https:\/\/www.cm-benavente.pt\/?post_type=mec-events&#038;p=67582"},"modified":"2025-03-03T11:48:18","modified_gmt":"2025-03-03T11:48:18","slug":"tao-balalao-musica-teatro-e-contos-para-a-1a-infancia-serenata","status":"publish","type":"mec-events","link":"https:\/\/www.cm-benavente.pt\/index.php\/events\/tao-balalao-musica-teatro-e-contos-para-a-1a-infancia-serenata\/","title":{"rendered":"T\u00e3o Balal\u00e3o &#8211; M\u00fasica, Teatro e contos para a 1\u00aa Inf\u00e2ncia &#8220;Serenata&#8221;"},"content":{"rendered":"<p><strong>T\u00e3o Balal\u00e3o &#8211; M\u00fasica, Teatro e contos para a 1\u00aa Inf\u00e2ncia &#8220;Serenata&#8221;<\/strong><\/p>\n<p><strong>08 de mar\u00e7o \u00e0s 10:30h<\/strong> na Biblioteca Municipal de Benavente<\/p>\n<p>O m\u00fasico Daniel Manuel partilhar\u00e1 connosco uma sess\u00e3o de M\u00fasica em Fam\u00edlia subordinada ao tema \u201cSERENATA\u201d com base na obra de Ant\u00f3nio Vivaldi<br \/>\nA m\u00fasica estimula a criatividade, serve como meio de express\u00e3o e desenvolve a express\u00e3o corporal.<\/p>\n<p><strong>P\u00fablico-alvo:<\/strong> at\u00e9 aos 3 anos.<\/p>\n<p><strong>Inscri\u00e7\u00f5es<\/strong> atrav\u00e9s do seguinte contacto: <a href=\"mailto:bibliotecas@cm-benavente.pt\">bibliotecas@cm-benavente.pt<\/a> (inscri\u00e7\u00f5es a partir 9.30h de 03 de mar\u00e7o limitadas \u00e0 capacidade da sala)<\/p>\n<p>&nbsp;<\/p>\n<p><a href=\"https:\/\/www.cm-benavente.pt\/wp-content\/uploads\/2025\/03\/08MAR-serenata-1080.png\"><img fetchpriority=\"high\" decoding=\"async\" class=\"alignnone size-large wp-image-67583\" src=\"https:\/\/www.cm-benavente.pt\/wp-content\/uploads\/2025\/03\/08MAR-serenata-1080-1024x1024.png\" alt=\"\" width=\"800\" height=\"800\" srcset=\"https:\/\/www.cm-benavente.pt\/wp-content\/uploads\/2025\/03\/08MAR-serenata-1080-1024x1024.png 1024w, https:\/\/www.cm-benavente.pt\/wp-content\/uploads\/2025\/03\/08MAR-serenata-1080-300x300.png 300w, https:\/\/www.cm-benavente.pt\/wp-content\/uploads\/2025\/03\/08MAR-serenata-1080-150x150.png 150w, https:\/\/www.cm-benavente.pt\/wp-content\/uploads\/2025\/03\/08MAR-serenata-1080-768x768.png 768w, https:\/\/www.cm-benavente.pt\/wp-content\/uploads\/2025\/03\/08MAR-serenata-1080-500x500.png 500w, https:\/\/www.cm-benavente.pt\/wp-content\/uploads\/2025\/03\/08MAR-serenata-1080-800x800.png 800w, https:\/\/www.cm-benavente.pt\/wp-content\/uploads\/2025\/03\/08MAR-serenata-1080.png 1080w\" sizes=\"(max-width: 800px) 100vw, 800px\" \/><\/a><\/p>\n","protected":false},"excerpt":{"rendered":"<p>T\u00e3o Balal\u00e3o &#8211; M\u00fasica, Teatro e contos para a 1\u00aa Inf\u00e2ncia &#8220;Serenata&#8221; 08 de mar\u00e7o \u00e0s 10:30h na Biblioteca Municipal de Benavente O m\u00fasico Daniel Manuel partilhar\u00e1 connosco uma sess\u00e3o de M\u00fasica em Fam\u00edlia subordinada ao tema \u201cSERENATA\u201d com base na obra de Ant\u00f3nio Vivaldi A m\u00fasica estimula a criatividade, serve como meio de express\u00e3o [&hellip;]<\/p>\n","protected":false},"author":3,"featured_media":67584,"comment_status":"closed","ping_status":"closed","template":"","meta":{"_vp_format_video_url":"","_vp_image_focal_point":[]},"tags":[1074,16,83,402,225,4,2647,62,2646],"mec_category":[464],"class_list":["post-67582","mec-events","type-mec-events","status-publish","has-post-thumbnail","hentry","tag-bebes","tag-benavente","tag-biblioteca","tag-criancas","tag-familia","tag-musica","tag-serenata","tag-teatro","tag-vivaldi","mec_category-musica"],"_links":{"self":[{"href":"https:\/\/www.cm-benavente.pt\/index.php\/wp-json\/wp\/v2\/mec-events\/67582","targetHints":{"allow":["GET"]}}],"collection":[{"href":"https:\/\/www.cm-benavente.pt\/index.php\/wp-json\/wp\/v2\/mec-events"}],"about":[{"href":"https:\/\/www.cm-benavente.pt\/index.php\/wp-json\/wp\/v2\/types\/mec-events"}],"author":[{"embeddable":true,"href":"https:\/\/www.cm-benavente.pt\/index.php\/wp-json\/wp\/v2\/users\/3"}],"replies":[{"embeddable":true,"href":"https:\/\/www.cm-benavente.pt\/index.php\/wp-json\/wp\/v2\/comments?post=67582"}],"version-history":[{"count":1,"href":"https:\/\/www.cm-benavente.pt\/index.php\/wp-json\/wp\/v2\/mec-events\/67582\/revisions"}],"predecessor-version":[{"id":67585,"href":"https:\/\/www.cm-benavente.pt\/index.php\/wp-json\/wp\/v2\/mec-events\/67582\/revisions\/67585"}],"wp:featuredmedia":[{"embeddable":true,"href":"https:\/\/www.cm-benavente.pt\/index.php\/wp-json\/wp\/v2\/media\/67584"}],"wp:attachment":[{"href":"https:\/\/www.cm-benavente.pt\/index.php\/wp-json\/wp\/v2\/media?parent=67582"}],"wp:term":[{"taxonomy":"post_tag","embeddable":true,"href":"https:\/\/www.cm-benavente.pt\/index.php\/wp-json\/wp\/v2\/tags?post=67582"},{"taxonomy":"mec_category","embeddable":true,"href":"https:\/\/www.cm-benavente.pt\/index.php\/wp-json\/wp\/v2\/mec_category?post=67582"}],"curies":[{"name":"wp","href":"https:\/\/api.w.org\/{rel}","templated":true}]}}

Tão Balalão &#8211; Música, Teatro e contos para a 1ª Infância &#8220;Serenata&#8221;

<p><strong>Tão Balalão &#8211; Música, Teatro e contos para a 1ª Infância &#8220;Serenata&#8221;</strong></p>
<p><strong>08 de março às 10:30h</strong> na Biblioteca Municipal de Benavente</p>
<p>O músico Daniel Manuel partilhará connosco uma sessão de Música em Família subordinada ao tema “SERENATA” com base na obra de António Vivaldi<br />
A música estimula a criatividade, serve como meio de expressão e desenvolve a expressão corporal.</p>
<p><strong>Público-alvo:</strong> até aos 3 anos.</p>
<p><strong>Inscrições</strong> através do seguinte contacto: <a href="mailto:bibliotecas@cm-benavente.pt">bibliotecas@cm-benavente.pt</a> (inscrições a partir 9.30h de 03 de março limitadas à capacidade da sala)</p>
<p>&nbsp;</p>
<p><a href="https://www.cm-benavente.pt/wp-content/uploads/2025/03/08MAR-serenata-1080.png"><img fetchpriority="high" decoding="async" class="alignnone size-large wp-image-67583" src="https://www.cm-benavente.pt/wp-content/uploads/2025/03/08MAR-serenata-1080-1024x1024.png" alt="" width="800" height="800" srcset="https://www.cm-benavente.pt/wp-content/uploads/2025/03/08MAR-serenata-1080-1024x1024.png 1024w, https://www.cm-benavente.pt/wp-content/uploads/2025/03/08MAR-serenata-1080-300x300.png 300w, https://www.cm-benavente.pt/wp-content/uploads/2025/03/08MAR-serenata-1080-150x150.png 150w, https://www.cm-benavente.pt/wp-content/uploads/2025/03/08MAR-serenata-1080-768x768.png 768w, https://www.cm-benavente.pt/wp-content/uploads/2025/03/08MAR-serenata-1080-500x500.png 500w, https://www.cm-benavente.pt/wp-content/uploads/2025/03/08MAR-serenata-1080-800x800.png 800w, https://www.cm-benavente.pt/wp-content/uploads/2025/03/08MAR-serenata-1080.png 1080w" sizes="(max-width: 800px) 100vw, 800px" /></a></p>

<p>Tão Balalão &#8211; Música, Teatro e contos para a 1ª Infância &#8220;Serenata&#8221; 08 de março às 10:30h na Biblioteca Municipal de Benavente O músico Daniel Manuel partilhará connosco uma sessão de Música em Família subordinada ao tema “SERENATA” com base na obra de António Vivaldi A música estimula a criatividade, serve como meio de expressão [&hellip;]</p>
