{"id":67275,"date":"2025-02-28T11:21:24","date_gmt":"2025-02-28T11:21:24","guid":{"rendered":"https:\/\/www.cm-benavente.pt\/?post_type=mec-events&#038;p=67275"},"modified":"2025-02-28T11:21:24","modified_gmt":"2025-02-28T11:21:24","slug":"coloquio-ser-mulher-nos-bombeiros","status":"publish","type":"mec-events","link":"https:\/\/www.cm-benavente.pt\/index.php\/events\/coloquio-ser-mulher-nos-bombeiros\/","title":{"rendered":"Col\u00f3quio &#8220;Ser Mulher nos Bombeiros&#8221;"},"content":{"rendered":"<p><strong>Col\u00f3quio &#8220;Ser Mulher nos Bombeiros&#8221;<\/strong><\/p>\n<p><strong>08 de mar\u00e7o \u00e0s 16:00h<\/strong> no Pal\u00e1cio do Infantado, Samora Correia<\/p>\n<p>Evento est\u00e1 inserido nas comemora\u00e7\u00f5es dos 50 anos da Associa\u00e7\u00e3o Humanit\u00e1ria dos Bombeiros Volunt\u00e1rios de Samora Correia<\/p>\n<p><strong>Convidadas: <\/strong><\/p>\n<ul>\n<li>Thays Freixo &#8211; Comandante dos Bombeiros Volunt\u00e1rios de Azambuja<\/li>\n<li>Marlene Parracho &#8211; Bombeira e Formadora na Associa\u00e7\u00e3o Humanit\u00e1ria dos Bombeiros Volunt\u00e1rios de Samora Correia<\/li>\n<li>Irina Batista &#8211; Presidente da Associa\u00e7\u00e3o Humanit\u00e1ria dos Bombeiros Volunt\u00e1rios de Samora Correia<\/li>\n<\/ul>\n<p>&nbsp;<\/p>\n<p><strong>Inscri\u00e7\u00f5es gratuitas<\/strong> pelos contactos <a href=\"mailto:asasc.samora@gmail.com\">asasc.samora@gmail.com<\/a>, <a href=\"tel:263651122\">263 651 122<\/a> ou <a href=\"tel:263651333\">263 651 333<\/a><\/p>\n<p><strong>Organiza\u00e7\u00e3o:<\/strong> ASASC<\/p>\n<p><a href=\"https:\/\/www.cm-benavente.pt\/wp-content\/uploads\/2025\/02\/coloquio-ser-mulher-bombeiros.jpg\"><img fetchpriority=\"high\" decoding=\"async\" class=\"alignnone size-large wp-image-67276\" src=\"https:\/\/www.cm-benavente.pt\/wp-content\/uploads\/2025\/02\/coloquio-ser-mulher-bombeiros-724x1024.jpg\" alt=\"\" width=\"724\" height=\"1024\" srcset=\"https:\/\/www.cm-benavente.pt\/wp-content\/uploads\/2025\/02\/coloquio-ser-mulher-bombeiros-724x1024.jpg 724w, https:\/\/www.cm-benavente.pt\/wp-content\/uploads\/2025\/02\/coloquio-ser-mulher-bombeiros-212x300.jpg 212w, https:\/\/www.cm-benavente.pt\/wp-content\/uploads\/2025\/02\/coloquio-ser-mulher-bombeiros-768x1086.jpg 768w, https:\/\/www.cm-benavente.pt\/wp-content\/uploads\/2025\/02\/coloquio-ser-mulher-bombeiros-1086x1536.jpg 1086w, https:\/\/www.cm-benavente.pt\/wp-content\/uploads\/2025\/02\/coloquio-ser-mulher-bombeiros-500x707.jpg 500w, https:\/\/www.cm-benavente.pt\/wp-content\/uploads\/2025\/02\/coloquio-ser-mulher-bombeiros-800x1132.jpg 800w, https:\/\/www.cm-benavente.pt\/wp-content\/uploads\/2025\/02\/coloquio-ser-mulher-bombeiros.jpg 1131w\" sizes=\"(max-width: 724px) 100vw, 724px\" \/><\/a><\/p>\n","protected":false},"excerpt":{"rendered":"<p>Col\u00f3quio &#8220;Ser Mulher nos Bombeiros&#8221; 08 de mar\u00e7o \u00e0s 16:00h no Pal\u00e1cio do Infantado, Samora Correia Evento est\u00e1 inserido nas comemora\u00e7\u00f5es dos 50 anos da Associa\u00e7\u00e3o Humanit\u00e1ria dos Bombeiros Volunt\u00e1rios de Samora Correia Convidadas: Thays Freixo &#8211; Comandante dos Bombeiros Volunt\u00e1rios de Azambuja Marlene Parracho &#8211; Bombeira e Formadora na Associa\u00e7\u00e3o Humanit\u00e1ria dos Bombeiros Volunt\u00e1rios [&hellip;]<\/p>\n","protected":false},"author":3,"featured_media":67277,"comment_status":"closed","ping_status":"closed","template":"","meta":{"_vp_format_video_url":"","_vp_image_focal_point":[]},"tags":[1116,170,1433,2619,27],"mec_category":[467],"class_list":["post-67275","mec-events","type-mec-events","status-publish","has-post-thumbnail","hentry","tag-asasc","tag-bombeiros","tag-coloquio","tag-dia-da-mulher","tag-samora-correia","mec_category-geral"],"_links":{"self":[{"href":"https:\/\/www.cm-benavente.pt\/index.php\/wp-json\/wp\/v2\/mec-events\/67275","targetHints":{"allow":["GET"]}}],"collection":[{"href":"https:\/\/www.cm-benavente.pt\/index.php\/wp-json\/wp\/v2\/mec-events"}],"about":[{"href":"https:\/\/www.cm-benavente.pt\/index.php\/wp-json\/wp\/v2\/types\/mec-events"}],"author":[{"embeddable":true,"href":"https:\/\/www.cm-benavente.pt\/index.php\/wp-json\/wp\/v2\/users\/3"}],"replies":[{"embeddable":true,"href":"https:\/\/www.cm-benavente.pt\/index.php\/wp-json\/wp\/v2\/comments?post=67275"}],"version-history":[{"count":1,"href":"https:\/\/www.cm-benavente.pt\/index.php\/wp-json\/wp\/v2\/mec-events\/67275\/revisions"}],"predecessor-version":[{"id":67278,"href":"https:\/\/www.cm-benavente.pt\/index.php\/wp-json\/wp\/v2\/mec-events\/67275\/revisions\/67278"}],"wp:featuredmedia":[{"embeddable":true,"href":"https:\/\/www.cm-benavente.pt\/index.php\/wp-json\/wp\/v2\/media\/67277"}],"wp:attachment":[{"href":"https:\/\/www.cm-benavente.pt\/index.php\/wp-json\/wp\/v2\/media?parent=67275"}],"wp:term":[{"taxonomy":"post_tag","embeddable":true,"href":"https:\/\/www.cm-benavente.pt\/index.php\/wp-json\/wp\/v2\/tags?post=67275"},{"taxonomy":"mec_category","embeddable":true,"href":"https:\/\/www.cm-benavente.pt\/index.php\/wp-json\/wp\/v2\/mec_category?post=67275"}],"curies":[{"name":"wp","href":"https:\/\/api.w.org\/{rel}","templated":true}]}}

Colóquio &#8220;Ser Mulher nos Bombeiros&#8221;

<p><strong>Colóquio &#8220;Ser Mulher nos Bombeiros&#8221;</strong></p>
<p><strong>08 de março às 16:00h</strong> no Palácio do Infantado, Samora Correia</p>
<p>Evento está inserido nas comemorações dos 50 anos da Associação Humanitária dos Bombeiros Voluntários de Samora Correia</p>
<p><strong>Convidadas: </strong></p>
<ul>
<li>Thays Freixo &#8211; Comandante dos Bombeiros Voluntários de Azambuja</li>
<li>Marlene Parracho &#8211; Bombeira e Formadora na Associação Humanitária dos Bombeiros Voluntários de Samora Correia</li>
<li>Irina Batista &#8211; Presidente da Associação Humanitária dos Bombeiros Voluntários de Samora Correia</li>
</ul>
<p>&nbsp;</p>
<p><strong>Inscrições gratuitas</strong> pelos contactos <a href="mailto:asasc.samora@gmail.com">asasc.samora@gmail.com</a>, <a href="tel:263651122">263 651 122</a> ou <a href="tel:263651333">263 651 333</a></p>
<p><strong>Organização:</strong> ASASC</p>
<p><a href="https://www.cm-benavente.pt/wp-content/uploads/2025/02/coloquio-ser-mulher-bombeiros.jpg"><img fetchpriority="high" decoding="async" class="alignnone size-large wp-image-67276" src="https://www.cm-benavente.pt/wp-content/uploads/2025/02/coloquio-ser-mulher-bombeiros-724x1024.jpg" alt="" width="724" height="1024" srcset="https://www.cm-benavente.pt/wp-content/uploads/2025/02/coloquio-ser-mulher-bombeiros-724x1024.jpg 724w, https://www.cm-benavente.pt/wp-content/uploads/2025/02/coloquio-ser-mulher-bombeiros-212x300.jpg 212w, https://www.cm-benavente.pt/wp-content/uploads/2025/02/coloquio-ser-mulher-bombeiros-768x1086.jpg 768w, https://www.cm-benavente.pt/wp-content/uploads/2025/02/coloquio-ser-mulher-bombeiros-1086x1536.jpg 1086w, https://www.cm-benavente.pt/wp-content/uploads/2025/02/coloquio-ser-mulher-bombeiros-500x707.jpg 500w, https://www.cm-benavente.pt/wp-content/uploads/2025/02/coloquio-ser-mulher-bombeiros-800x1132.jpg 800w, https://www.cm-benavente.pt/wp-content/uploads/2025/02/coloquio-ser-mulher-bombeiros.jpg 1131w" sizes="(max-width: 724px) 100vw, 724px" /></a></p>

<p>Colóquio &#8220;Ser Mulher nos Bombeiros&#8221; 08 de março às 16:00h no Palácio do Infantado, Samora Correia Evento está inserido nas comemorações dos 50 anos da Associação Humanitária dos Bombeiros Voluntários de Samora Correia Convidadas: Thays Freixo &#8211; Comandante dos Bombeiros Voluntários de Azambuja Marlene Parracho &#8211; Bombeira e Formadora na Associação Humanitária dos Bombeiros Voluntários [&hellip;]</p>
