{"id":67201,"date":"2025-02-26T09:44:52","date_gmt":"2025-02-26T09:44:52","guid":{"rendered":"https:\/\/www.cm-benavente.pt\/?post_type=mec-events&#038;p=67201"},"modified":"2025-02-26T09:44:52","modified_gmt":"2025-02-26T09:44:52","slug":"3o-passeio-a-cavalo-adscerfa","status":"publish","type":"mec-events","link":"https:\/\/www.cm-benavente.pt\/index.php\/events\/3o-passeio-a-cavalo-adscerfa\/","title":{"rendered":"3\u00ba Passeio a Cavalo ADSCERFA"},"content":{"rendered":"<p><strong>3\u00ba Passeio a Cavalo ADSCERFA<\/strong><\/p>\n<p><strong>15 de mar\u00e7o \u00e0s 09:00h<\/strong> no Centro Social dos Foros de Almada<\/p>\n<p><strong>Programa:\u00a0<\/strong><\/p>\n<p>09:00h &#8211; Concentra\u00e7\u00e3o (com pequeno almo\u00e7o)<br \/>\n10:00h &#8211; In\u00edcio do passeio<br \/>\n11:30h &#8211; Refor\u00e7o<br \/>\n13:00h &#8211; Almo\u00e7o<\/p>\n<p><strong>Entrada:<\/strong> pr\u00e9-inscri\u00e7\u00e3o &#8211; 18\u20ac \/ inscri\u00e7\u00e3o no dia &#8211; 23\u20ac \/ s\u00f3 almo\u00e7o &#8211; 15\u20ac<\/p>\n<p><strong>Inscri\u00e7\u00f5es:<\/strong> <a href=\"tel:934942121\">934 942 121<\/a> ou <a href=\"tel:911126341\">911 126 341<\/a><\/p>\n<p><strong>Organiza\u00e7\u00e3o:<\/strong> ADSCERFA<\/p>\n<p>&nbsp;<\/p>\n<p><a href=\"https:\/\/www.cm-benavente.pt\/wp-content\/uploads\/2025\/02\/passeio-cavalo-adscerfa.jpg\"><img fetchpriority=\"high\" decoding=\"async\" class=\"alignnone size-large wp-image-67202\" src=\"https:\/\/www.cm-benavente.pt\/wp-content\/uploads\/2025\/02\/passeio-cavalo-adscerfa-724x1024.jpg\" alt=\"\" width=\"724\" height=\"1024\" srcset=\"https:\/\/www.cm-benavente.pt\/wp-content\/uploads\/2025\/02\/passeio-cavalo-adscerfa-724x1024.jpg 724w, https:\/\/www.cm-benavente.pt\/wp-content\/uploads\/2025\/02\/passeio-cavalo-adscerfa-212x300.jpg 212w, https:\/\/www.cm-benavente.pt\/wp-content\/uploads\/2025\/02\/passeio-cavalo-adscerfa-768x1086.jpg 768w, https:\/\/www.cm-benavente.pt\/wp-content\/uploads\/2025\/02\/passeio-cavalo-adscerfa-1086x1536.jpg 1086w, https:\/\/www.cm-benavente.pt\/wp-content\/uploads\/2025\/02\/passeio-cavalo-adscerfa-500x707.jpg 500w, https:\/\/www.cm-benavente.pt\/wp-content\/uploads\/2025\/02\/passeio-cavalo-adscerfa-800x1131.jpg 800w, https:\/\/www.cm-benavente.pt\/wp-content\/uploads\/2025\/02\/passeio-cavalo-adscerfa-1280x1810.jpg 1280w, https:\/\/www.cm-benavente.pt\/wp-content\/uploads\/2025\/02\/passeio-cavalo-adscerfa.jpg 1448w\" sizes=\"(max-width: 724px) 100vw, 724px\" \/><\/a><\/p>\n","protected":false},"excerpt":{"rendered":"<p>3\u00ba Passeio a Cavalo ADSCERFA 15 de mar\u00e7o \u00e0s 09:00h no Centro Social dos Foros de Almada Programa:\u00a0 09:00h &#8211; Concentra\u00e7\u00e3o (com pequeno almo\u00e7o) 10:00h &#8211; In\u00edcio do passeio 11:30h &#8211; Refor\u00e7o 13:00h &#8211; Almo\u00e7o Entrada: pr\u00e9-inscri\u00e7\u00e3o &#8211; 18\u20ac \/ inscri\u00e7\u00e3o no dia &#8211; 23\u20ac \/ s\u00f3 almo\u00e7o &#8211; 15\u20ac Inscri\u00e7\u00f5es: 934 942 121 ou [&hellip;]<\/p>\n","protected":false},"author":3,"featured_media":67203,"comment_status":"closed","ping_status":"closed","template":"","meta":{"_vp_format_video_url":"","_vp_image_focal_point":[]},"tags":[1040,620,1039,110],"mec_category":[467],"class_list":["post-67201","mec-events","type-mec-events","status-publish","has-post-thumbnail","hentry","tag-adscerfa","tag-cavalo","tag-foros-de-almada","tag-passeio","mec_category-geral"],"_links":{"self":[{"href":"https:\/\/www.cm-benavente.pt\/index.php\/wp-json\/wp\/v2\/mec-events\/67201","targetHints":{"allow":["GET"]}}],"collection":[{"href":"https:\/\/www.cm-benavente.pt\/index.php\/wp-json\/wp\/v2\/mec-events"}],"about":[{"href":"https:\/\/www.cm-benavente.pt\/index.php\/wp-json\/wp\/v2\/types\/mec-events"}],"author":[{"embeddable":true,"href":"https:\/\/www.cm-benavente.pt\/index.php\/wp-json\/wp\/v2\/users\/3"}],"replies":[{"embeddable":true,"href":"https:\/\/www.cm-benavente.pt\/index.php\/wp-json\/wp\/v2\/comments?post=67201"}],"version-history":[{"count":1,"href":"https:\/\/www.cm-benavente.pt\/index.php\/wp-json\/wp\/v2\/mec-events\/67201\/revisions"}],"predecessor-version":[{"id":67204,"href":"https:\/\/www.cm-benavente.pt\/index.php\/wp-json\/wp\/v2\/mec-events\/67201\/revisions\/67204"}],"wp:featuredmedia":[{"embeddable":true,"href":"https:\/\/www.cm-benavente.pt\/index.php\/wp-json\/wp\/v2\/media\/67203"}],"wp:attachment":[{"href":"https:\/\/www.cm-benavente.pt\/index.php\/wp-json\/wp\/v2\/media?parent=67201"}],"wp:term":[{"taxonomy":"post_tag","embeddable":true,"href":"https:\/\/www.cm-benavente.pt\/index.php\/wp-json\/wp\/v2\/tags?post=67201"},{"taxonomy":"mec_category","embeddable":true,"href":"https:\/\/www.cm-benavente.pt\/index.php\/wp-json\/wp\/v2\/mec_category?post=67201"}],"curies":[{"name":"wp","href":"https:\/\/api.w.org\/{rel}","templated":true}]}}

3º Passeio a Cavalo ADSCERFA

<p><strong>3º Passeio a Cavalo ADSCERFA</strong></p>
<p><strong>15 de março às 09:00h</strong> no Centro Social dos Foros de Almada</p>
<p><strong>Programa: </strong></p>
<p>09:00h &#8211; Concentração (com pequeno almoço)<br />
10:00h &#8211; Início do passeio<br />
11:30h &#8211; Reforço<br />
13:00h &#8211; Almoço</p>
<p><strong>Entrada:</strong> pré-inscrição &#8211; 18€ / inscrição no dia &#8211; 23€ / só almoço &#8211; 15€</p>
<p><strong>Inscrições:</strong> <a href="tel:934942121">934 942 121</a> ou <a href="tel:911126341">911 126 341</a></p>
<p><strong>Organização:</strong> ADSCERFA</p>
<p>&nbsp;</p>
<p><a href="https://www.cm-benavente.pt/wp-content/uploads/2025/02/passeio-cavalo-adscerfa.jpg"><img fetchpriority="high" decoding="async" class="alignnone size-large wp-image-67202" src="https://www.cm-benavente.pt/wp-content/uploads/2025/02/passeio-cavalo-adscerfa-724x1024.jpg" alt="" width="724" height="1024" srcset="https://www.cm-benavente.pt/wp-content/uploads/2025/02/passeio-cavalo-adscerfa-724x1024.jpg 724w, https://www.cm-benavente.pt/wp-content/uploads/2025/02/passeio-cavalo-adscerfa-212x300.jpg 212w, https://www.cm-benavente.pt/wp-content/uploads/2025/02/passeio-cavalo-adscerfa-768x1086.jpg 768w, https://www.cm-benavente.pt/wp-content/uploads/2025/02/passeio-cavalo-adscerfa-1086x1536.jpg 1086w, https://www.cm-benavente.pt/wp-content/uploads/2025/02/passeio-cavalo-adscerfa-500x707.jpg 500w, https://www.cm-benavente.pt/wp-content/uploads/2025/02/passeio-cavalo-adscerfa-800x1131.jpg 800w, https://www.cm-benavente.pt/wp-content/uploads/2025/02/passeio-cavalo-adscerfa-1280x1810.jpg 1280w, https://www.cm-benavente.pt/wp-content/uploads/2025/02/passeio-cavalo-adscerfa.jpg 1448w" sizes="(max-width: 724px) 100vw, 724px" /></a></p>

<p>3º Passeio a Cavalo ADSCERFA 15 de março às 09:00h no Centro Social dos Foros de Almada Programa:  09:00h &#8211; Concentração (com pequeno almoço) 10:00h &#8211; Início do passeio 11:30h &#8211; Reforço 13:00h &#8211; Almoço Entrada: pré-inscrição &#8211; 18€ / inscrição no dia &#8211; 23€ / só almoço &#8211; 15€ Inscrições: 934 942 121 ou [&hellip;]</p>
