{"id":67029,"date":"2025-02-24T11:17:08","date_gmt":"2025-02-24T11:17:08","guid":{"rendered":"https:\/\/www.cm-benavente.pt\/?post_type=mec-events&#038;p=67029"},"modified":"2025-02-24T11:17:08","modified_gmt":"2025-02-24T11:17:08","slug":"7o-aniversario-adra","status":"publish","type":"mec-events","link":"https:\/\/www.cm-benavente.pt\/index.php\/events\/7o-aniversario-adra\/","title":{"rendered":"7\u00ba Anivers\u00e1rio ADRA"},"content":{"rendered":"<p><strong>7\u00ba Anivers\u00e1rio ADRA<\/strong><\/p>\n<p><strong>15 de mar\u00e7o \u00e0s 13:00h<\/strong> na Sede da ADRA, Vila das Areias &#8211; Benavente<\/p>\n<p><strong>Ementa:<\/strong> Feijoada do Chefe Jo\u00e3o com bebida e sobremesa<\/p>\n<p>Matin\u00e9 com Nicole Viviana<\/p>\n<p><strong>Entrada:<\/strong> s\u00f3cios &#8211; 12 moinhos \/ simpatizantes &#8211; 15 moinhos \/ crian\u00e7as menores 14 anos &#8211; 7 moinhos<\/p>\n<p><strong>Reservas:<\/strong> at\u00e9 09 de mar\u00e7o na Sede da ADRA, redes sociais da ADRA, <a href=\"tel:910121396\">910 121 396<\/a> ou <a href=\"tel:918498194\">918 498 194<\/a><\/p>\n<p><strong>Organiza\u00e7\u00e3o:<\/strong> ADRA<\/p>\n<p>&nbsp;<\/p>\n<p><a href=\"https:\/\/www.cm-benavente.pt\/wp-content\/uploads\/2025\/02\/aniversario-adra.jpg\"><img fetchpriority=\"high\" decoding=\"async\" class=\"alignnone size-large wp-image-67030\" src=\"https:\/\/www.cm-benavente.pt\/wp-content\/uploads\/2025\/02\/aniversario-adra-1024x1024.jpg\" alt=\"\" width=\"800\" height=\"800\" srcset=\"https:\/\/www.cm-benavente.pt\/wp-content\/uploads\/2025\/02\/aniversario-adra-1024x1024.jpg 1024w, https:\/\/www.cm-benavente.pt\/wp-content\/uploads\/2025\/02\/aniversario-adra-300x300.jpg 300w, https:\/\/www.cm-benavente.pt\/wp-content\/uploads\/2025\/02\/aniversario-adra-150x150.jpg 150w, https:\/\/www.cm-benavente.pt\/wp-content\/uploads\/2025\/02\/aniversario-adra-768x768.jpg 768w, https:\/\/www.cm-benavente.pt\/wp-content\/uploads\/2025\/02\/aniversario-adra-500x500.jpg 500w, https:\/\/www.cm-benavente.pt\/wp-content\/uploads\/2025\/02\/aniversario-adra-1536x1536.jpg 1536w, https:\/\/www.cm-benavente.pt\/wp-content\/uploads\/2025\/02\/aniversario-adra-800x800.jpg 800w, https:\/\/www.cm-benavente.pt\/wp-content\/uploads\/2025\/02\/aniversario-adra-1280x1280.jpg 1280w, https:\/\/www.cm-benavente.pt\/wp-content\/uploads\/2025\/02\/aniversario-adra.jpg 1600w\" sizes=\"(max-width: 800px) 100vw, 800px\" \/><\/a><\/p>\n","protected":false},"excerpt":{"rendered":"<p>7\u00ba Anivers\u00e1rio ADRA 15 de mar\u00e7o \u00e0s 13:00h na Sede da ADRA, Vila das Areias &#8211; Benavente Ementa: Feijoada do Chefe Jo\u00e3o com bebida e sobremesa Matin\u00e9 com Nicole Viviana Entrada: s\u00f3cios &#8211; 12 moinhos \/ simpatizantes &#8211; 15 moinhos \/ crian\u00e7as menores 14 anos &#8211; 7 moinhos Reservas: at\u00e9 09 de mar\u00e7o na Sede [&hellip;]<\/p>\n","protected":false},"author":3,"featured_media":67031,"comment_status":"closed","ping_status":"closed","template":"","meta":{"_vp_format_video_url":"","_vp_image_focal_point":[]},"tags":[2631,1115,101,16,1380],"mec_category":[467],"class_list":["post-67029","mec-events","type-mec-events","status-publish","has-post-thumbnail","hentry","tag-7-anos","tag-adra","tag-aniversario","tag-benavente","tag-vila-das-areias","mec_category-geral"],"_links":{"self":[{"href":"https:\/\/www.cm-benavente.pt\/index.php\/wp-json\/wp\/v2\/mec-events\/67029","targetHints":{"allow":["GET"]}}],"collection":[{"href":"https:\/\/www.cm-benavente.pt\/index.php\/wp-json\/wp\/v2\/mec-events"}],"about":[{"href":"https:\/\/www.cm-benavente.pt\/index.php\/wp-json\/wp\/v2\/types\/mec-events"}],"author":[{"embeddable":true,"href":"https:\/\/www.cm-benavente.pt\/index.php\/wp-json\/wp\/v2\/users\/3"}],"replies":[{"embeddable":true,"href":"https:\/\/www.cm-benavente.pt\/index.php\/wp-json\/wp\/v2\/comments?post=67029"}],"version-history":[{"count":1,"href":"https:\/\/www.cm-benavente.pt\/index.php\/wp-json\/wp\/v2\/mec-events\/67029\/revisions"}],"predecessor-version":[{"id":67032,"href":"https:\/\/www.cm-benavente.pt\/index.php\/wp-json\/wp\/v2\/mec-events\/67029\/revisions\/67032"}],"wp:featuredmedia":[{"embeddable":true,"href":"https:\/\/www.cm-benavente.pt\/index.php\/wp-json\/wp\/v2\/media\/67031"}],"wp:attachment":[{"href":"https:\/\/www.cm-benavente.pt\/index.php\/wp-json\/wp\/v2\/media?parent=67029"}],"wp:term":[{"taxonomy":"post_tag","embeddable":true,"href":"https:\/\/www.cm-benavente.pt\/index.php\/wp-json\/wp\/v2\/tags?post=67029"},{"taxonomy":"mec_category","embeddable":true,"href":"https:\/\/www.cm-benavente.pt\/index.php\/wp-json\/wp\/v2\/mec_category?post=67029"}],"curies":[{"name":"wp","href":"https:\/\/api.w.org\/{rel}","templated":true}]}}

7º Aniversário ADRA

<p><strong>7º Aniversário ADRA</strong></p>
<p><strong>15 de março às 13:00h</strong> na Sede da ADRA, Vila das Areias &#8211; Benavente</p>
<p><strong>Ementa:</strong> Feijoada do Chefe João com bebida e sobremesa</p>
<p>Matiné com Nicole Viviana</p>
<p><strong>Entrada:</strong> sócios &#8211; 12 moinhos / simpatizantes &#8211; 15 moinhos / crianças menores 14 anos &#8211; 7 moinhos</p>
<p><strong>Reservas:</strong> até 09 de março na Sede da ADRA, redes sociais da ADRA, <a href="tel:910121396">910 121 396</a> ou <a href="tel:918498194">918 498 194</a></p>
<p><strong>Organização:</strong> ADRA</p>
<p>&nbsp;</p>
<p><a href="https://www.cm-benavente.pt/wp-content/uploads/2025/02/aniversario-adra.jpg"><img fetchpriority="high" decoding="async" class="alignnone size-large wp-image-67030" src="https://www.cm-benavente.pt/wp-content/uploads/2025/02/aniversario-adra-1024x1024.jpg" alt="" width="800" height="800" srcset="https://www.cm-benavente.pt/wp-content/uploads/2025/02/aniversario-adra-1024x1024.jpg 1024w, https://www.cm-benavente.pt/wp-content/uploads/2025/02/aniversario-adra-300x300.jpg 300w, https://www.cm-benavente.pt/wp-content/uploads/2025/02/aniversario-adra-150x150.jpg 150w, https://www.cm-benavente.pt/wp-content/uploads/2025/02/aniversario-adra-768x768.jpg 768w, https://www.cm-benavente.pt/wp-content/uploads/2025/02/aniversario-adra-500x500.jpg 500w, https://www.cm-benavente.pt/wp-content/uploads/2025/02/aniversario-adra-1536x1536.jpg 1536w, https://www.cm-benavente.pt/wp-content/uploads/2025/02/aniversario-adra-800x800.jpg 800w, https://www.cm-benavente.pt/wp-content/uploads/2025/02/aniversario-adra-1280x1280.jpg 1280w, https://www.cm-benavente.pt/wp-content/uploads/2025/02/aniversario-adra.jpg 1600w" sizes="(max-width: 800px) 100vw, 800px" /></a></p>

<p>7º Aniversário ADRA 15 de março às 13:00h na Sede da ADRA, Vila das Areias &#8211; Benavente Ementa: Feijoada do Chefe João com bebida e sobremesa Matiné com Nicole Viviana Entrada: sócios &#8211; 12 moinhos / simpatizantes &#8211; 15 moinhos / crianças menores 14 anos &#8211; 7 moinhos Reservas: até 09 de março na Sede [&hellip;]</p>
