{"id":67025,"date":"2025-02-24T09:49:52","date_gmt":"2025-02-24T09:49:52","guid":{"rendered":"https:\/\/www.cm-benavente.pt\/?post_type=mec-events&#038;p=67025"},"modified":"2025-02-24T09:49:52","modified_gmt":"2025-02-24T09:49:52","slug":"vacadas-festas-do-porto-alto","status":"publish","type":"mec-events","link":"https:\/\/www.cm-benavente.pt\/index.php\/events\/vacadas-festas-do-porto-alto\/","title":{"rendered":"Vacadas &#8211; Festas do Porto Alto"},"content":{"rendered":"<p><strong>Vacadas &#8211; Festas do Porto Alto<\/strong><\/p>\n<p><strong>09, 16, 23 e 29 mar\u00e7o<\/strong> no Centro Social do Porto Alto<\/p>\n<p><strong>Hor\u00e1rios:<\/strong> dias 09, 16 e 23 \u00e0s 16:00h e dia 29 \u00e0s 22:00h e 00:00h<\/p>\n<p>Dj Pantale\u00e3o \u00e0s 23:00h<\/p>\n<p><strong>Entrada:<\/strong> 3 vacadas<\/p>\n<p><strong>Organiza\u00e7\u00e3o:<\/strong> Comiss\u00e3o de Festas do Porto Alto<\/p>\n<p>&nbsp;<\/p>\n<p><a href=\"https:\/\/www.cm-benavente.pt\/wp-content\/uploads\/2025\/02\/vacadas-festa-porto-alto.jpg\"><img fetchpriority=\"high\" decoding=\"async\" class=\"alignnone size-large wp-image-67026\" src=\"https:\/\/www.cm-benavente.pt\/wp-content\/uploads\/2025\/02\/vacadas-festa-porto-alto-724x1024.jpg\" alt=\"\" width=\"724\" height=\"1024\" srcset=\"https:\/\/www.cm-benavente.pt\/wp-content\/uploads\/2025\/02\/vacadas-festa-porto-alto-724x1024.jpg 724w, https:\/\/www.cm-benavente.pt\/wp-content\/uploads\/2025\/02\/vacadas-festa-porto-alto-212x300.jpg 212w, https:\/\/www.cm-benavente.pt\/wp-content\/uploads\/2025\/02\/vacadas-festa-porto-alto-768x1086.jpg 768w, https:\/\/www.cm-benavente.pt\/wp-content\/uploads\/2025\/02\/vacadas-festa-porto-alto-1087x1536.jpg 1087w, https:\/\/www.cm-benavente.pt\/wp-content\/uploads\/2025\/02\/vacadas-festa-porto-alto-500x707.jpg 500w, https:\/\/www.cm-benavente.pt\/wp-content\/uploads\/2025\/02\/vacadas-festa-porto-alto-800x1131.jpg 800w, https:\/\/www.cm-benavente.pt\/wp-content\/uploads\/2025\/02\/vacadas-festa-porto-alto.jpg 1132w\" sizes=\"(max-width: 724px) 100vw, 724px\" \/><\/a><\/p>\n","protected":false},"excerpt":{"rendered":"<p>Vacadas &#8211; Festas do Porto Alto 09, 16, 23 e 29 mar\u00e7o no Centro Social do Porto Alto Hor\u00e1rios: dias 09, 16 e 23 \u00e0s 16:00h e dia 29 \u00e0s 22:00h e 00:00h Dj Pantale\u00e3o \u00e0s 23:00h Entrada: 3 vacadas Organiza\u00e7\u00e3o: Comiss\u00e3o de Festas do Porto Alto &nbsp;<\/p>\n","protected":false},"author":3,"featured_media":67027,"comment_status":"closed","ping_status":"closed","template":"","meta":{"_vp_format_video_url":"","_vp_image_focal_point":[]},"tags":[1736,250,1455],"mec_category":[467],"class_list":["post-67025","mec-events","type-mec-events","status-publish","has-post-thumbnail","hentry","tag-comissao-de-festas","tag-porto-alto","tag-vacadas","mec_category-geral"],"_links":{"self":[{"href":"https:\/\/www.cm-benavente.pt\/index.php\/wp-json\/wp\/v2\/mec-events\/67025","targetHints":{"allow":["GET"]}}],"collection":[{"href":"https:\/\/www.cm-benavente.pt\/index.php\/wp-json\/wp\/v2\/mec-events"}],"about":[{"href":"https:\/\/www.cm-benavente.pt\/index.php\/wp-json\/wp\/v2\/types\/mec-events"}],"author":[{"embeddable":true,"href":"https:\/\/www.cm-benavente.pt\/index.php\/wp-json\/wp\/v2\/users\/3"}],"replies":[{"embeddable":true,"href":"https:\/\/www.cm-benavente.pt\/index.php\/wp-json\/wp\/v2\/comments?post=67025"}],"version-history":[{"count":1,"href":"https:\/\/www.cm-benavente.pt\/index.php\/wp-json\/wp\/v2\/mec-events\/67025\/revisions"}],"predecessor-version":[{"id":67028,"href":"https:\/\/www.cm-benavente.pt\/index.php\/wp-json\/wp\/v2\/mec-events\/67025\/revisions\/67028"}],"wp:featuredmedia":[{"embeddable":true,"href":"https:\/\/www.cm-benavente.pt\/index.php\/wp-json\/wp\/v2\/media\/67027"}],"wp:attachment":[{"href":"https:\/\/www.cm-benavente.pt\/index.php\/wp-json\/wp\/v2\/media?parent=67025"}],"wp:term":[{"taxonomy":"post_tag","embeddable":true,"href":"https:\/\/www.cm-benavente.pt\/index.php\/wp-json\/wp\/v2\/tags?post=67025"},{"taxonomy":"mec_category","embeddable":true,"href":"https:\/\/www.cm-benavente.pt\/index.php\/wp-json\/wp\/v2\/mec_category?post=67025"}],"curies":[{"name":"wp","href":"https:\/\/api.w.org\/{rel}","templated":true}]}}

<p><strong>Vacadas &#8211; Festas do Porto Alto</strong></p>
<p><strong>09, 16, 23 e 29 março</strong> no Centro Social do Porto Alto</p>
<p><strong>Horários:</strong> dias 09, 16 e 23 às 16:00h e dia 29 às 22:00h e 00:00h</p>
<p>Dj Pantaleão às 23:00h</p>
<p><strong>Entrada:</strong> 3 vacadas</p>
<p><strong>Organização:</strong> Comissão de Festas do Porto Alto</p>
<p>&nbsp;</p>
<p><a href="https://www.cm-benavente.pt/wp-content/uploads/2025/02/vacadas-festa-porto-alto.jpg"><img fetchpriority="high" decoding="async" class="alignnone size-large wp-image-67026" src="https://www.cm-benavente.pt/wp-content/uploads/2025/02/vacadas-festa-porto-alto-724x1024.jpg" alt="" width="724" height="1024" srcset="https://www.cm-benavente.pt/wp-content/uploads/2025/02/vacadas-festa-porto-alto-724x1024.jpg 724w, https://www.cm-benavente.pt/wp-content/uploads/2025/02/vacadas-festa-porto-alto-212x300.jpg 212w, https://www.cm-benavente.pt/wp-content/uploads/2025/02/vacadas-festa-porto-alto-768x1086.jpg 768w, https://www.cm-benavente.pt/wp-content/uploads/2025/02/vacadas-festa-porto-alto-1087x1536.jpg 1087w, https://www.cm-benavente.pt/wp-content/uploads/2025/02/vacadas-festa-porto-alto-500x707.jpg 500w, https://www.cm-benavente.pt/wp-content/uploads/2025/02/vacadas-festa-porto-alto-800x1131.jpg 800w, https://www.cm-benavente.pt/wp-content/uploads/2025/02/vacadas-festa-porto-alto.jpg 1132w" sizes="(max-width: 724px) 100vw, 724px" /></a></p>

<p>Vacadas &#8211; Festas do Porto Alto 09, 16, 23 e 29 março no Centro Social do Porto Alto Horários: dias 09, 16 e 23 às 16:00h e dia 29 às 22:00h e 00:00h Dj Pantaleão às 23:00h Entrada: 3 vacadas Organização: Comissão de Festas do Porto Alto &nbsp;</p>
