{"id":66899,"date":"2025-02-20T11:03:11","date_gmt":"2025-02-20T11:03:11","guid":{"rendered":"https:\/\/www.cm-benavente.pt\/?post_type=mec-events&#038;p=66899"},"modified":"2025-02-20T11:03:11","modified_gmt":"2025-02-20T11:03:11","slug":"stand-up-comedy-hugo-sousa","status":"publish","type":"mec-events","link":"https:\/\/www.cm-benavente.pt\/index.php\/events\/stand-up-comedy-hugo-sousa\/","title":{"rendered":"Stand-Up Comedy &#8220;Hugo Sousa&#8221;"},"content":{"rendered":"<p><strong>Stand-Up Comedy &#8220;Hugo Sousa&#8221;<\/strong><\/p>\n<p><strong>15 de mar\u00e7o \u00e0s 21:30h<\/strong> no Cineteatro de Benavente<\/p>\n<p>N\u00e3o perca esta oportunidade de assistir a um dos maiores nomes do stand-up nacional ao vivo!<\/p>\n<p><strong>Entrada:<\/strong> 16\u20ac &#8211; 18\u20ac \u00e0 venda nas Lojas Tropikala (Largo Duarte Lopes n\u00ba 4, Benavente), RC Barber Shop (R. Maria Lu\u00edsa de Azevedo Borralho n34, Benavente) e Cineteatro de Benavente<\/p>\n<p><strong>Organiza\u00e7\u00e3o:<\/strong> Sardinha Assada de Benavente<\/p>\n<p>&nbsp;<\/p>\n<p><a href=\"https:\/\/www.cm-benavente.pt\/wp-content\/uploads\/2025\/02\/hugo-sousa-1080.jpg\"><img fetchpriority=\"high\" decoding=\"async\" class=\"alignnone size-full wp-image-66900\" src=\"https:\/\/www.cm-benavente.pt\/wp-content\/uploads\/2025\/02\/hugo-sousa-1080.jpg\" alt=\"\" width=\"940\" height=\"788\" srcset=\"https:\/\/www.cm-benavente.pt\/wp-content\/uploads\/2025\/02\/hugo-sousa-1080.jpg 940w, https:\/\/www.cm-benavente.pt\/wp-content\/uploads\/2025\/02\/hugo-sousa-1080-300x251.jpg 300w, https:\/\/www.cm-benavente.pt\/wp-content\/uploads\/2025\/02\/hugo-sousa-1080-768x644.jpg 768w, https:\/\/www.cm-benavente.pt\/wp-content\/uploads\/2025\/02\/hugo-sousa-1080-500x419.jpg 500w, https:\/\/www.cm-benavente.pt\/wp-content\/uploads\/2025\/02\/hugo-sousa-1080-800x671.jpg 800w\" sizes=\"(max-width: 940px) 100vw, 940px\" \/><\/a><\/p>\n","protected":false},"excerpt":{"rendered":"<p>Stand-Up Comedy &#8220;Hugo Sousa&#8221; 15 de mar\u00e7o \u00e0s 21:30h no Cineteatro de Benavente N\u00e3o perca esta oportunidade de assistir a um dos maiores nomes do stand-up nacional ao vivo! Entrada: 16\u20ac &#8211; 18\u20ac \u00e0 venda nas Lojas Tropikala (Largo Duarte Lopes n\u00ba 4, Benavente), RC Barber Shop (R. Maria Lu\u00edsa de Azevedo Borralho n34, Benavente) [&hellip;]<\/p>\n","protected":false},"author":3,"featured_media":66901,"comment_status":"closed","ping_status":"closed","template":"","meta":{"_vp_format_video_url":"","_vp_image_focal_point":[]},"tags":[16,1436,2622,2623,1435],"mec_category":[467],"class_list":["post-66899","mec-events","type-mec-events","status-publish","has-post-thumbnail","hentry","tag-benavente","tag-comedia","tag-hugo-sousa","tag-sardinha-assada-de-benavente","tag-stand-up","mec_category-geral"],"_links":{"self":[{"href":"https:\/\/www.cm-benavente.pt\/index.php\/wp-json\/wp\/v2\/mec-events\/66899","targetHints":{"allow":["GET"]}}],"collection":[{"href":"https:\/\/www.cm-benavente.pt\/index.php\/wp-json\/wp\/v2\/mec-events"}],"about":[{"href":"https:\/\/www.cm-benavente.pt\/index.php\/wp-json\/wp\/v2\/types\/mec-events"}],"author":[{"embeddable":true,"href":"https:\/\/www.cm-benavente.pt\/index.php\/wp-json\/wp\/v2\/users\/3"}],"replies":[{"embeddable":true,"href":"https:\/\/www.cm-benavente.pt\/index.php\/wp-json\/wp\/v2\/comments?post=66899"}],"version-history":[{"count":1,"href":"https:\/\/www.cm-benavente.pt\/index.php\/wp-json\/wp\/v2\/mec-events\/66899\/revisions"}],"predecessor-version":[{"id":66902,"href":"https:\/\/www.cm-benavente.pt\/index.php\/wp-json\/wp\/v2\/mec-events\/66899\/revisions\/66902"}],"wp:featuredmedia":[{"embeddable":true,"href":"https:\/\/www.cm-benavente.pt\/index.php\/wp-json\/wp\/v2\/media\/66901"}],"wp:attachment":[{"href":"https:\/\/www.cm-benavente.pt\/index.php\/wp-json\/wp\/v2\/media?parent=66899"}],"wp:term":[{"taxonomy":"post_tag","embeddable":true,"href":"https:\/\/www.cm-benavente.pt\/index.php\/wp-json\/wp\/v2\/tags?post=66899"},{"taxonomy":"mec_category","embeddable":true,"href":"https:\/\/www.cm-benavente.pt\/index.php\/wp-json\/wp\/v2\/mec_category?post=66899"}],"curies":[{"name":"wp","href":"https:\/\/api.w.org\/{rel}","templated":true}]}}

<p><strong>Stand-Up Comedy &#8220;Hugo Sousa&#8221;</strong></p>
<p><strong>15 de março às 21:30h</strong> no Cineteatro de Benavente</p>
<p>Não perca esta oportunidade de assistir a um dos maiores nomes do stand-up nacional ao vivo!</p>
<p><strong>Entrada:</strong> 16€ &#8211; 18€ à venda nas Lojas Tropikala (Largo Duarte Lopes nº 4, Benavente), RC Barber Shop (R. Maria Luísa de Azevedo Borralho n34, Benavente) e Cineteatro de Benavente</p>
<p><strong>Organização:</strong> Sardinha Assada de Benavente</p>
<p>&nbsp;</p>
<p><a href="https://www.cm-benavente.pt/wp-content/uploads/2025/02/hugo-sousa-1080.jpg"><img fetchpriority="high" decoding="async" class="alignnone size-full wp-image-66900" src="https://www.cm-benavente.pt/wp-content/uploads/2025/02/hugo-sousa-1080.jpg" alt="" width="940" height="788" srcset="https://www.cm-benavente.pt/wp-content/uploads/2025/02/hugo-sousa-1080.jpg 940w, https://www.cm-benavente.pt/wp-content/uploads/2025/02/hugo-sousa-1080-300x251.jpg 300w, https://www.cm-benavente.pt/wp-content/uploads/2025/02/hugo-sousa-1080-768x644.jpg 768w, https://www.cm-benavente.pt/wp-content/uploads/2025/02/hugo-sousa-1080-500x419.jpg 500w, https://www.cm-benavente.pt/wp-content/uploads/2025/02/hugo-sousa-1080-800x671.jpg 800w" sizes="(max-width: 940px) 100vw, 940px" /></a></p>

<p>Stand-Up Comedy &#8220;Hugo Sousa&#8221; 15 de março às 21:30h no Cineteatro de Benavente Não perca esta oportunidade de assistir a um dos maiores nomes do stand-up nacional ao vivo! Entrada: 16€ &#8211; 18€ à venda nas Lojas Tropikala (Largo Duarte Lopes nº 4, Benavente), RC Barber Shop (R. Maria Luísa de Azevedo Borralho n34, Benavente) [&hellip;]</p>
