{"id":66701,"date":"2025-02-17T14:35:41","date_gmt":"2025-02-17T14:35:41","guid":{"rendered":"https:\/\/www.cm-benavente.pt\/?post_type=mec-events&#038;p=66701"},"modified":"2025-02-17T14:35:41","modified_gmt":"2025-02-17T14:35:41","slug":"xii-festival-das-sopas","status":"publish","type":"mec-events","link":"https:\/\/www.cm-benavente.pt\/index.php\/events\/xii-festival-das-sopas\/","title":{"rendered":"XII Festival das Sopas"},"content":{"rendered":"<p><strong>XII Festival das Sopas<\/strong><\/p>\n<p><strong>08 de mar\u00e7o \u00e0s 19:00h<\/strong> na Sociedade Filarm\u00f3nica de Santo Est\u00eav\u00e3o<\/p>\n<p><strong>Entrada:<\/strong> Adultos 8\u20ac \/ Crian\u00e7as at\u00e9 aos 10 anos 5\u20ac (inclui tigela, sopa \u00e0 discri\u00e7\u00e3o, bebida, p\u00e3o e sobremesa)<\/p>\n<p><strong>Reservas:<\/strong> (s\u00f3cios a partir de 5 de fevereiro \/ n\u00e3o s\u00f3cios a partir de 20 de fevereiro) pelo n\u00famero <a href=\"tel:964808648\">964 808 648<\/a><\/p>\n<p><strong>Organiza\u00e7\u00e3o:<\/strong> Sociedade Filarm\u00f3nica de Santo Est\u00eav\u00e3o<\/p>\n<p>&nbsp;<\/p>\n<p><a href=\"https:\/\/www.cm-benavente.pt\/wp-content\/uploads\/2025\/02\/festival-das-sopas.jpg\"><img fetchpriority=\"high\" decoding=\"async\" class=\"alignnone size-large wp-image-66702\" src=\"https:\/\/www.cm-benavente.pt\/wp-content\/uploads\/2025\/02\/festival-das-sopas-819x1024.jpg\" alt=\"\" width=\"800\" height=\"1000\" srcset=\"https:\/\/www.cm-benavente.pt\/wp-content\/uploads\/2025\/02\/festival-das-sopas-819x1024.jpg 819w, https:\/\/www.cm-benavente.pt\/wp-content\/uploads\/2025\/02\/festival-das-sopas-240x300.jpg 240w, https:\/\/www.cm-benavente.pt\/wp-content\/uploads\/2025\/02\/festival-das-sopas-768x960.jpg 768w, https:\/\/www.cm-benavente.pt\/wp-content\/uploads\/2025\/02\/festival-das-sopas-1229x1536.jpg 1229w, https:\/\/www.cm-benavente.pt\/wp-content\/uploads\/2025\/02\/festival-das-sopas-500x625.jpg 500w, https:\/\/www.cm-benavente.pt\/wp-content\/uploads\/2025\/02\/festival-das-sopas-800x1000.jpg 800w, https:\/\/www.cm-benavente.pt\/wp-content\/uploads\/2025\/02\/festival-das-sopas-1280x1600.jpg 1280w, https:\/\/www.cm-benavente.pt\/wp-content\/uploads\/2025\/02\/festival-das-sopas.jpg 1440w\" sizes=\"(max-width: 800px) 100vw, 800px\" \/><\/a><\/p>\n","protected":false},"excerpt":{"rendered":"<p>XII Festival das Sopas 08 de mar\u00e7o \u00e0s 19:00h na Sociedade Filarm\u00f3nica de Santo Est\u00eav\u00e3o Entrada: Adultos 8\u20ac \/ Crian\u00e7as at\u00e9 aos 10 anos 5\u20ac (inclui tigela, sopa \u00e0 discri\u00e7\u00e3o, bebida, p\u00e3o e sobremesa) Reservas: (s\u00f3cios a partir de 5 de fevereiro \/ n\u00e3o s\u00f3cios a partir de 20 de fevereiro) pelo n\u00famero 964 808 [&hellip;]<\/p>\n","protected":false},"author":3,"featured_media":66703,"comment_status":"closed","ping_status":"closed","template":"","meta":{"_vp_format_video_url":"","_vp_image_focal_point":[]},"tags":[698,700,13,220,1128],"mec_category":[652],"class_list":["post-66701","mec-events","type-mec-events","status-publish","has-post-thumbnail","hentry","tag-festival","tag-gastronomia","tag-santo-estevao","tag-sociedade-filarmonica","tag-sopas","mec_category-gastronomia"],"_links":{"self":[{"href":"https:\/\/www.cm-benavente.pt\/index.php\/wp-json\/wp\/v2\/mec-events\/66701","targetHints":{"allow":["GET"]}}],"collection":[{"href":"https:\/\/www.cm-benavente.pt\/index.php\/wp-json\/wp\/v2\/mec-events"}],"about":[{"href":"https:\/\/www.cm-benavente.pt\/index.php\/wp-json\/wp\/v2\/types\/mec-events"}],"author":[{"embeddable":true,"href":"https:\/\/www.cm-benavente.pt\/index.php\/wp-json\/wp\/v2\/users\/3"}],"replies":[{"embeddable":true,"href":"https:\/\/www.cm-benavente.pt\/index.php\/wp-json\/wp\/v2\/comments?post=66701"}],"version-history":[{"count":1,"href":"https:\/\/www.cm-benavente.pt\/index.php\/wp-json\/wp\/v2\/mec-events\/66701\/revisions"}],"predecessor-version":[{"id":66704,"href":"https:\/\/www.cm-benavente.pt\/index.php\/wp-json\/wp\/v2\/mec-events\/66701\/revisions\/66704"}],"wp:featuredmedia":[{"embeddable":true,"href":"https:\/\/www.cm-benavente.pt\/index.php\/wp-json\/wp\/v2\/media\/66703"}],"wp:attachment":[{"href":"https:\/\/www.cm-benavente.pt\/index.php\/wp-json\/wp\/v2\/media?parent=66701"}],"wp:term":[{"taxonomy":"post_tag","embeddable":true,"href":"https:\/\/www.cm-benavente.pt\/index.php\/wp-json\/wp\/v2\/tags?post=66701"},{"taxonomy":"mec_category","embeddable":true,"href":"https:\/\/www.cm-benavente.pt\/index.php\/wp-json\/wp\/v2\/mec_category?post=66701"}],"curies":[{"name":"wp","href":"https:\/\/api.w.org\/{rel}","templated":true}]}}

<p><strong>XII Festival das Sopas</strong></p>
<p><strong>08 de março às 19:00h</strong> na Sociedade Filarmónica de Santo Estêvão</p>
<p><strong>Entrada:</strong> Adultos 8€ / Crianças até aos 10 anos 5€ (inclui tigela, sopa à discrição, bebida, pão e sobremesa)</p>
<p><strong>Reservas:</strong> (sócios a partir de 5 de fevereiro / não sócios a partir de 20 de fevereiro) pelo número <a href="tel:964808648">964 808 648</a></p>
<p><strong>Organização:</strong> Sociedade Filarmónica de Santo Estêvão</p>
<p>&nbsp;</p>
<p><a href="https://www.cm-benavente.pt/wp-content/uploads/2025/02/festival-das-sopas.jpg"><img fetchpriority="high" decoding="async" class="alignnone size-large wp-image-66702" src="https://www.cm-benavente.pt/wp-content/uploads/2025/02/festival-das-sopas-819x1024.jpg" alt="" width="800" height="1000" srcset="https://www.cm-benavente.pt/wp-content/uploads/2025/02/festival-das-sopas-819x1024.jpg 819w, https://www.cm-benavente.pt/wp-content/uploads/2025/02/festival-das-sopas-240x300.jpg 240w, https://www.cm-benavente.pt/wp-content/uploads/2025/02/festival-das-sopas-768x960.jpg 768w, https://www.cm-benavente.pt/wp-content/uploads/2025/02/festival-das-sopas-1229x1536.jpg 1229w, https://www.cm-benavente.pt/wp-content/uploads/2025/02/festival-das-sopas-500x625.jpg 500w, https://www.cm-benavente.pt/wp-content/uploads/2025/02/festival-das-sopas-800x1000.jpg 800w, https://www.cm-benavente.pt/wp-content/uploads/2025/02/festival-das-sopas-1280x1600.jpg 1280w, https://www.cm-benavente.pt/wp-content/uploads/2025/02/festival-das-sopas.jpg 1440w" sizes="(max-width: 800px) 100vw, 800px" /></a></p>

<p>XII Festival das Sopas 08 de março às 19:00h na Sociedade Filarmónica de Santo Estêvão Entrada: Adultos 8€ / Crianças até aos 10 anos 5€ (inclui tigela, sopa à discrição, bebida, pão e sobremesa) Reservas: (sócios a partir de 5 de fevereiro / não sócios a partir de 20 de fevereiro) pelo número 964 808 [&hellip;]</p>
