{"id":65194,"date":"2025-01-24T11:12:40","date_gmt":"2025-01-24T11:12:40","guid":{"rendered":"https:\/\/www.cm-benavente.pt\/?post_type=mec-events&#038;p=65194"},"modified":"2025-01-24T11:12:40","modified_gmt":"2025-01-24T11:12:40","slug":"gdb-jogos-25-e-26-janeiro-2025","status":"publish","type":"mec-events","link":"https:\/\/www.cm-benavente.pt\/index.php\/events\/gdb-jogos-25-e-26-janeiro-2025\/","title":{"rendered":"GDB | Jogos 25 e 26 janeiro 2025"},"content":{"rendered":"<p>\ud835\udc12\u00c1\ud835\udc01\ud835\udc00\ud835\udc03\ud835\udc0e, \ud835\udfd0\ud835\udfd3 \ud835\udc09\ud835\udc00\ud835\udc0d\ud835\udc04\ud835\udc08\ud835\udc11\ud835\udc0e<\/p>\n<p>\ud835\udc12\ud835\udc14\ud835\udc01-\ud835\udfce\ud835\udfd4<br \/>\nENCONTRO SUB-07 AF SANTAR\u00c9M<br \/>\nSCD Gl\u00f3ria, EF GD Benavente, Acad. Santar\u00e9m, EFC Ouriquense, UD Santar\u00e9m<br \/>\nLocal: Gl\u00f3ria do Ribatejo, pelas 15h00<\/p>\n<p>\ud835\udc12\ud835\udc14\ud835\udc01-\ud835\udfcf\ud835\udfce<br \/>\nJOGO PARTICULAR<br \/>\nAcad. Santar\u00e9m vs EF GD Benavente<br \/>\nLocal: Escola Agr\u00e1ria (Santar\u00e9m), pelas 11h00<\/p>\n<p>\ud835\udc12\ud835\udc14\ud835\udc01-\ud835\udfcf\ud835\udfcf &#8220;\ud835\udc01&#8221;<br \/>\nLIGA BENJAMINS AF SANTAR\u00c9M<br \/>\nAR Porto Alto vs EF GD Benavente<br \/>\nLocal: Porto Alto, pelas 10h30<\/p>\n<p>\ud835\udc12\ud835\udc14\ud835\udc01-\ud835\udfcf\ud835\udfcf &#8220;\ud835\udc00&#8221;<br \/>\nTORNEIO GUS<br \/>\nGUS Montemor, Vit\u00f3ria Set\u00fabal, CAAF, EF GD Benavente e Olimpico do Montijo<br \/>\nLocal: Montemor-o-Novo, pelas 15h00<\/p>\n<p>\ud835\udc08\ud835\udc0d\ud835\udc05\ud835\udc00\ud835\udc0d\ud835\udc13\ud835\udc08\ud835\udc12 &#8220;\ud835\udc01&#8221;<br \/>\nTORNEIO CD &#8220;OS \u00c1GUIAS&#8221;<br \/>\nCD &#8220;Os \u00c1guias&#8221;, ARCD Fajardense, NS Rio Maior e EF GD Benavente<br \/>\nLocal: Alpiar\u00e7a, pelas 09h00<\/p>\n<p>\ud835\udc03\ud835\udc0e\ud835\udc0c\ud835\udc08\ud835\udc0d\ud835\udc06\ud835\udc0e, \ud835\udfd0\ud835\udfd4 \ud835\udc09\ud835\udc00\ud835\udc0d\ud835\udc04\ud835\udc08\ud835\udc11\ud835\udc0e<\/p>\n<p>\ud835\udc12\ud835\udc14\ud835\udc01-\ud835\udfce\ud835\udfd4<br \/>\nTORNEIO &#8220;TA\u00c7A DO AMBIENTE&#8221;<br \/>\nAD Fazendense, EF GD Benavente, U. Chamusca, Ol\u00edmpico Montijo, entre outras<br \/>\nLocal: Fazendas de Almeirim, a partir das 9h<\/p>\n<p>\ud835\udc12\ud835\udc14\ud835\udc01-\ud835\udfce\ud835\udfd5<br \/>\nENCONTRO AF SANTAR\u00c9M<br \/>\nCD Salvaterrense, EF GD Benavente, GD Marinhais, GD Samora Correia, SL Cartaxo, ARCD Fajardense e Arepa<br \/>\nLocal: Pont\u00e9vel, pelas 10h00<\/p>\n<p>\ud835\udc12\ud835\udc14\ud835\udc01-\ud835\udfce\ud835\udfd6<br \/>\nXIII TORNEIO DOS REIS<br \/>\nGrp A: Footkart &#8220;A&#8221;, UFCI Tomar e EAS Povoa Sta Iria<br \/>\nGrp B: Footkart &#8220;B&#8221;, EF GD Benavente e D. Jo\u00e3o I<br \/>\nLocal: Almeirim, pelas 09h30<\/p>\n<p>\ud835\udc12\ud835\udc14\ud835\udc01-\ud835\udfce\ud835\udfd7<br \/>\nATIVIDADE SL BENFICA<br \/>\nSL Benfica vs EF GD Benavente<br \/>\nLocal: Cidade Universit\u00e1ria Lisboa (EUL) n\u00ba 3, pelas 10h30<\/p>\n<p>\ud835\udc08\ud835\udc0d\ud835\udc05\ud835\udc00\ud835\udc0d\ud835\udc13\ud835\udc08\ud835\udc12 &#8220;\ud835\udc00&#8221;<br \/>\nXIII TORNEIO DOS REIS (FUTEBOL 9)<br \/>\nFootkart, EF GD Benavente, Charneca Caparica, UA Povoense<br \/>\nLocal: Almeirim, pelas 14h30<\/p>\n<p>\ud835\udc08\ud835\udc0d\ud835\udc08\ud835\udc02\ud835\udc08\ud835\udc00\ud835\udc03\ud835\udc0e\ud835\udc12 &#8220;\ud835\udc01&#8221;<br \/>\nCAMPEONATO AF SANTAR\u00c9M<br \/>\nEF GD Benavente vs GD Coruchense<br \/>\nLocal: Complexo dos Camarinhais, pelas 9h00<\/p>\n<p>\ud835\udc09\ud835\udc14\ud835\udc15\ud835\udc04\ud835\udc0d\ud835\udc08\ud835\udc12<br \/>\nCAMPEONATO 1\u00aa DIVIS\u00c3O AF SANTAR\u00c9M<br \/>\nEF GD Benavente vs CADE &#8220;B&#8221;<br \/>\nLocal: Complexo dos Camarinhais, pelas 11h00<br \/>\n* Sujeito a atualiza\u00e7\u00e3o<\/p>\n","protected":false},"excerpt":{"rendered":"<p>\ud835\udc12\u00c1\ud835\udc01\ud835\udc00\ud835\udc03\ud835\udc0e, \ud835\udfd0\ud835\udfd3 \ud835\udc09\ud835\udc00\ud835\udc0d\ud835\udc04\ud835\udc08\ud835\udc11\ud835\udc0e \ud835\udc12\ud835\udc14\ud835\udc01-\ud835\udfce\ud835\udfd4 ENCONTRO SUB-07 AF SANTAR\u00c9M SCD Gl\u00f3ria, EF GD Benavente, Acad. Santar\u00e9m, EFC Ouriquense, UD Santar\u00e9m Local: Gl\u00f3ria do Ribatejo, pelas 15h00 \ud835\udc12\ud835\udc14\ud835\udc01-\ud835\udfcf\ud835\udfce JOGO PARTICULAR Acad. Santar\u00e9m vs EF GD Benavente Local: Escola Agr\u00e1ria (Santar\u00e9m), pelas 11h00 \ud835\udc12\ud835\udc14\ud835\udc01-\ud835\udfcf\ud835\udfcf &#8220;\ud835\udc01&#8221; LIGA BENJAMINS AF SANTAR\u00c9M AR Porto Alto vs EF GD Benavente Local: Porto [&hellip;]<\/p>\n","protected":false},"author":3,"featured_media":39903,"comment_status":"closed","ping_status":"closed","template":"","meta":{"_vp_format_video_url":"","_vp_image_focal_point":[]},"tags":[16,124,12,1107],"mec_category":[1111],"class_list":["post-65194","mec-events","type-mec-events","status-publish","has-post-thumbnail","hentry","tag-benavente","tag-desporto","tag-futebol","tag-gdb","mec_category-futebol"],"_links":{"self":[{"href":"https:\/\/www.cm-benavente.pt\/index.php\/wp-json\/wp\/v2\/mec-events\/65194","targetHints":{"allow":["GET"]}}],"collection":[{"href":"https:\/\/www.cm-benavente.pt\/index.php\/wp-json\/wp\/v2\/mec-events"}],"about":[{"href":"https:\/\/www.cm-benavente.pt\/index.php\/wp-json\/wp\/v2\/types\/mec-events"}],"author":[{"embeddable":true,"href":"https:\/\/www.cm-benavente.pt\/index.php\/wp-json\/wp\/v2\/users\/3"}],"replies":[{"embeddable":true,"href":"https:\/\/www.cm-benavente.pt\/index.php\/wp-json\/wp\/v2\/comments?post=65194"}],"version-history":[{"count":2,"href":"https:\/\/www.cm-benavente.pt\/index.php\/wp-json\/wp\/v2\/mec-events\/65194\/revisions"}],"predecessor-version":[{"id":65196,"href":"https:\/\/www.cm-benavente.pt\/index.php\/wp-json\/wp\/v2\/mec-events\/65194\/revisions\/65196"}],"wp:featuredmedia":[{"embeddable":true,"href":"https:\/\/www.cm-benavente.pt\/index.php\/wp-json\/wp\/v2\/media\/39903"}],"wp:attachment":[{"href":"https:\/\/www.cm-benavente.pt\/index.php\/wp-json\/wp\/v2\/media?parent=65194"}],"wp:term":[{"taxonomy":"post_tag","embeddable":true,"href":"https:\/\/www.cm-benavente.pt\/index.php\/wp-json\/wp\/v2\/tags?post=65194"},{"taxonomy":"mec_category","embeddable":true,"href":"https:\/\/www.cm-benavente.pt\/index.php\/wp-json\/wp\/v2\/mec_category?post=65194"}],"curies":[{"name":"wp","href":"https:\/\/api.w.org\/{rel}","templated":true}]}}

<p>𝐒Á𝐁𝐀𝐃𝐎, 𝟐𝟓 𝐉𝐀𝐍𝐄𝐈𝐑𝐎</p>
<p>𝐒𝐔𝐁-𝟎𝟔<br />
ENCONTRO SUB-07 AF SANTARÉM<br />
SCD Glória, EF GD Benavente, Acad. Santarém, EFC Ouriquense, UD Santarém<br />
Local: Glória do Ribatejo, pelas 15h00</p>
<p>𝐒𝐔𝐁-𝟏𝟎<br />
JOGO PARTICULAR<br />
Acad. Santarém vs EF GD Benavente<br />
Local: Escola Agrária (Santarém), pelas 11h00</p>
<p>𝐒𝐔𝐁-𝟏𝟏 &#8220;𝐁&#8221;<br />
LIGA BENJAMINS AF SANTARÉM<br />
AR Porto Alto vs EF GD Benavente<br />
Local: Porto Alto, pelas 10h30</p>
<p>𝐒𝐔𝐁-𝟏𝟏 &#8220;𝐀&#8221;<br />
TORNEIO GUS<br />
GUS Montemor, Vitória Setúbal, CAAF, EF GD Benavente e Olimpico do Montijo<br />
Local: Montemor-o-Novo, pelas 15h00</p>
<p>𝐈𝐍𝐅𝐀𝐍𝐓𝐈𝐒 &#8220;𝐁&#8221;<br />
TORNEIO CD &#8220;OS ÁGUIAS&#8221;<br />
CD &#8220;Os Águias&#8221;, ARCD Fajardense, NS Rio Maior e EF GD Benavente<br />
Local: Alpiarça, pelas 09h00</p>
<p>𝐃𝐎𝐌𝐈𝐍𝐆𝐎, 𝟐𝟔 𝐉𝐀𝐍𝐄𝐈𝐑𝐎</p>
<p>𝐒𝐔𝐁-𝟎𝟔<br />
TORNEIO &#8220;TAÇA DO AMBIENTE&#8221;<br />
AD Fazendense, EF GD Benavente, U. Chamusca, Olímpico Montijo, entre outras<br />
Local: Fazendas de Almeirim, a partir das 9h</p>
<p>𝐒𝐔𝐁-𝟎𝟕<br />
ENCONTRO AF SANTARÉM<br />
CD Salvaterrense, EF GD Benavente, GD Marinhais, GD Samora Correia, SL Cartaxo, ARCD Fajardense e Arepa<br />
Local: Pontével, pelas 10h00</p>
<p>𝐒𝐔𝐁-𝟎𝟖<br />
XIII TORNEIO DOS REIS<br />
Grp A: Footkart &#8220;A&#8221;, UFCI Tomar e EAS Povoa Sta Iria<br />
Grp B: Footkart &#8220;B&#8221;, EF GD Benavente e D. João I<br />
Local: Almeirim, pelas 09h30</p>
<p>𝐒𝐔𝐁-𝟎𝟗<br />
ATIVIDADE SL BENFICA<br />
SL Benfica vs EF GD Benavente<br />
Local: Cidade Universitária Lisboa (EUL) nº 3, pelas 10h30</p>
<p>𝐈𝐍𝐅𝐀𝐍𝐓𝐈𝐒 &#8220;𝐀&#8221;<br />
XIII TORNEIO DOS REIS (FUTEBOL 9)<br />
Footkart, EF GD Benavente, Charneca Caparica, UA Povoense<br />
Local: Almeirim, pelas 14h30</p>
<p>𝐈𝐍𝐈𝐂𝐈𝐀𝐃𝐎𝐒 &#8220;𝐁&#8221;<br />
CAMPEONATO AF SANTARÉM<br />
EF GD Benavente vs GD Coruchense<br />
Local: Complexo dos Camarinhais, pelas 9h00</p>
<p>𝐉𝐔𝐕𝐄𝐍𝐈𝐒<br />
CAMPEONATO 1ª DIVISÃO AF SANTARÉM<br />
EF GD Benavente vs CADE &#8220;B&#8221;<br />
Local: Complexo dos Camarinhais, pelas 11h00<br />
* Sujeito a atualização</p>

<p>𝐒Á𝐁𝐀𝐃𝐎, 𝟐𝟓 𝐉𝐀𝐍𝐄𝐈𝐑𝐎 𝐒𝐔𝐁-𝟎𝟔 ENCONTRO SUB-07 AF SANTARÉM SCD Glória, EF GD Benavente, Acad. Santarém, EFC Ouriquense, UD Santarém Local: Glória do Ribatejo, pelas 15h00 𝐒𝐔𝐁-𝟏𝟎 JOGO PARTICULAR Acad. Santarém vs EF GD Benavente Local: Escola Agrária (Santarém), pelas 11h00 𝐒𝐔𝐁-𝟏𝟏 &#8220;𝐁&#8221; LIGA BENJAMINS AF SANTARÉM AR Porto Alto vs EF GD Benavente Local: Porto [&hellip;]</p>
