{"id":64919,"date":"2025-01-15T12:25:15","date_gmt":"2025-01-15T12:25:15","guid":{"rendered":"https:\/\/www.cm-benavente.pt\/?post_type=mec-events&#038;p=64919"},"modified":"2025-01-23T14:27:56","modified_gmt":"2025-01-23T14:27:56","slug":"concerto-com-neiva","status":"publish","type":"mec-events","link":"https:\/\/www.cm-benavente.pt\/index.php\/events\/concerto-com-neiva\/","title":{"rendered":"Concerto com Neiva"},"content":{"rendered":"<p><strong>Concerto com Neiva<\/strong><\/p>\n<p><strong>01 de fevereiro \u00e0s 21:00h<\/strong> no Cineteatro de Benavente<\/p>\n<p>Apresenta\u00e7\u00e3o dos trabalhos do m\u00fasico com os convidados: Lu\u00eds Sequeira, Catarina Neiva, Isaac Pimenta e Roberto Matos.<\/p>\n<p><strong>Entradas:<\/strong> 7\u20ac \u00e0 venda no Cineteatro<\/p>\n<p><strong>Reservas:<\/strong> <a href=\"tel:263519637\">263 519 637<\/a><\/p>\n<p>&nbsp;<\/p>\n<p><a href=\"https:\/\/www.cm-benavente.pt\/wp-content\/uploads\/2025\/01\/NEIVA-NOVO-1X1.jpg\"><img fetchpriority=\"high\" decoding=\"async\" class=\"alignnone size-large wp-image-65134\" src=\"https:\/\/www.cm-benavente.pt\/wp-content\/uploads\/2025\/01\/NEIVA-NOVO-1X1-1024x1024.jpg\" alt=\"\" width=\"800\" height=\"800\" srcset=\"https:\/\/www.cm-benavente.pt\/wp-content\/uploads\/2025\/01\/NEIVA-NOVO-1X1-1024x1024.jpg 1024w, https:\/\/www.cm-benavente.pt\/wp-content\/uploads\/2025\/01\/NEIVA-NOVO-1X1-300x300.jpg 300w, https:\/\/www.cm-benavente.pt\/wp-content\/uploads\/2025\/01\/NEIVA-NOVO-1X1-150x150.jpg 150w, https:\/\/www.cm-benavente.pt\/wp-content\/uploads\/2025\/01\/NEIVA-NOVO-1X1-768x768.jpg 768w, https:\/\/www.cm-benavente.pt\/wp-content\/uploads\/2025\/01\/NEIVA-NOVO-1X1-500x500.jpg 500w, https:\/\/www.cm-benavente.pt\/wp-content\/uploads\/2025\/01\/NEIVA-NOVO-1X1-800x800.jpg 800w, https:\/\/www.cm-benavente.pt\/wp-content\/uploads\/2025\/01\/NEIVA-NOVO-1X1.jpg 1080w\" sizes=\"(max-width: 800px) 100vw, 800px\" \/><\/a><\/p>\n<p>&nbsp;<\/p>\n","protected":false},"excerpt":{"rendered":"<p>Concerto com Neiva 01 de fevereiro \u00e0s 21:00h no Cineteatro de Benavente Apresenta\u00e7\u00e3o dos trabalhos do m\u00fasico com os convidados: Lu\u00eds Sequeira, Catarina Neiva, Isaac Pimenta e Roberto Matos. Entradas: 7\u20ac \u00e0 venda no Cineteatro Reservas: 263 519 637 &nbsp; &nbsp;<\/p>\n","protected":false},"author":3,"featured_media":64921,"comment_status":"closed","ping_status":"closed","template":"","meta":{"_vp_format_video_url":"","_vp_image_focal_point":[]},"tags":[16,58,4,2534],"mec_category":[464],"class_list":["post-64919","mec-events","type-mec-events","status-publish","has-post-thumbnail","hentry","tag-benavente","tag-cineteatro","tag-musica","tag-neiva","mec_category-musica"],"_links":{"self":[{"href":"https:\/\/www.cm-benavente.pt\/index.php\/wp-json\/wp\/v2\/mec-events\/64919","targetHints":{"allow":["GET"]}}],"collection":[{"href":"https:\/\/www.cm-benavente.pt\/index.php\/wp-json\/wp\/v2\/mec-events"}],"about":[{"href":"https:\/\/www.cm-benavente.pt\/index.php\/wp-json\/wp\/v2\/types\/mec-events"}],"author":[{"embeddable":true,"href":"https:\/\/www.cm-benavente.pt\/index.php\/wp-json\/wp\/v2\/users\/3"}],"replies":[{"embeddable":true,"href":"https:\/\/www.cm-benavente.pt\/index.php\/wp-json\/wp\/v2\/comments?post=64919"}],"version-history":[{"count":3,"href":"https:\/\/www.cm-benavente.pt\/index.php\/wp-json\/wp\/v2\/mec-events\/64919\/revisions"}],"predecessor-version":[{"id":65136,"href":"https:\/\/www.cm-benavente.pt\/index.php\/wp-json\/wp\/v2\/mec-events\/64919\/revisions\/65136"}],"wp:featuredmedia":[{"embeddable":true,"href":"https:\/\/www.cm-benavente.pt\/index.php\/wp-json\/wp\/v2\/media\/64921"}],"wp:attachment":[{"href":"https:\/\/www.cm-benavente.pt\/index.php\/wp-json\/wp\/v2\/media?parent=64919"}],"wp:term":[{"taxonomy":"post_tag","embeddable":true,"href":"https:\/\/www.cm-benavente.pt\/index.php\/wp-json\/wp\/v2\/tags?post=64919"},{"taxonomy":"mec_category","embeddable":true,"href":"https:\/\/www.cm-benavente.pt\/index.php\/wp-json\/wp\/v2\/mec_category?post=64919"}],"curies":[{"name":"wp","href":"https:\/\/api.w.org\/{rel}","templated":true}]}}

<p><strong>Concerto com Neiva</strong></p>
<p><strong>01 de fevereiro às 21:00h</strong> no Cineteatro de Benavente</p>
<p>Apresentação dos trabalhos do músico com os convidados: Luís Sequeira, Catarina Neiva, Isaac Pimenta e Roberto Matos.</p>
<p><strong>Entradas:</strong> 7€ à venda no Cineteatro</p>
<p><strong>Reservas:</strong> <a href="tel:263519637">263 519 637</a></p>
<p>&nbsp;</p>
<p><a href="https://www.cm-benavente.pt/wp-content/uploads/2025/01/NEIVA-NOVO-1X1.jpg"><img fetchpriority="high" decoding="async" class="alignnone size-large wp-image-65134" src="https://www.cm-benavente.pt/wp-content/uploads/2025/01/NEIVA-NOVO-1X1-1024x1024.jpg" alt="" width="800" height="800" srcset="https://www.cm-benavente.pt/wp-content/uploads/2025/01/NEIVA-NOVO-1X1-1024x1024.jpg 1024w, https://www.cm-benavente.pt/wp-content/uploads/2025/01/NEIVA-NOVO-1X1-300x300.jpg 300w, https://www.cm-benavente.pt/wp-content/uploads/2025/01/NEIVA-NOVO-1X1-150x150.jpg 150w, https://www.cm-benavente.pt/wp-content/uploads/2025/01/NEIVA-NOVO-1X1-768x768.jpg 768w, https://www.cm-benavente.pt/wp-content/uploads/2025/01/NEIVA-NOVO-1X1-500x500.jpg 500w, https://www.cm-benavente.pt/wp-content/uploads/2025/01/NEIVA-NOVO-1X1-800x800.jpg 800w, https://www.cm-benavente.pt/wp-content/uploads/2025/01/NEIVA-NOVO-1X1.jpg 1080w" sizes="(max-width: 800px) 100vw, 800px" /></a></p>
<p>&nbsp;</p>

<p>Concerto com Neiva 01 de fevereiro às 21:00h no Cineteatro de Benavente Apresentação dos trabalhos do músico com os convidados: Luís Sequeira, Catarina Neiva, Isaac Pimenta e Roberto Matos. Entradas: 7€ à venda no Cineteatro Reservas: 263 519 637 &nbsp; &nbsp;</p>
