{"id":64915,"date":"2025-01-15T12:16:18","date_gmt":"2025-01-15T12:16:18","guid":{"rendered":"https:\/\/www.cm-benavente.pt\/?post_type=mec-events&#038;p=64915"},"modified":"2025-01-15T12:16:18","modified_gmt":"2025-01-15T12:16:18","slug":"feira-das-sopas-arroz-doce-e-bolo-branco-da-barrosa","status":"publish","type":"mec-events","link":"https:\/\/www.cm-benavente.pt\/index.php\/events\/feira-das-sopas-arroz-doce-e-bolo-branco-da-barrosa\/","title":{"rendered":"Feira das Sopas, Arroz Doce e Bolo Branco da Barrosa"},"content":{"rendered":"<p><strong>Feira das Sopas, Arroz Doce e Bolo Branco da Barrosa<\/strong><\/p>\n<p><strong>01 de fevereiro<\/strong> na Sede da Associa\u00e7\u00e3o de Festas em Honra de Nossa Senhora de F\u00e1tima, Barrosa<\/p>\n<p>Preparem-se para um dia repleto de sabores tradicionais e muita anima\u00e7\u00e3o. Venham degustar as deliciosas sopas, tudo \u00e0 discri\u00e7\u00e3o!<\/p>\n<p><strong>Almo\u00e7o:<\/strong> 12:00h | <strong>Jantar:<\/strong> 19:00h<\/p>\n<p><strong>Entradas:<\/strong> 6 Sopas (Almo\u00e7o OU Jantar), 10 Sopas (Almo\u00e7o + Jantar) &#8211; Inclui tigela, sopa \u00e0 discri\u00e7\u00e3o, arroz doce e bolo branco.<\/p>\n<p><strong>Organiza\u00e7\u00e3o:<\/strong> Associa\u00e7\u00e3o de Festas em Honra de Nossa Senhora de F\u00e1tima da Barrosa<\/p>\n<p>&nbsp;<\/p>\n<p><a href=\"https:\/\/www.cm-benavente.pt\/wp-content\/uploads\/2025\/01\/feira-sopas-barrosa-cartaz.jpg\"><img fetchpriority=\"high\" decoding=\"async\" class=\"alignnone size-large wp-image-64916\" src=\"https:\/\/www.cm-benavente.pt\/wp-content\/uploads\/2025\/01\/feira-sopas-barrosa-cartaz-724x1024.jpg\" alt=\"\" width=\"724\" height=\"1024\" srcset=\"https:\/\/www.cm-benavente.pt\/wp-content\/uploads\/2025\/01\/feira-sopas-barrosa-cartaz-724x1024.jpg 724w, https:\/\/www.cm-benavente.pt\/wp-content\/uploads\/2025\/01\/feira-sopas-barrosa-cartaz-212x300.jpg 212w, https:\/\/www.cm-benavente.pt\/wp-content\/uploads\/2025\/01\/feira-sopas-barrosa-cartaz-768x1086.jpg 768w, https:\/\/www.cm-benavente.pt\/wp-content\/uploads\/2025\/01\/feira-sopas-barrosa-cartaz-1086x1536.jpg 1086w, https:\/\/www.cm-benavente.pt\/wp-content\/uploads\/2025\/01\/feira-sopas-barrosa-cartaz-500x707.jpg 500w, https:\/\/www.cm-benavente.pt\/wp-content\/uploads\/2025\/01\/feira-sopas-barrosa-cartaz-800x1132.jpg 800w, https:\/\/www.cm-benavente.pt\/wp-content\/uploads\/2025\/01\/feira-sopas-barrosa-cartaz-1280x1810.jpg 1280w, https:\/\/www.cm-benavente.pt\/wp-content\/uploads\/2025\/01\/feira-sopas-barrosa-cartaz.jpg 1414w\" sizes=\"(max-width: 724px) 100vw, 724px\" \/><\/a><\/p>\n","protected":false},"excerpt":{"rendered":"<p>Feira das Sopas, Arroz Doce e Bolo Branco da Barrosa 01 de fevereiro na Sede da Associa\u00e7\u00e3o de Festas em Honra de Nossa Senhora de F\u00e1tima, Barrosa Preparem-se para um dia repleto de sabores tradicionais e muita anima\u00e7\u00e3o. Venham degustar as deliciosas sopas, tudo \u00e0 discri\u00e7\u00e3o! Almo\u00e7o: 12:00h | Jantar: 19:00h Entradas: 6 Sopas (Almo\u00e7o [&hellip;]<\/p>\n","protected":false},"author":3,"featured_media":64917,"comment_status":"closed","ping_status":"closed","template":"","meta":{"_vp_format_video_url":"","_vp_image_focal_point":[]},"tags":[943,185,942,819,700,941],"mec_category":[652],"class_list":["post-64915","mec-events","type-mec-events","status-publish","has-post-thumbnail","hentry","tag-arroz-doce","tag-barrosa","tag-bolo-branco","tag-feira","tag-gastronomia","tag-sopa","mec_category-gastronomia"],"_links":{"self":[{"href":"https:\/\/www.cm-benavente.pt\/index.php\/wp-json\/wp\/v2\/mec-events\/64915","targetHints":{"allow":["GET"]}}],"collection":[{"href":"https:\/\/www.cm-benavente.pt\/index.php\/wp-json\/wp\/v2\/mec-events"}],"about":[{"href":"https:\/\/www.cm-benavente.pt\/index.php\/wp-json\/wp\/v2\/types\/mec-events"}],"author":[{"embeddable":true,"href":"https:\/\/www.cm-benavente.pt\/index.php\/wp-json\/wp\/v2\/users\/3"}],"replies":[{"embeddable":true,"href":"https:\/\/www.cm-benavente.pt\/index.php\/wp-json\/wp\/v2\/comments?post=64915"}],"version-history":[{"count":1,"href":"https:\/\/www.cm-benavente.pt\/index.php\/wp-json\/wp\/v2\/mec-events\/64915\/revisions"}],"predecessor-version":[{"id":64918,"href":"https:\/\/www.cm-benavente.pt\/index.php\/wp-json\/wp\/v2\/mec-events\/64915\/revisions\/64918"}],"wp:featuredmedia":[{"embeddable":true,"href":"https:\/\/www.cm-benavente.pt\/index.php\/wp-json\/wp\/v2\/media\/64917"}],"wp:attachment":[{"href":"https:\/\/www.cm-benavente.pt\/index.php\/wp-json\/wp\/v2\/media?parent=64915"}],"wp:term":[{"taxonomy":"post_tag","embeddable":true,"href":"https:\/\/www.cm-benavente.pt\/index.php\/wp-json\/wp\/v2\/tags?post=64915"},{"taxonomy":"mec_category","embeddable":true,"href":"https:\/\/www.cm-benavente.pt\/index.php\/wp-json\/wp\/v2\/mec_category?post=64915"}],"curies":[{"name":"wp","href":"https:\/\/api.w.org\/{rel}","templated":true}]}}

<p><strong>Feira das Sopas, Arroz Doce e Bolo Branco da Barrosa</strong></p>
<p><strong>01 de fevereiro</strong> na Sede da Associação de Festas em Honra de Nossa Senhora de Fátima, Barrosa</p>
<p>Preparem-se para um dia repleto de sabores tradicionais e muita animação. Venham degustar as deliciosas sopas, tudo à discrição!</p>
<p><strong>Almoço:</strong> 12:00h | <strong>Jantar:</strong> 19:00h</p>
<p><strong>Entradas:</strong> 6 Sopas (Almoço OU Jantar), 10 Sopas (Almoço + Jantar) &#8211; Inclui tigela, sopa à discrição, arroz doce e bolo branco.</p>
<p><strong>Organização:</strong> Associação de Festas em Honra de Nossa Senhora de Fátima da Barrosa</p>
<p>&nbsp;</p>
<p><a href="https://www.cm-benavente.pt/wp-content/uploads/2025/01/feira-sopas-barrosa-cartaz.jpg"><img fetchpriority="high" decoding="async" class="alignnone size-large wp-image-64916" src="https://www.cm-benavente.pt/wp-content/uploads/2025/01/feira-sopas-barrosa-cartaz-724x1024.jpg" alt="" width="724" height="1024" srcset="https://www.cm-benavente.pt/wp-content/uploads/2025/01/feira-sopas-barrosa-cartaz-724x1024.jpg 724w, https://www.cm-benavente.pt/wp-content/uploads/2025/01/feira-sopas-barrosa-cartaz-212x300.jpg 212w, https://www.cm-benavente.pt/wp-content/uploads/2025/01/feira-sopas-barrosa-cartaz-768x1086.jpg 768w, https://www.cm-benavente.pt/wp-content/uploads/2025/01/feira-sopas-barrosa-cartaz-1086x1536.jpg 1086w, https://www.cm-benavente.pt/wp-content/uploads/2025/01/feira-sopas-barrosa-cartaz-500x707.jpg 500w, https://www.cm-benavente.pt/wp-content/uploads/2025/01/feira-sopas-barrosa-cartaz-800x1132.jpg 800w, https://www.cm-benavente.pt/wp-content/uploads/2025/01/feira-sopas-barrosa-cartaz-1280x1810.jpg 1280w, https://www.cm-benavente.pt/wp-content/uploads/2025/01/feira-sopas-barrosa-cartaz.jpg 1414w" sizes="(max-width: 724px) 100vw, 724px" /></a></p>

<p>Feira das Sopas, Arroz Doce e Bolo Branco da Barrosa 01 de fevereiro na Sede da Associação de Festas em Honra de Nossa Senhora de Fátima, Barrosa Preparem-se para um dia repleto de sabores tradicionais e muita animação. Venham degustar as deliciosas sopas, tudo à discrição! Almoço: 12:00h | Jantar: 19:00h Entradas: 6 Sopas (Almoço [&hellip;]</p>
