{"id":64912,"date":"2025-01-15T12:07:39","date_gmt":"2025-01-15T12:07:39","guid":{"rendered":"https:\/\/www.cm-benavente.pt\/?post_type=mec-events&#038;p=64912"},"modified":"2025-01-15T12:07:39","modified_gmt":"2025-01-15T12:07:39","slug":"teatro-bem-vindos-a-bordo-2","status":"publish","type":"mec-events","link":"https:\/\/www.cm-benavente.pt\/index.php\/events\/teatro-bem-vindos-a-bordo-2\/","title":{"rendered":"Teatro \u201cBem-vindos a Bordo\u201d"},"content":{"rendered":"<p><strong>Teatro \u201cBem-vindos a Bordo\u201d <\/strong><\/p>\n<p><strong>01 de fevereiro \u00e0s 21:30h<\/strong> no Centro Social dos Foros de Almada<\/p>\n<p>A pe\u00e7a tem apoio \u00e0 encena\u00e7\u00e3o\/dramaturgia de Sim\u00e3o Biernat.<\/p>\n<p>As <strong>entradas<\/strong> ter\u00e3o um custo de 5 lemos, s\u00e3o limitadas \u00e0 lota\u00e7\u00e3o do espa\u00e7o.<\/p>\n<p><strong>Reservas<\/strong> por e-mail <a href=\"mailto:reservas@sfse.pt\">reservas@sfse.pt<\/a> \u00a0contacto: <a href=\"tel:912089288\">912 089 288<\/a><\/p>\n<p><strong>Organiza\u00e7\u00e3o:<\/strong> Grupo de Teatro da Sociedade Filarm\u00f3nica de Santo Est\u00eav\u00e3o<\/p>\n<p>&nbsp;<\/p>\n<p><a href=\"https:\/\/www.cm-benavente.pt\/wp-content\/uploads\/2025\/01\/bem-vindos-a-bordo-cartaz.jpg\"><img fetchpriority=\"high\" decoding=\"async\" class=\"alignnone size-large wp-image-64913\" src=\"https:\/\/www.cm-benavente.pt\/wp-content\/uploads\/2025\/01\/bem-vindos-a-bordo-cartaz-819x1024.jpg\" alt=\"\" width=\"800\" height=\"1000\" srcset=\"https:\/\/www.cm-benavente.pt\/wp-content\/uploads\/2025\/01\/bem-vindos-a-bordo-cartaz-819x1024.jpg 819w, https:\/\/www.cm-benavente.pt\/wp-content\/uploads\/2025\/01\/bem-vindos-a-bordo-cartaz-240x300.jpg 240w, https:\/\/www.cm-benavente.pt\/wp-content\/uploads\/2025\/01\/bem-vindos-a-bordo-cartaz-768x960.jpg 768w, https:\/\/www.cm-benavente.pt\/wp-content\/uploads\/2025\/01\/bem-vindos-a-bordo-cartaz-1228x1536.jpg 1228w, https:\/\/www.cm-benavente.pt\/wp-content\/uploads\/2025\/01\/bem-vindos-a-bordo-cartaz-500x625.jpg 500w, https:\/\/www.cm-benavente.pt\/wp-content\/uploads\/2025\/01\/bem-vindos-a-bordo-cartaz-800x1000.jpg 800w, https:\/\/www.cm-benavente.pt\/wp-content\/uploads\/2025\/01\/bem-vindos-a-bordo-cartaz-1280x1600.jpg 1280w, https:\/\/www.cm-benavente.pt\/wp-content\/uploads\/2025\/01\/bem-vindos-a-bordo-cartaz.jpg 1350w\" sizes=\"(max-width: 800px) 100vw, 800px\" \/><\/a><\/p>\n","protected":false},"excerpt":{"rendered":"<p>Teatro \u201cBem-vindos a Bordo\u201d 01 de fevereiro \u00e0s 21:30h no Centro Social dos Foros de Almada A pe\u00e7a tem apoio \u00e0 encena\u00e7\u00e3o\/dramaturgia de Sim\u00e3o Biernat. As entradas ter\u00e3o um custo de 5 lemos, s\u00e3o limitadas \u00e0 lota\u00e7\u00e3o do espa\u00e7o. Reservas por e-mail reservas@sfse.pt \u00a0contacto: 912 089 288 Organiza\u00e7\u00e3o: Grupo de Teatro da Sociedade Filarm\u00f3nica de [&hellip;]<\/p>\n","protected":false},"author":3,"featured_media":64910,"comment_status":"closed","ping_status":"closed","template":"","meta":{"_vp_format_video_url":"","_vp_image_focal_point":[]},"tags":[5,1039,13,220,62],"mec_category":[654],"class_list":["post-64912","mec-events","type-mec-events","status-publish","has-post-thumbnail","hentry","tag-cultura","tag-foros-de-almada","tag-santo-estevao","tag-sociedade-filarmonica","tag-teatro","mec_category-teatro"],"_links":{"self":[{"href":"https:\/\/www.cm-benavente.pt\/index.php\/wp-json\/wp\/v2\/mec-events\/64912","targetHints":{"allow":["GET"]}}],"collection":[{"href":"https:\/\/www.cm-benavente.pt\/index.php\/wp-json\/wp\/v2\/mec-events"}],"about":[{"href":"https:\/\/www.cm-benavente.pt\/index.php\/wp-json\/wp\/v2\/types\/mec-events"}],"author":[{"embeddable":true,"href":"https:\/\/www.cm-benavente.pt\/index.php\/wp-json\/wp\/v2\/users\/3"}],"replies":[{"embeddable":true,"href":"https:\/\/www.cm-benavente.pt\/index.php\/wp-json\/wp\/v2\/comments?post=64912"}],"version-history":[{"count":1,"href":"https:\/\/www.cm-benavente.pt\/index.php\/wp-json\/wp\/v2\/mec-events\/64912\/revisions"}],"predecessor-version":[{"id":64914,"href":"https:\/\/www.cm-benavente.pt\/index.php\/wp-json\/wp\/v2\/mec-events\/64912\/revisions\/64914"}],"wp:featuredmedia":[{"embeddable":true,"href":"https:\/\/www.cm-benavente.pt\/index.php\/wp-json\/wp\/v2\/media\/64910"}],"wp:attachment":[{"href":"https:\/\/www.cm-benavente.pt\/index.php\/wp-json\/wp\/v2\/media?parent=64912"}],"wp:term":[{"taxonomy":"post_tag","embeddable":true,"href":"https:\/\/www.cm-benavente.pt\/index.php\/wp-json\/wp\/v2\/tags?post=64912"},{"taxonomy":"mec_category","embeddable":true,"href":"https:\/\/www.cm-benavente.pt\/index.php\/wp-json\/wp\/v2\/mec_category?post=64912"}],"curies":[{"name":"wp","href":"https:\/\/api.w.org\/{rel}","templated":true}]}}

<p><strong>Teatro “Bem-vindos a Bordo” </strong></p>
<p><strong>01 de fevereiro às 21:30h</strong> no Centro Social dos Foros de Almada</p>
<p>A peça tem apoio à encenação/dramaturgia de Simão Biernat.</p>
<p>As <strong>entradas</strong> terão um custo de 5 lemos, são limitadas à lotação do espaço.</p>
<p><strong>Reservas</strong> por e-mail <a href="mailto:reservas@sfse.pt">reservas@sfse.pt</a>  contacto: <a href="tel:912089288">912 089 288</a></p>
<p><strong>Organização:</strong> Grupo de Teatro da Sociedade Filarmónica de Santo Estêvão</p>
<p>&nbsp;</p>
<p><a href="https://www.cm-benavente.pt/wp-content/uploads/2025/01/bem-vindos-a-bordo-cartaz.jpg"><img fetchpriority="high" decoding="async" class="alignnone size-large wp-image-64913" src="https://www.cm-benavente.pt/wp-content/uploads/2025/01/bem-vindos-a-bordo-cartaz-819x1024.jpg" alt="" width="800" height="1000" srcset="https://www.cm-benavente.pt/wp-content/uploads/2025/01/bem-vindos-a-bordo-cartaz-819x1024.jpg 819w, https://www.cm-benavente.pt/wp-content/uploads/2025/01/bem-vindos-a-bordo-cartaz-240x300.jpg 240w, https://www.cm-benavente.pt/wp-content/uploads/2025/01/bem-vindos-a-bordo-cartaz-768x960.jpg 768w, https://www.cm-benavente.pt/wp-content/uploads/2025/01/bem-vindos-a-bordo-cartaz-1228x1536.jpg 1228w, https://www.cm-benavente.pt/wp-content/uploads/2025/01/bem-vindos-a-bordo-cartaz-500x625.jpg 500w, https://www.cm-benavente.pt/wp-content/uploads/2025/01/bem-vindos-a-bordo-cartaz-800x1000.jpg 800w, https://www.cm-benavente.pt/wp-content/uploads/2025/01/bem-vindos-a-bordo-cartaz-1280x1600.jpg 1280w, https://www.cm-benavente.pt/wp-content/uploads/2025/01/bem-vindos-a-bordo-cartaz.jpg 1350w" sizes="(max-width: 800px) 100vw, 800px" /></a></p>

<p>Teatro “Bem-vindos a Bordo” 01 de fevereiro às 21:30h no Centro Social dos Foros de Almada A peça tem apoio à encenação/dramaturgia de Simão Biernat. As entradas terão um custo de 5 lemos, são limitadas à lotação do espaço. Reservas por e-mail reservas@sfse.pt  contacto: 912 089 288 Organização: Grupo de Teatro da Sociedade Filarmónica de [&hellip;]</p>
