{"id":64781,"date":"2025-01-14T10:46:10","date_gmt":"2025-01-14T10:46:10","guid":{"rendered":"https:\/\/www.cm-benavente.pt\/?post_type=mec-events&#038;p=64781"},"modified":"2025-01-14T14:59:38","modified_gmt":"2025-01-14T14:59:38","slug":"i-encontro-de-padel-adaptado-crib","status":"publish","type":"mec-events","link":"https:\/\/www.cm-benavente.pt\/index.php\/events\/i-encontro-de-padel-adaptado-crib\/","title":{"rendered":"I Encontro de Padel Adaptado CRIB"},"content":{"rendered":"<p><strong>I Encontro de Padel Adaptado CRIB<\/strong><\/p>\n<p><strong>29 de janeiro<\/strong> no Lez\u00edria Indoor Padel, Samora Correia<\/p>\n<p>A iniciativa \u00e9 dirigida a institui\u00e7\u00f5es que trabalhem com defici\u00eancia mental do distrito de Santar\u00e9m e da regi\u00e3o lim\u00edtrofe a Benavente.<\/p>\n<p>O CRIB j\u00e1 tem organizado Encontros de Canoagem com os mesmos objetivos e para este espec\u00edfico p\u00fabico alvo, sendo que esta \u00e9 a primeira vez que organiza um Encontro de Padel, at\u00e9 pela proximidade a v\u00e1rios equipamentos onde se pratica esta modalidade no munic\u00edpio de Benavente.<\/p>\n<p>Esta ser\u00e1 uma jornada de conv\u00edvio e de partilha de experiencias, sempre no caminho da inclus\u00e3o.<\/p>\n<p>Para j\u00e1, o CRIB j\u00e1 tem inscri\u00e7\u00f5es de institui\u00e7\u00f5es de Almeirim, Coruche e de Azambuja.<\/p>\n<p>Outras informa\u00e7\u00f5es no CRIB, pelo email: <a href=\"mailto:geral@crib.pt\">geral@crib.pt<\/a><\/p>\n<p><strong>Organiza\u00e7\u00e3o:<\/strong> Centro de Recupera\u00e7\u00e3o Infantil de Benavente<\/p>\n<p>&nbsp;<\/p>\n<p><a href=\"https:\/\/www.cm-benavente.pt\/wp-content\/uploads\/2025\/01\/encontroadapatadoCRIB-1350.png\"><img fetchpriority=\"high\" decoding=\"async\" class=\"alignnone size-large wp-image-64782\" src=\"https:\/\/www.cm-benavente.pt\/wp-content\/uploads\/2025\/01\/encontroadapatadoCRIB-1350-819x1024.png\" alt=\"\" width=\"800\" height=\"1000\" srcset=\"https:\/\/www.cm-benavente.pt\/wp-content\/uploads\/2025\/01\/encontroadapatadoCRIB-1350-819x1024.png 819w, https:\/\/www.cm-benavente.pt\/wp-content\/uploads\/2025\/01\/encontroadapatadoCRIB-1350-240x300.png 240w, https:\/\/www.cm-benavente.pt\/wp-content\/uploads\/2025\/01\/encontroadapatadoCRIB-1350-768x960.png 768w, https:\/\/www.cm-benavente.pt\/wp-content\/uploads\/2025\/01\/encontroadapatadoCRIB-1350-500x625.png 500w, https:\/\/www.cm-benavente.pt\/wp-content\/uploads\/2025\/01\/encontroadapatadoCRIB-1350-800x1000.png 800w, https:\/\/www.cm-benavente.pt\/wp-content\/uploads\/2025\/01\/encontroadapatadoCRIB-1350.png 1080w\" sizes=\"(max-width: 800px) 100vw, 800px\" \/><\/a><\/p>\n","protected":false},"excerpt":{"rendered":"<p>I Encontro de Padel Adaptado CRIB 29 de janeiro no Lez\u00edria Indoor Padel, Samora Correia A iniciativa \u00e9 dirigida a institui\u00e7\u00f5es que trabalhem com defici\u00eancia mental do distrito de Santar\u00e9m e da regi\u00e3o lim\u00edtrofe a Benavente. O CRIB j\u00e1 tem organizado Encontros de Canoagem com os mesmos objetivos e para este espec\u00edfico p\u00fabico alvo, sendo [&hellip;]<\/p>\n","protected":false},"author":3,"featured_media":64783,"comment_status":"closed","ping_status":"closed","template":"","meta":{"_vp_format_video_url":"","_vp_image_focal_point":[]},"tags":[16,570,124,2527,504,27],"mec_category":[472],"class_list":["post-64781","mec-events","type-mec-events","status-publish","has-post-thumbnail","hentry","tag-benavente","tag-crib","tag-desporto","tag-leziria-indoor-padel","tag-padel","tag-samora-correia","mec_category-desporto"],"_links":{"self":[{"href":"https:\/\/www.cm-benavente.pt\/index.php\/wp-json\/wp\/v2\/mec-events\/64781","targetHints":{"allow":["GET"]}}],"collection":[{"href":"https:\/\/www.cm-benavente.pt\/index.php\/wp-json\/wp\/v2\/mec-events"}],"about":[{"href":"https:\/\/www.cm-benavente.pt\/index.php\/wp-json\/wp\/v2\/types\/mec-events"}],"author":[{"embeddable":true,"href":"https:\/\/www.cm-benavente.pt\/index.php\/wp-json\/wp\/v2\/users\/3"}],"replies":[{"embeddable":true,"href":"https:\/\/www.cm-benavente.pt\/index.php\/wp-json\/wp\/v2\/comments?post=64781"}],"version-history":[{"count":3,"href":"https:\/\/www.cm-benavente.pt\/index.php\/wp-json\/wp\/v2\/mec-events\/64781\/revisions"}],"predecessor-version":[{"id":64862,"href":"https:\/\/www.cm-benavente.pt\/index.php\/wp-json\/wp\/v2\/mec-events\/64781\/revisions\/64862"}],"wp:featuredmedia":[{"embeddable":true,"href":"https:\/\/www.cm-benavente.pt\/index.php\/wp-json\/wp\/v2\/media\/64783"}],"wp:attachment":[{"href":"https:\/\/www.cm-benavente.pt\/index.php\/wp-json\/wp\/v2\/media?parent=64781"}],"wp:term":[{"taxonomy":"post_tag","embeddable":true,"href":"https:\/\/www.cm-benavente.pt\/index.php\/wp-json\/wp\/v2\/tags?post=64781"},{"taxonomy":"mec_category","embeddable":true,"href":"https:\/\/www.cm-benavente.pt\/index.php\/wp-json\/wp\/v2\/mec_category?post=64781"}],"curies":[{"name":"wp","href":"https:\/\/api.w.org\/{rel}","templated":true}]}}

<p><strong>I Encontro de Padel Adaptado CRIB</strong></p>
<p><strong>29 de janeiro</strong> no Lezíria Indoor Padel, Samora Correia</p>
<p>A iniciativa é dirigida a instituições que trabalhem com deficiência mental do distrito de Santarém e da região limítrofe a Benavente.</p>
<p>O CRIB já tem organizado Encontros de Canoagem com os mesmos objetivos e para este específico púbico alvo, sendo que esta é a primeira vez que organiza um Encontro de Padel, até pela proximidade a vários equipamentos onde se pratica esta modalidade no município de Benavente.</p>
<p>Esta será uma jornada de convívio e de partilha de experiencias, sempre no caminho da inclusão.</p>
<p>Para já, o CRIB já tem inscrições de instituições de Almeirim, Coruche e de Azambuja.</p>
<p>Outras informações no CRIB, pelo email: <a href="mailto:geral@crib.pt">geral@crib.pt</a></p>
<p><strong>Organização:</strong> Centro de Recuperação Infantil de Benavente</p>
<p>&nbsp;</p>
<p><a href="https://www.cm-benavente.pt/wp-content/uploads/2025/01/encontroadapatadoCRIB-1350.png"><img fetchpriority="high" decoding="async" class="alignnone size-large wp-image-64782" src="https://www.cm-benavente.pt/wp-content/uploads/2025/01/encontroadapatadoCRIB-1350-819x1024.png" alt="" width="800" height="1000" srcset="https://www.cm-benavente.pt/wp-content/uploads/2025/01/encontroadapatadoCRIB-1350-819x1024.png 819w, https://www.cm-benavente.pt/wp-content/uploads/2025/01/encontroadapatadoCRIB-1350-240x300.png 240w, https://www.cm-benavente.pt/wp-content/uploads/2025/01/encontroadapatadoCRIB-1350-768x960.png 768w, https://www.cm-benavente.pt/wp-content/uploads/2025/01/encontroadapatadoCRIB-1350-500x625.png 500w, https://www.cm-benavente.pt/wp-content/uploads/2025/01/encontroadapatadoCRIB-1350-800x1000.png 800w, https://www.cm-benavente.pt/wp-content/uploads/2025/01/encontroadapatadoCRIB-1350.png 1080w" sizes="(max-width: 800px) 100vw, 800px" /></a></p>

<p>I Encontro de Padel Adaptado CRIB 29 de janeiro no Lezíria Indoor Padel, Samora Correia A iniciativa é dirigida a instituições que trabalhem com deficiência mental do distrito de Santarém e da região limítrofe a Benavente. O CRIB já tem organizado Encontros de Canoagem com os mesmos objetivos e para este específico púbico alvo, sendo [&hellip;]</p>
