{"id":64605,"date":"2025-01-13T09:56:29","date_gmt":"2025-01-13T09:56:29","guid":{"rendered":"https:\/\/www.cm-benavente.pt\/?post_type=mec-events&#038;p=64605"},"modified":"2025-01-13T09:56:29","modified_gmt":"2025-01-13T09:56:29","slug":"feira-das-velharias-2","status":"publish","type":"mec-events","link":"https:\/\/www.cm-benavente.pt\/index.php\/events\/feira-das-velharias-2\/","title":{"rendered":"Feira das Velharias"},"content":{"rendered":"<p><strong>Feira de Velharias<\/strong><\/p>\n<p><strong>3\u00ba s\u00e1bado de cada m\u00eas<\/strong>, das 08:00h \u00e0s 17:00h, no Parque 25 de Abril<\/p>\n<p>Os expositores devem inscrever-se na Junta de Freguesia de Benavente ou pelo seguinte link:\u00a0<a class=\"x1i10hfl xjbqb8w x1ejq31n xd10rxx x1sy0etr x17r0tee x972fbf xcfux6l x1qhh985 xm0m39n x9f619 x1ypdohk xt0psk2 xe8uvvx xdj266r x11i5rnm xat24cr x1mh8g0r xexx8yu x4uap5 x18d9i69 xkhd6sd x16tdsg8 x1hl2dhg xggy1nq x1a2a7pz xt0b8zv x1fey0fg\" tabindex=\"0\" role=\"link\" href=\"https:\/\/forms.gle\/i6tXB1hrowuxoCsw7?fbclid=IwAR04jTrKDCqHNstFUEizFcsZC8t2eJHR6niYDyzG2NJLnhC4C1Bjbtw5OeE\" target=\"_blank\" rel=\"nofollow noopener noreferrer\">https:\/\/forms.gle\/i6tXB1hrowuxoCsw7<\/a><\/p>\n<p><strong>Organiza\u00e7\u00e3o:<\/strong>\u00a0Junta de Freguesia de Benavente<\/p>\n<p>&nbsp;<\/p>\n<p><a href=\"https:\/\/www.cm-benavente.pt\/wp-content\/uploads\/2025\/01\/feira-velharias-cartaz-18jan25.jpg\"><img fetchpriority=\"high\" decoding=\"async\" class=\"alignnone size-large wp-image-64606\" src=\"https:\/\/www.cm-benavente.pt\/wp-content\/uploads\/2025\/01\/feira-velharias-cartaz-18jan25-724x1024.jpg\" alt=\"\" width=\"724\" height=\"1024\" srcset=\"https:\/\/www.cm-benavente.pt\/wp-content\/uploads\/2025\/01\/feira-velharias-cartaz-18jan25-724x1024.jpg 724w, https:\/\/www.cm-benavente.pt\/wp-content\/uploads\/2025\/01\/feira-velharias-cartaz-18jan25-212x300.jpg 212w, https:\/\/www.cm-benavente.pt\/wp-content\/uploads\/2025\/01\/feira-velharias-cartaz-18jan25-768x1086.jpg 768w, https:\/\/www.cm-benavente.pt\/wp-content\/uploads\/2025\/01\/feira-velharias-cartaz-18jan25-1086x1536.jpg 1086w, https:\/\/www.cm-benavente.pt\/wp-content\/uploads\/2025\/01\/feira-velharias-cartaz-18jan25-500x707.jpg 500w, https:\/\/www.cm-benavente.pt\/wp-content\/uploads\/2025\/01\/feira-velharias-cartaz-18jan25-800x1131.jpg 800w, https:\/\/www.cm-benavente.pt\/wp-content\/uploads\/2025\/01\/feira-velharias-cartaz-18jan25-1280x1810.jpg 1280w, https:\/\/www.cm-benavente.pt\/wp-content\/uploads\/2025\/01\/feira-velharias-cartaz-18jan25.jpg 1448w\" sizes=\"(max-width: 724px) 100vw, 724px\" \/><\/a><\/p>\n","protected":false},"excerpt":{"rendered":"<p>Feira de Velharias 3\u00ba s\u00e1bado de cada m\u00eas, das 08:00h \u00e0s 17:00h, no Parque 25 de Abril Os expositores devem inscrever-se na Junta de Freguesia de Benavente ou pelo seguinte link:\u00a0https:\/\/forms.gle\/i6tXB1hrowuxoCsw7 Organiza\u00e7\u00e3o:\u00a0Junta de Freguesia de Benavente &nbsp;<\/p>\n","protected":false},"author":3,"featured_media":54692,"comment_status":"closed","ping_status":"closed","template":"","meta":{"_vp_format_video_url":"","_vp_image_focal_point":[]},"tags":[16,819,340,1630,1910],"mec_category":[467],"class_list":["post-64605","mec-events","type-mec-events","status-publish","has-post-thumbnail","hentry","tag-benavente","tag-feira","tag-junta-de-freguesia","tag-usados","tag-velharias","mec_category-geral"],"_links":{"self":[{"href":"https:\/\/www.cm-benavente.pt\/index.php\/wp-json\/wp\/v2\/mec-events\/64605","targetHints":{"allow":["GET"]}}],"collection":[{"href":"https:\/\/www.cm-benavente.pt\/index.php\/wp-json\/wp\/v2\/mec-events"}],"about":[{"href":"https:\/\/www.cm-benavente.pt\/index.php\/wp-json\/wp\/v2\/types\/mec-events"}],"author":[{"embeddable":true,"href":"https:\/\/www.cm-benavente.pt\/index.php\/wp-json\/wp\/v2\/users\/3"}],"replies":[{"embeddable":true,"href":"https:\/\/www.cm-benavente.pt\/index.php\/wp-json\/wp\/v2\/comments?post=64605"}],"version-history":[{"count":1,"href":"https:\/\/www.cm-benavente.pt\/index.php\/wp-json\/wp\/v2\/mec-events\/64605\/revisions"}],"predecessor-version":[{"id":64607,"href":"https:\/\/www.cm-benavente.pt\/index.php\/wp-json\/wp\/v2\/mec-events\/64605\/revisions\/64607"}],"wp:featuredmedia":[{"embeddable":true,"href":"https:\/\/www.cm-benavente.pt\/index.php\/wp-json\/wp\/v2\/media\/54692"}],"wp:attachment":[{"href":"https:\/\/www.cm-benavente.pt\/index.php\/wp-json\/wp\/v2\/media?parent=64605"}],"wp:term":[{"taxonomy":"post_tag","embeddable":true,"href":"https:\/\/www.cm-benavente.pt\/index.php\/wp-json\/wp\/v2\/tags?post=64605"},{"taxonomy":"mec_category","embeddable":true,"href":"https:\/\/www.cm-benavente.pt\/index.php\/wp-json\/wp\/v2\/mec_category?post=64605"}],"curies":[{"name":"wp","href":"https:\/\/api.w.org\/{rel}","templated":true}]}}

<p><strong>Feira de Velharias</strong></p>
<p><strong>3º sábado de cada mês</strong>, das 08:00h às 17:00h, no Parque 25 de Abril</p>
<p>Os expositores devem inscrever-se na Junta de Freguesia de Benavente ou pelo seguinte link: <a class="x1i10hfl xjbqb8w x1ejq31n xd10rxx x1sy0etr x17r0tee x972fbf xcfux6l x1qhh985 xm0m39n x9f619 x1ypdohk xt0psk2 xe8uvvx xdj266r x11i5rnm xat24cr x1mh8g0r xexx8yu x4uap5 x18d9i69 xkhd6sd x16tdsg8 x1hl2dhg xggy1nq x1a2a7pz xt0b8zv x1fey0fg" tabindex="0" role="link" href="https://forms.gle/i6tXB1hrowuxoCsw7?fbclid=IwAR04jTrKDCqHNstFUEizFcsZC8t2eJHR6niYDyzG2NJLnhC4C1Bjbtw5OeE" target="_blank" rel="nofollow noopener noreferrer">https://forms.gle/i6tXB1hrowuxoCsw7</a></p>
<p><strong>Organização:</strong> Junta de Freguesia de Benavente</p>
<p>&nbsp;</p>
<p><a href="https://www.cm-benavente.pt/wp-content/uploads/2025/01/feira-velharias-cartaz-18jan25.jpg"><img fetchpriority="high" decoding="async" class="alignnone size-large wp-image-64606" src="https://www.cm-benavente.pt/wp-content/uploads/2025/01/feira-velharias-cartaz-18jan25-724x1024.jpg" alt="" width="724" height="1024" srcset="https://www.cm-benavente.pt/wp-content/uploads/2025/01/feira-velharias-cartaz-18jan25-724x1024.jpg 724w, https://www.cm-benavente.pt/wp-content/uploads/2025/01/feira-velharias-cartaz-18jan25-212x300.jpg 212w, https://www.cm-benavente.pt/wp-content/uploads/2025/01/feira-velharias-cartaz-18jan25-768x1086.jpg 768w, https://www.cm-benavente.pt/wp-content/uploads/2025/01/feira-velharias-cartaz-18jan25-1086x1536.jpg 1086w, https://www.cm-benavente.pt/wp-content/uploads/2025/01/feira-velharias-cartaz-18jan25-500x707.jpg 500w, https://www.cm-benavente.pt/wp-content/uploads/2025/01/feira-velharias-cartaz-18jan25-800x1131.jpg 800w, https://www.cm-benavente.pt/wp-content/uploads/2025/01/feira-velharias-cartaz-18jan25-1280x1810.jpg 1280w, https://www.cm-benavente.pt/wp-content/uploads/2025/01/feira-velharias-cartaz-18jan25.jpg 1448w" sizes="(max-width: 724px) 100vw, 724px" /></a></p>

<p>Feira de Velharias 3º sábado de cada mês, das 08:00h às 17:00h, no Parque 25 de Abril Os expositores devem inscrever-se na Junta de Freguesia de Benavente ou pelo seguinte link: https://forms.gle/i6tXB1hrowuxoCsw7 Organização: Junta de Freguesia de Benavente &nbsp;</p>
