{"id":63918,"date":"2024-12-17T11:57:52","date_gmt":"2024-12-17T11:57:52","guid":{"rendered":"https:\/\/www.cm-benavente.pt\/?post_type=mec-events&#038;p=63918"},"modified":"2024-12-17T11:57:52","modified_gmt":"2024-12-17T11:57:52","slug":"gala-de-natal","status":"publish","type":"mec-events","link":"https:\/\/www.cm-benavente.pt\/index.php\/events\/gala-de-natal\/","title":{"rendered":"Gala de Natal"},"content":{"rendered":"<p><strong>Gala de Natal da Sociedade Filarm\u00f3nica Benaventense<\/strong><\/p>\n<p><strong>18 dezembro \u00e0s 20:30h<\/strong> na Sede da Sociedade Filarm\u00f3nica Benaventense<\/p>\n<p>Condecora\u00e7\u00e3o dos s\u00f3cios de m\u00e9rito e celebra\u00e7\u00e3o com Porto de Honra<\/p>\n<p><strong>Entrada gratuita<\/strong><\/p>\n<p><strong>Organiza\u00e7\u00e3o:<\/strong> Sociedade Filarm\u00f3nica Benaventense<\/p>\n<p><a href=\"https:\/\/www.cm-benavente.pt\/wp-content\/uploads\/2024\/12\/gala-natal-sfb-cartaz.jpg\"><img fetchpriority=\"high\" decoding=\"async\" class=\"alignnone size-large wp-image-63919\" src=\"https:\/\/www.cm-benavente.pt\/wp-content\/uploads\/2024\/12\/gala-natal-sfb-cartaz-820x1024.jpg\" alt=\"\" width=\"800\" height=\"999\" srcset=\"https:\/\/www.cm-benavente.pt\/wp-content\/uploads\/2024\/12\/gala-natal-sfb-cartaz-820x1024.jpg 820w, https:\/\/www.cm-benavente.pt\/wp-content\/uploads\/2024\/12\/gala-natal-sfb-cartaz-240x300.jpg 240w, https:\/\/www.cm-benavente.pt\/wp-content\/uploads\/2024\/12\/gala-natal-sfb-cartaz-768x959.jpg 768w, https:\/\/www.cm-benavente.pt\/wp-content\/uploads\/2024\/12\/gala-natal-sfb-cartaz-500x625.jpg 500w, https:\/\/www.cm-benavente.pt\/wp-content\/uploads\/2024\/12\/gala-natal-sfb-cartaz-800x999.jpg 800w, https:\/\/www.cm-benavente.pt\/wp-content\/uploads\/2024\/12\/gala-natal-sfb-cartaz.jpg 1131w\" sizes=\"(max-width: 800px) 100vw, 800px\" \/><\/a><\/p>\n","protected":false},"excerpt":{"rendered":"<p>Gala de Natal da Sociedade Filarm\u00f3nica Benaventense 18 dezembro \u00e0s 20:30h na Sede da Sociedade Filarm\u00f3nica Benaventense Condecora\u00e7\u00e3o dos s\u00f3cios de m\u00e9rito e celebra\u00e7\u00e3o com Porto de Honra Entrada gratuita Organiza\u00e7\u00e3o: Sociedade Filarm\u00f3nica Benaventense<\/p>\n","protected":false},"author":3,"featured_media":63920,"comment_status":"closed","ping_status":"closed","template":"","meta":{"_vp_format_video_url":"","_vp_image_focal_point":[]},"tags":[16,94,1672,4,350,631,220],"mec_category":[464],"class_list":["post-63918","mec-events","type-mec-events","status-publish","has-post-thumbnail","hentry","tag-benavente","tag-gala","tag-merito","tag-musica","tag-natal","tag-sfb","tag-sociedade-filarmonica","mec_category-musica"],"_links":{"self":[{"href":"https:\/\/www.cm-benavente.pt\/index.php\/wp-json\/wp\/v2\/mec-events\/63918","targetHints":{"allow":["GET"]}}],"collection":[{"href":"https:\/\/www.cm-benavente.pt\/index.php\/wp-json\/wp\/v2\/mec-events"}],"about":[{"href":"https:\/\/www.cm-benavente.pt\/index.php\/wp-json\/wp\/v2\/types\/mec-events"}],"author":[{"embeddable":true,"href":"https:\/\/www.cm-benavente.pt\/index.php\/wp-json\/wp\/v2\/users\/3"}],"replies":[{"embeddable":true,"href":"https:\/\/www.cm-benavente.pt\/index.php\/wp-json\/wp\/v2\/comments?post=63918"}],"version-history":[{"count":1,"href":"https:\/\/www.cm-benavente.pt\/index.php\/wp-json\/wp\/v2\/mec-events\/63918\/revisions"}],"predecessor-version":[{"id":63921,"href":"https:\/\/www.cm-benavente.pt\/index.php\/wp-json\/wp\/v2\/mec-events\/63918\/revisions\/63921"}],"wp:featuredmedia":[{"embeddable":true,"href":"https:\/\/www.cm-benavente.pt\/index.php\/wp-json\/wp\/v2\/media\/63920"}],"wp:attachment":[{"href":"https:\/\/www.cm-benavente.pt\/index.php\/wp-json\/wp\/v2\/media?parent=63918"}],"wp:term":[{"taxonomy":"post_tag","embeddable":true,"href":"https:\/\/www.cm-benavente.pt\/index.php\/wp-json\/wp\/v2\/tags?post=63918"},{"taxonomy":"mec_category","embeddable":true,"href":"https:\/\/www.cm-benavente.pt\/index.php\/wp-json\/wp\/v2\/mec_category?post=63918"}],"curies":[{"name":"wp","href":"https:\/\/api.w.org\/{rel}","templated":true}]}}

<p><strong>Gala de Natal da Sociedade Filarmónica Benaventense</strong></p>
<p><strong>18 dezembro às 20:30h</strong> na Sede da Sociedade Filarmónica Benaventense</p>
<p>Condecoração dos sócios de mérito e celebração com Porto de Honra</p>
<p><strong>Entrada gratuita</strong></p>
<p><strong>Organização:</strong> Sociedade Filarmónica Benaventense</p>
<p><a href="https://www.cm-benavente.pt/wp-content/uploads/2024/12/gala-natal-sfb-cartaz.jpg"><img fetchpriority="high" decoding="async" class="alignnone size-large wp-image-63919" src="https://www.cm-benavente.pt/wp-content/uploads/2024/12/gala-natal-sfb-cartaz-820x1024.jpg" alt="" width="800" height="999" srcset="https://www.cm-benavente.pt/wp-content/uploads/2024/12/gala-natal-sfb-cartaz-820x1024.jpg 820w, https://www.cm-benavente.pt/wp-content/uploads/2024/12/gala-natal-sfb-cartaz-240x300.jpg 240w, https://www.cm-benavente.pt/wp-content/uploads/2024/12/gala-natal-sfb-cartaz-768x959.jpg 768w, https://www.cm-benavente.pt/wp-content/uploads/2024/12/gala-natal-sfb-cartaz-500x625.jpg 500w, https://www.cm-benavente.pt/wp-content/uploads/2024/12/gala-natal-sfb-cartaz-800x999.jpg 800w, https://www.cm-benavente.pt/wp-content/uploads/2024/12/gala-natal-sfb-cartaz.jpg 1131w" sizes="(max-width: 800px) 100vw, 800px" /></a></p>

<p>Gala de Natal da Sociedade Filarmónica Benaventense 18 dezembro às 20:30h na Sede da Sociedade Filarmónica Benaventense Condecoração dos sócios de mérito e celebração com Porto de Honra Entrada gratuita Organização: Sociedade Filarmónica Benaventense</p>
