{"id":63761,"date":"2024-12-16T10:50:37","date_gmt":"2024-12-16T10:50:37","guid":{"rendered":"https:\/\/www.cm-benavente.pt\/?post_type=mec-events&#038;p=63761"},"modified":"2024-12-16T10:50:37","modified_gmt":"2024-12-16T10:50:37","slug":"festa-de-natal-padre-tobias","status":"publish","type":"mec-events","link":"https:\/\/www.cm-benavente.pt\/index.php\/events\/festa-de-natal-padre-tobias\/","title":{"rendered":"Festa de Natal Padre Tobias"},"content":{"rendered":"<p><strong>Festa de Natal Padre Tobias<\/strong><\/p>\n<p><strong>18 dezembro pelas 10:30h<\/strong> no Centro de Bem Estar Social Padre Tobias, Samora Correia<\/p>\n<p><strong>Programa:<\/strong><\/p>\n<p>10:30h &#8211; Celebra\u00e7\u00e3o da Eucaristia de Natal com o Coro de colaboradoras<br \/>\n12:30h &#8211; Almo\u00e7o de Natal com entrega de prendas de Natal aos utentes<br \/>\n14:30h &#8211; Atua\u00e7\u00e3o &#8220;Pinheirinho de Natal&#8221; com crian\u00e7as do JI e utentes<br \/>\n14:45h &#8211; Atua\u00e7\u00e3o da Academia de Dan\u00e7a Vanessa Silva<br \/>\n15:30h &#8211; Anima\u00e7\u00e3o Musical &#8211; Bailarico<br \/>\n16:15h &#8211; Lanche festivo<\/p>\n<p><strong>Organiza\u00e7\u00e3o:<\/strong> Centro de Bem Estar Social Padre Tobias<\/p>\n<p><a href=\"https:\/\/www.cm-benavente.pt\/wp-content\/uploads\/2024\/12\/festa-natal-padre-tobias-cartaz.jpg\"><img fetchpriority=\"high\" decoding=\"async\" class=\"alignnone size-large wp-image-63762\" src=\"https:\/\/www.cm-benavente.pt\/wp-content\/uploads\/2024\/12\/festa-natal-padre-tobias-cartaz-724x1024.jpg\" alt=\"\" width=\"724\" height=\"1024\" srcset=\"https:\/\/www.cm-benavente.pt\/wp-content\/uploads\/2024\/12\/festa-natal-padre-tobias-cartaz-724x1024.jpg 724w, https:\/\/www.cm-benavente.pt\/wp-content\/uploads\/2024\/12\/festa-natal-padre-tobias-cartaz-212x300.jpg 212w, https:\/\/www.cm-benavente.pt\/wp-content\/uploads\/2024\/12\/festa-natal-padre-tobias-cartaz-768x1086.jpg 768w, https:\/\/www.cm-benavente.pt\/wp-content\/uploads\/2024\/12\/festa-natal-padre-tobias-cartaz-1086x1536.jpg 1086w, https:\/\/www.cm-benavente.pt\/wp-content\/uploads\/2024\/12\/festa-natal-padre-tobias-cartaz-500x707.jpg 500w, https:\/\/www.cm-benavente.pt\/wp-content\/uploads\/2024\/12\/festa-natal-padre-tobias-cartaz-800x1132.jpg 800w, https:\/\/www.cm-benavente.pt\/wp-content\/uploads\/2024\/12\/festa-natal-padre-tobias-cartaz-1280x1810.jpg 1280w, https:\/\/www.cm-benavente.pt\/wp-content\/uploads\/2024\/12\/festa-natal-padre-tobias-cartaz.jpg 1414w\" sizes=\"(max-width: 724px) 100vw, 724px\" \/><\/a><\/p>\n","protected":false},"excerpt":{"rendered":"<p>Festa de Natal Padre Tobias 18 dezembro pelas 10:30h no Centro de Bem Estar Social Padre Tobias, Samora Correia Programa: 10:30h &#8211; Celebra\u00e7\u00e3o da Eucaristia de Natal com o Coro de colaboradoras 12:30h &#8211; Almo\u00e7o de Natal com entrega de prendas de Natal aos utentes 14:30h &#8211; Atua\u00e7\u00e3o &#8220;Pinheirinho de Natal&#8221; com crian\u00e7as do JI [&hellip;]<\/p>\n","protected":false},"author":3,"featured_media":63763,"comment_status":"closed","ping_status":"closed","template":"","meta":{"_vp_format_video_url":"","_vp_image_focal_point":[]},"tags":[1856,900,1963,350,27],"mec_category":[467],"class_list":["post-63761","mec-events","type-mec-events","status-publish","has-post-thumbnail","hentry","tag-centro-social","tag-festa","tag-fundacao-padre-tobias","tag-natal","tag-samora-correia","mec_category-geral"],"_links":{"self":[{"href":"https:\/\/www.cm-benavente.pt\/index.php\/wp-json\/wp\/v2\/mec-events\/63761","targetHints":{"allow":["GET"]}}],"collection":[{"href":"https:\/\/www.cm-benavente.pt\/index.php\/wp-json\/wp\/v2\/mec-events"}],"about":[{"href":"https:\/\/www.cm-benavente.pt\/index.php\/wp-json\/wp\/v2\/types\/mec-events"}],"author":[{"embeddable":true,"href":"https:\/\/www.cm-benavente.pt\/index.php\/wp-json\/wp\/v2\/users\/3"}],"replies":[{"embeddable":true,"href":"https:\/\/www.cm-benavente.pt\/index.php\/wp-json\/wp\/v2\/comments?post=63761"}],"version-history":[{"count":2,"href":"https:\/\/www.cm-benavente.pt\/index.php\/wp-json\/wp\/v2\/mec-events\/63761\/revisions"}],"predecessor-version":[{"id":63765,"href":"https:\/\/www.cm-benavente.pt\/index.php\/wp-json\/wp\/v2\/mec-events\/63761\/revisions\/63765"}],"wp:featuredmedia":[{"embeddable":true,"href":"https:\/\/www.cm-benavente.pt\/index.php\/wp-json\/wp\/v2\/media\/63763"}],"wp:attachment":[{"href":"https:\/\/www.cm-benavente.pt\/index.php\/wp-json\/wp\/v2\/media?parent=63761"}],"wp:term":[{"taxonomy":"post_tag","embeddable":true,"href":"https:\/\/www.cm-benavente.pt\/index.php\/wp-json\/wp\/v2\/tags?post=63761"},{"taxonomy":"mec_category","embeddable":true,"href":"https:\/\/www.cm-benavente.pt\/index.php\/wp-json\/wp\/v2\/mec_category?post=63761"}],"curies":[{"name":"wp","href":"https:\/\/api.w.org\/{rel}","templated":true}]}}

<p><strong>Festa de Natal Padre Tobias</strong></p>
<p><strong>18 dezembro pelas 10:30h</strong> no Centro de Bem Estar Social Padre Tobias, Samora Correia</p>
<p><strong>Programa:</strong></p>
<p>10:30h &#8211; Celebração da Eucaristia de Natal com o Coro de colaboradoras<br />
12:30h &#8211; Almoço de Natal com entrega de prendas de Natal aos utentes<br />
14:30h &#8211; Atuação &#8220;Pinheirinho de Natal&#8221; com crianças do JI e utentes<br />
14:45h &#8211; Atuação da Academia de Dança Vanessa Silva<br />
15:30h &#8211; Animação Musical &#8211; Bailarico<br />
16:15h &#8211; Lanche festivo</p>
<p><strong>Organização:</strong> Centro de Bem Estar Social Padre Tobias</p>
<p><a href="https://www.cm-benavente.pt/wp-content/uploads/2024/12/festa-natal-padre-tobias-cartaz.jpg"><img fetchpriority="high" decoding="async" class="alignnone size-large wp-image-63762" src="https://www.cm-benavente.pt/wp-content/uploads/2024/12/festa-natal-padre-tobias-cartaz-724x1024.jpg" alt="" width="724" height="1024" srcset="https://www.cm-benavente.pt/wp-content/uploads/2024/12/festa-natal-padre-tobias-cartaz-724x1024.jpg 724w, https://www.cm-benavente.pt/wp-content/uploads/2024/12/festa-natal-padre-tobias-cartaz-212x300.jpg 212w, https://www.cm-benavente.pt/wp-content/uploads/2024/12/festa-natal-padre-tobias-cartaz-768x1086.jpg 768w, https://www.cm-benavente.pt/wp-content/uploads/2024/12/festa-natal-padre-tobias-cartaz-1086x1536.jpg 1086w, https://www.cm-benavente.pt/wp-content/uploads/2024/12/festa-natal-padre-tobias-cartaz-500x707.jpg 500w, https://www.cm-benavente.pt/wp-content/uploads/2024/12/festa-natal-padre-tobias-cartaz-800x1132.jpg 800w, https://www.cm-benavente.pt/wp-content/uploads/2024/12/festa-natal-padre-tobias-cartaz-1280x1810.jpg 1280w, https://www.cm-benavente.pt/wp-content/uploads/2024/12/festa-natal-padre-tobias-cartaz.jpg 1414w" sizes="(max-width: 724px) 100vw, 724px" /></a></p>

<p>Festa de Natal Padre Tobias 18 dezembro pelas 10:30h no Centro de Bem Estar Social Padre Tobias, Samora Correia Programa: 10:30h &#8211; Celebração da Eucaristia de Natal com o Coro de colaboradoras 12:30h &#8211; Almoço de Natal com entrega de prendas de Natal aos utentes 14:30h &#8211; Atuação &#8220;Pinheirinho de Natal&#8221; com crianças do JI [&hellip;]</p>
