{"id":63465,"date":"2024-12-09T14:30:19","date_gmt":"2024-12-09T14:30:19","guid":{"rendered":"https:\/\/www.cm-benavente.pt\/?post_type=mec-events&#038;p=63465"},"modified":"2024-12-09T14:30:19","modified_gmt":"2024-12-09T14:30:19","slug":"palestra-o-associativismo-na-comunidades-locais","status":"publish","type":"mec-events","link":"https:\/\/www.cm-benavente.pt\/index.php\/events\/palestra-o-associativismo-na-comunidades-locais\/","title":{"rendered":"Palestra &#8220;O Associativismo na Comunidades Locais&#8221;"},"content":{"rendered":"<p><strong>Palestra &#8220;O Associativismo na Comunidades Locais&#8221;<\/strong><\/p>\n<p><strong>14 dezembro \u00e0s 15:30h<\/strong> no Sal\u00e3o Nobre da SFUS, Samora Correia<\/p>\n<p><strong>Convidados:<\/strong><\/p>\n<ul>\n<li>H\u00e9lio Faria Justino &#8211; Vereador da C\u00e2mara Municipal de Benavente e antigo Dirigente Associativo<\/li>\n<li>Carlos Alberto Pernes &#8211; Dirigente Associativo e atual presidente de dire\u00e7\u00e3o da SFUS<\/li>\n<\/ul>\n<p>Atua\u00e7\u00f5es da Classe de Gin\u00e1stica R\u00edtmica da SFUS e da SFUSTuna<\/p>\n<p><strong>Entrada gratuita\u00a0<\/strong><\/p>\n<p><strong>Organiza\u00e7\u00e3o:<\/strong> Sociedade Filarm\u00f3nica Uni\u00e3o Samorense<\/p>\n<p><a href=\"https:\/\/www.cm-benavente.pt\/wp-content\/uploads\/2024\/12\/palestra-sfus-1080.jpg\"><img fetchpriority=\"high\" decoding=\"async\" class=\"alignnone size-large wp-image-63466\" src=\"https:\/\/www.cm-benavente.pt\/wp-content\/uploads\/2024\/12\/palestra-sfus-1080-1024x1024.jpg\" alt=\"\" width=\"800\" height=\"800\" srcset=\"https:\/\/www.cm-benavente.pt\/wp-content\/uploads\/2024\/12\/palestra-sfus-1080-1024x1024.jpg 1024w, https:\/\/www.cm-benavente.pt\/wp-content\/uploads\/2024\/12\/palestra-sfus-1080-300x300.jpg 300w, https:\/\/www.cm-benavente.pt\/wp-content\/uploads\/2024\/12\/palestra-sfus-1080-150x150.jpg 150w, https:\/\/www.cm-benavente.pt\/wp-content\/uploads\/2024\/12\/palestra-sfus-1080-768x768.jpg 768w, https:\/\/www.cm-benavente.pt\/wp-content\/uploads\/2024\/12\/palestra-sfus-1080-500x500.jpg 500w, https:\/\/www.cm-benavente.pt\/wp-content\/uploads\/2024\/12\/palestra-sfus-1080-800x800.jpg 800w, https:\/\/www.cm-benavente.pt\/wp-content\/uploads\/2024\/12\/palestra-sfus-1080.jpg 1080w\" sizes=\"(max-width: 800px) 100vw, 800px\" \/><\/a><\/p>\n","protected":false},"excerpt":{"rendered":"<p>Palestra &#8220;O Associativismo na Comunidades Locais&#8221; 14 dezembro \u00e0s 15:30h no Sal\u00e3o Nobre da SFUS, Samora Correia Convidados: H\u00e9lio Faria Justino &#8211; Vereador da C\u00e2mara Municipal de Benavente e antigo Dirigente Associativo Carlos Alberto Pernes &#8211; Dirigente Associativo e atual presidente de dire\u00e7\u00e3o da SFUS Atua\u00e7\u00f5es da Classe de Gin\u00e1stica R\u00edtmica da SFUS e da [&hellip;]<\/p>\n","protected":false},"author":3,"featured_media":63467,"comment_status":"closed","ping_status":"closed","template":"","meta":{"_vp_format_video_url":"","_vp_image_focal_point":[]},"tags":[2477,2479,2476,27,499,2478],"mec_category":[467],"class_list":["post-63465","mec-events","type-mec-events","status-publish","has-post-thumbnail","hentry","tag-associativismo","tag-helio-justino","tag-palestra","tag-samora-correia","tag-sfus","tag-vereador","mec_category-geral"],"_links":{"self":[{"href":"https:\/\/www.cm-benavente.pt\/index.php\/wp-json\/wp\/v2\/mec-events\/63465","targetHints":{"allow":["GET"]}}],"collection":[{"href":"https:\/\/www.cm-benavente.pt\/index.php\/wp-json\/wp\/v2\/mec-events"}],"about":[{"href":"https:\/\/www.cm-benavente.pt\/index.php\/wp-json\/wp\/v2\/types\/mec-events"}],"author":[{"embeddable":true,"href":"https:\/\/www.cm-benavente.pt\/index.php\/wp-json\/wp\/v2\/users\/3"}],"replies":[{"embeddable":true,"href":"https:\/\/www.cm-benavente.pt\/index.php\/wp-json\/wp\/v2\/comments?post=63465"}],"version-history":[{"count":1,"href":"https:\/\/www.cm-benavente.pt\/index.php\/wp-json\/wp\/v2\/mec-events\/63465\/revisions"}],"predecessor-version":[{"id":63468,"href":"https:\/\/www.cm-benavente.pt\/index.php\/wp-json\/wp\/v2\/mec-events\/63465\/revisions\/63468"}],"wp:featuredmedia":[{"embeddable":true,"href":"https:\/\/www.cm-benavente.pt\/index.php\/wp-json\/wp\/v2\/media\/63467"}],"wp:attachment":[{"href":"https:\/\/www.cm-benavente.pt\/index.php\/wp-json\/wp\/v2\/media?parent=63465"}],"wp:term":[{"taxonomy":"post_tag","embeddable":true,"href":"https:\/\/www.cm-benavente.pt\/index.php\/wp-json\/wp\/v2\/tags?post=63465"},{"taxonomy":"mec_category","embeddable":true,"href":"https:\/\/www.cm-benavente.pt\/index.php\/wp-json\/wp\/v2\/mec_category?post=63465"}],"curies":[{"name":"wp","href":"https:\/\/api.w.org\/{rel}","templated":true}]}}

<p><strong>Palestra &#8220;O Associativismo na Comunidades Locais&#8221;</strong></p>
<p><strong>14 dezembro às 15:30h</strong> no Salão Nobre da SFUS, Samora Correia</p>
<p><strong>Convidados:</strong></p>
<ul>
<li>Hélio Faria Justino &#8211; Vereador da Câmara Municipal de Benavente e antigo Dirigente Associativo</li>
<li>Carlos Alberto Pernes &#8211; Dirigente Associativo e atual presidente de direção da SFUS</li>
</ul>
<p>Atuações da Classe de Ginástica Rítmica da SFUS e da SFUSTuna</p>
<p><strong>Entrada gratuita </strong></p>
<p><strong>Organização:</strong> Sociedade Filarmónica União Samorense</p>
<p><a href="https://www.cm-benavente.pt/wp-content/uploads/2024/12/palestra-sfus-1080.jpg"><img fetchpriority="high" decoding="async" class="alignnone size-large wp-image-63466" src="https://www.cm-benavente.pt/wp-content/uploads/2024/12/palestra-sfus-1080-1024x1024.jpg" alt="" width="800" height="800" srcset="https://www.cm-benavente.pt/wp-content/uploads/2024/12/palestra-sfus-1080-1024x1024.jpg 1024w, https://www.cm-benavente.pt/wp-content/uploads/2024/12/palestra-sfus-1080-300x300.jpg 300w, https://www.cm-benavente.pt/wp-content/uploads/2024/12/palestra-sfus-1080-150x150.jpg 150w, https://www.cm-benavente.pt/wp-content/uploads/2024/12/palestra-sfus-1080-768x768.jpg 768w, https://www.cm-benavente.pt/wp-content/uploads/2024/12/palestra-sfus-1080-500x500.jpg 500w, https://www.cm-benavente.pt/wp-content/uploads/2024/12/palestra-sfus-1080-800x800.jpg 800w, https://www.cm-benavente.pt/wp-content/uploads/2024/12/palestra-sfus-1080.jpg 1080w" sizes="(max-width: 800px) 100vw, 800px" /></a></p>

<p>Palestra &#8220;O Associativismo na Comunidades Locais&#8221; 14 dezembro às 15:30h no Salão Nobre da SFUS, Samora Correia Convidados: Hélio Faria Justino &#8211; Vereador da Câmara Municipal de Benavente e antigo Dirigente Associativo Carlos Alberto Pernes &#8211; Dirigente Associativo e atual presidente de direção da SFUS Atuações da Classe de Ginástica Rítmica da SFUS e da [&hellip;]</p>
