{"id":63209,"date":"2024-12-05T11:51:31","date_gmt":"2024-12-05T11:51:31","guid":{"rendered":"https:\/\/www.cm-benavente.pt\/?post_type=mec-events&#038;p=63209"},"modified":"2024-12-05T11:51:31","modified_gmt":"2024-12-05T11:51:31","slug":"baile-de-natal-adscerfa","status":"publish","type":"mec-events","link":"https:\/\/www.cm-benavente.pt\/index.php\/events\/baile-de-natal-adscerfa\/","title":{"rendered":"Baile de Natal ADSCERFA"},"content":{"rendered":"<p><strong>Baile de Natal ADSCERFA<\/strong><\/p>\n<p><strong>14 dezembro \u00e0s 22:00h<\/strong> no Centro Social e Cultural dos Foros de Almada<\/p>\n<p>Baile com Telmo Faria<\/p>\n<p>Momento Pai Natal, sorteio de um cabaz de natal e muitas mais surpresas.<\/p>\n<p><strong>Entrada:<\/strong> 3 presentes (com oferta a efeito natal\u00edcio)<\/p>\n<p><strong>Organiza\u00e7\u00e3o:<\/strong> ADSCERFA<\/p>\n<p><a href=\"https:\/\/www.cm-benavente.pt\/wp-content\/uploads\/2024\/12\/baile-natal-adscerfa-cartaz.jpg\"><img fetchpriority=\"high\" decoding=\"async\" class=\"alignnone size-large wp-image-63210\" src=\"https:\/\/www.cm-benavente.pt\/wp-content\/uploads\/2024\/12\/baile-natal-adscerfa-cartaz-724x1024.jpg\" alt=\"\" width=\"724\" height=\"1024\" srcset=\"https:\/\/www.cm-benavente.pt\/wp-content\/uploads\/2024\/12\/baile-natal-adscerfa-cartaz-724x1024.jpg 724w, https:\/\/www.cm-benavente.pt\/wp-content\/uploads\/2024\/12\/baile-natal-adscerfa-cartaz-212x300.jpg 212w, https:\/\/www.cm-benavente.pt\/wp-content\/uploads\/2024\/12\/baile-natal-adscerfa-cartaz-768x1086.jpg 768w, https:\/\/www.cm-benavente.pt\/wp-content\/uploads\/2024\/12\/baile-natal-adscerfa-cartaz-1086x1536.jpg 1086w, https:\/\/www.cm-benavente.pt\/wp-content\/uploads\/2024\/12\/baile-natal-adscerfa-cartaz-500x707.jpg 500w, https:\/\/www.cm-benavente.pt\/wp-content\/uploads\/2024\/12\/baile-natal-adscerfa-cartaz-800x1131.jpg 800w, https:\/\/www.cm-benavente.pt\/wp-content\/uploads\/2024\/12\/baile-natal-adscerfa-cartaz-1280x1810.jpg 1280w, https:\/\/www.cm-benavente.pt\/wp-content\/uploads\/2024\/12\/baile-natal-adscerfa-cartaz.jpg 1448w\" sizes=\"(max-width: 724px) 100vw, 724px\" \/><\/a><\/p>\n","protected":false},"excerpt":{"rendered":"<p>Baile de Natal ADSCERFA 14 dezembro \u00e0s 22:00h no Centro Social e Cultural dos Foros de Almada Baile com Telmo Faria Momento Pai Natal, sorteio de um cabaz de natal e muitas mais surpresas. Entrada: 3 presentes (com oferta a efeito natal\u00edcio) Organiza\u00e7\u00e3o: ADSCERFA<\/p>\n","protected":false},"author":3,"featured_media":63211,"comment_status":"closed","ping_status":"closed","template":"","meta":{"_vp_format_video_url":"","_vp_image_focal_point":[]},"tags":[1040,1019,1039,350,1752,2465],"mec_category":[467],"class_list":["post-63209","mec-events","type-mec-events","status-publish","has-post-thumbnail","hentry","tag-adscerfa","tag-baile","tag-foros-de-almada","tag-natal","tag-pai-natal","tag-telmo-faria","mec_category-geral"],"_links":{"self":[{"href":"https:\/\/www.cm-benavente.pt\/index.php\/wp-json\/wp\/v2\/mec-events\/63209","targetHints":{"allow":["GET"]}}],"collection":[{"href":"https:\/\/www.cm-benavente.pt\/index.php\/wp-json\/wp\/v2\/mec-events"}],"about":[{"href":"https:\/\/www.cm-benavente.pt\/index.php\/wp-json\/wp\/v2\/types\/mec-events"}],"author":[{"embeddable":true,"href":"https:\/\/www.cm-benavente.pt\/index.php\/wp-json\/wp\/v2\/users\/3"}],"replies":[{"embeddable":true,"href":"https:\/\/www.cm-benavente.pt\/index.php\/wp-json\/wp\/v2\/comments?post=63209"}],"version-history":[{"count":1,"href":"https:\/\/www.cm-benavente.pt\/index.php\/wp-json\/wp\/v2\/mec-events\/63209\/revisions"}],"predecessor-version":[{"id":63212,"href":"https:\/\/www.cm-benavente.pt\/index.php\/wp-json\/wp\/v2\/mec-events\/63209\/revisions\/63212"}],"wp:featuredmedia":[{"embeddable":true,"href":"https:\/\/www.cm-benavente.pt\/index.php\/wp-json\/wp\/v2\/media\/63211"}],"wp:attachment":[{"href":"https:\/\/www.cm-benavente.pt\/index.php\/wp-json\/wp\/v2\/media?parent=63209"}],"wp:term":[{"taxonomy":"post_tag","embeddable":true,"href":"https:\/\/www.cm-benavente.pt\/index.php\/wp-json\/wp\/v2\/tags?post=63209"},{"taxonomy":"mec_category","embeddable":true,"href":"https:\/\/www.cm-benavente.pt\/index.php\/wp-json\/wp\/v2\/mec_category?post=63209"}],"curies":[{"name":"wp","href":"https:\/\/api.w.org\/{rel}","templated":true}]}}

<p><strong>Baile de Natal ADSCERFA</strong></p>
<p><strong>14 dezembro às 22:00h</strong> no Centro Social e Cultural dos Foros de Almada</p>
<p>Baile com Telmo Faria</p>
<p>Momento Pai Natal, sorteio de um cabaz de natal e muitas mais surpresas.</p>
<p><strong>Entrada:</strong> 3 presentes (com oferta a efeito natalício)</p>
<p><strong>Organização:</strong> ADSCERFA</p>
<p><a href="https://www.cm-benavente.pt/wp-content/uploads/2024/12/baile-natal-adscerfa-cartaz.jpg"><img fetchpriority="high" decoding="async" class="alignnone size-large wp-image-63210" src="https://www.cm-benavente.pt/wp-content/uploads/2024/12/baile-natal-adscerfa-cartaz-724x1024.jpg" alt="" width="724" height="1024" srcset="https://www.cm-benavente.pt/wp-content/uploads/2024/12/baile-natal-adscerfa-cartaz-724x1024.jpg 724w, https://www.cm-benavente.pt/wp-content/uploads/2024/12/baile-natal-adscerfa-cartaz-212x300.jpg 212w, https://www.cm-benavente.pt/wp-content/uploads/2024/12/baile-natal-adscerfa-cartaz-768x1086.jpg 768w, https://www.cm-benavente.pt/wp-content/uploads/2024/12/baile-natal-adscerfa-cartaz-1086x1536.jpg 1086w, https://www.cm-benavente.pt/wp-content/uploads/2024/12/baile-natal-adscerfa-cartaz-500x707.jpg 500w, https://www.cm-benavente.pt/wp-content/uploads/2024/12/baile-natal-adscerfa-cartaz-800x1131.jpg 800w, https://www.cm-benavente.pt/wp-content/uploads/2024/12/baile-natal-adscerfa-cartaz-1280x1810.jpg 1280w, https://www.cm-benavente.pt/wp-content/uploads/2024/12/baile-natal-adscerfa-cartaz.jpg 1448w" sizes="(max-width: 724px) 100vw, 724px" /></a></p>

<p>Baile de Natal ADSCERFA 14 dezembro às 22:00h no Centro Social e Cultural dos Foros de Almada Baile com Telmo Faria Momento Pai Natal, sorteio de um cabaz de natal e muitas mais surpresas. Entrada: 3 presentes (com oferta a efeito natalício) Organização: ADSCERFA</p>
