{"id":63205,"date":"2024-12-05T11:37:22","date_gmt":"2024-12-05T11:37:22","guid":{"rendered":"https:\/\/www.cm-benavente.pt\/?post_type=mec-events&#038;p=63205"},"modified":"2024-12-05T11:37:22","modified_gmt":"2024-12-05T11:37:22","slug":"natal-no-museu-dia-aberto","status":"publish","type":"mec-events","link":"https:\/\/www.cm-benavente.pt\/index.php\/events\/natal-no-museu-dia-aberto\/","title":{"rendered":"Natal no Museu &#8211; Dia Aberto"},"content":{"rendered":"<p><strong>Natal no Museu &#8211; Dia Aberto<\/strong><\/p>\n<p><strong>14 dezembro<\/strong> no N\u00facleo Museol\u00f3gico Agr\u00edcola de Benavente<\/p>\n<p>Neste dia, vamos estar \u00e0 sua espera para se divertir no Museu!<\/p>\n<p>Poder\u00e1 visitar as exposi\u00e7\u00f5es com a sua fam\u00edlia e no Espa\u00e7o Arriscart fazer decora\u00e7\u00f5es criativas para a \u00c1rvore de Natal que est\u00e1 no p\u00e1tio do N\u00facleo Museol\u00f3gico Agr\u00edcola e para a sua l\u00e1 de casa. Poder\u00e1 ainda, fazer uma carta para o Pai Natal, postais personalizados ou presentes para oferecer aos seus familiares e amigos.<\/p>\n<p>\u00c0 tarde, teremos tamb\u00e9m a visita do DUENTE BABBO, que vem divertir-se connosco e fazer uns malabarismos para ver e aprender!<\/p>\n<p>Estaremos abertos de manh\u00e3 das 10h \u00e0s 13h e \u00e0 tarde das 15h \u00e0s 18h.<\/p>\n<p><strong>A entrada \u00e9 livre e gratuita!<\/strong><\/p>\n<p><strong>Informa\u00e7\u00f5es:<\/strong> <a href=\"http:\/\/www.museu.cm-benavente.pt\/?fbclid=IwZXh0bgNhZW0CMTAAAR1gUENlEadYkSLs47XUAolirG6QGjwhhOl9R4Vrws-uohimGGdDkGbBZIs_aem_FuPZgVE3m6UOQJqM97CeUQ\">www.museu.cm-benavente.pt<\/a><\/p>\n<p><a href=\"https:\/\/www.cm-benavente.pt\/wp-content\/uploads\/2024\/12\/natal-museu-dia-aberto-1080.jpg\"><img fetchpriority=\"high\" decoding=\"async\" class=\"alignnone size-large wp-image-63206\" src=\"https:\/\/www.cm-benavente.pt\/wp-content\/uploads\/2024\/12\/natal-museu-dia-aberto-1080-1024x1018.jpg\" alt=\"\" width=\"800\" height=\"795\" srcset=\"https:\/\/www.cm-benavente.pt\/wp-content\/uploads\/2024\/12\/natal-museu-dia-aberto-1080-1024x1018.jpg 1024w, https:\/\/www.cm-benavente.pt\/wp-content\/uploads\/2024\/12\/natal-museu-dia-aberto-1080-300x298.jpg 300w, https:\/\/www.cm-benavente.pt\/wp-content\/uploads\/2024\/12\/natal-museu-dia-aberto-1080-150x150.jpg 150w, https:\/\/www.cm-benavente.pt\/wp-content\/uploads\/2024\/12\/natal-museu-dia-aberto-1080-768x764.jpg 768w, https:\/\/www.cm-benavente.pt\/wp-content\/uploads\/2024\/12\/natal-museu-dia-aberto-1080-500x497.jpg 500w, https:\/\/www.cm-benavente.pt\/wp-content\/uploads\/2024\/12\/natal-museu-dia-aberto-1080-800x795.jpg 800w, https:\/\/www.cm-benavente.pt\/wp-content\/uploads\/2024\/12\/natal-museu-dia-aberto-1080-1280x1273.jpg 1280w, https:\/\/www.cm-benavente.pt\/wp-content\/uploads\/2024\/12\/natal-museu-dia-aberto-1080.jpg 1418w\" sizes=\"(max-width: 800px) 100vw, 800px\" \/><\/a><\/p>\n","protected":false},"excerpt":{"rendered":"<p>Natal no Museu &#8211; Dia Aberto 14 dezembro no N\u00facleo Museol\u00f3gico Agr\u00edcola de Benavente Neste dia, vamos estar \u00e0 sua espera para se divertir no Museu! Poder\u00e1 visitar as exposi\u00e7\u00f5es com a sua fam\u00edlia e no Espa\u00e7o Arriscart fazer decora\u00e7\u00f5es criativas para a \u00c1rvore de Natal que est\u00e1 no p\u00e1tio do N\u00facleo Museol\u00f3gico Agr\u00edcola e [&hellip;]<\/p>\n","protected":false},"author":3,"featured_media":63207,"comment_status":"closed","ping_status":"closed","template":"","meta":{"_vp_format_video_url":"","_vp_image_focal_point":[]},"tags":[796,16,2464,225,17,350],"mec_category":[467],"class_list":["post-63205","mec-events","type-mec-events","status-publish","has-post-thumbnail","hentry","tag-arte","tag-benavente","tag-duende","tag-familia","tag-museu","tag-natal","mec_category-geral"],"_links":{"self":[{"href":"https:\/\/www.cm-benavente.pt\/index.php\/wp-json\/wp\/v2\/mec-events\/63205","targetHints":{"allow":["GET"]}}],"collection":[{"href":"https:\/\/www.cm-benavente.pt\/index.php\/wp-json\/wp\/v2\/mec-events"}],"about":[{"href":"https:\/\/www.cm-benavente.pt\/index.php\/wp-json\/wp\/v2\/types\/mec-events"}],"author":[{"embeddable":true,"href":"https:\/\/www.cm-benavente.pt\/index.php\/wp-json\/wp\/v2\/users\/3"}],"replies":[{"embeddable":true,"href":"https:\/\/www.cm-benavente.pt\/index.php\/wp-json\/wp\/v2\/comments?post=63205"}],"version-history":[{"count":1,"href":"https:\/\/www.cm-benavente.pt\/index.php\/wp-json\/wp\/v2\/mec-events\/63205\/revisions"}],"predecessor-version":[{"id":63208,"href":"https:\/\/www.cm-benavente.pt\/index.php\/wp-json\/wp\/v2\/mec-events\/63205\/revisions\/63208"}],"wp:featuredmedia":[{"embeddable":true,"href":"https:\/\/www.cm-benavente.pt\/index.php\/wp-json\/wp\/v2\/media\/63207"}],"wp:attachment":[{"href":"https:\/\/www.cm-benavente.pt\/index.php\/wp-json\/wp\/v2\/media?parent=63205"}],"wp:term":[{"taxonomy":"post_tag","embeddable":true,"href":"https:\/\/www.cm-benavente.pt\/index.php\/wp-json\/wp\/v2\/tags?post=63205"},{"taxonomy":"mec_category","embeddable":true,"href":"https:\/\/www.cm-benavente.pt\/index.php\/wp-json\/wp\/v2\/mec_category?post=63205"}],"curies":[{"name":"wp","href":"https:\/\/api.w.org\/{rel}","templated":true}]}}

<p><strong>Natal no Museu &#8211; Dia Aberto</strong></p>
<p><strong>14 dezembro</strong> no Núcleo Museológico Agrícola de Benavente</p>
<p>Neste dia, vamos estar à sua espera para se divertir no Museu!</p>
<p>Poderá visitar as exposições com a sua família e no Espaço Arriscart fazer decorações criativas para a Árvore de Natal que está no pátio do Núcleo Museológico Agrícola e para a sua lá de casa. Poderá ainda, fazer uma carta para o Pai Natal, postais personalizados ou presentes para oferecer aos seus familiares e amigos.</p>
<p>À tarde, teremos também a visita do DUENTE BABBO, que vem divertir-se connosco e fazer uns malabarismos para ver e aprender!</p>
<p>Estaremos abertos de manhã das 10h às 13h e à tarde das 15h às 18h.</p>
<p><strong>A entrada é livre e gratuita!</strong></p>
<p><strong>Informações:</strong> <a href="http://www.museu.cm-benavente.pt/?fbclid=IwZXh0bgNhZW0CMTAAAR1gUENlEadYkSLs47XUAolirG6QGjwhhOl9R4Vrws-uohimGGdDkGbBZIs_aem_FuPZgVE3m6UOQJqM97CeUQ">www.museu.cm-benavente.pt</a></p>
<p><a href="https://www.cm-benavente.pt/wp-content/uploads/2024/12/natal-museu-dia-aberto-1080.jpg"><img fetchpriority="high" decoding="async" class="alignnone size-large wp-image-63206" src="https://www.cm-benavente.pt/wp-content/uploads/2024/12/natal-museu-dia-aberto-1080-1024x1018.jpg" alt="" width="800" height="795" srcset="https://www.cm-benavente.pt/wp-content/uploads/2024/12/natal-museu-dia-aberto-1080-1024x1018.jpg 1024w, https://www.cm-benavente.pt/wp-content/uploads/2024/12/natal-museu-dia-aberto-1080-300x298.jpg 300w, https://www.cm-benavente.pt/wp-content/uploads/2024/12/natal-museu-dia-aberto-1080-150x150.jpg 150w, https://www.cm-benavente.pt/wp-content/uploads/2024/12/natal-museu-dia-aberto-1080-768x764.jpg 768w, https://www.cm-benavente.pt/wp-content/uploads/2024/12/natal-museu-dia-aberto-1080-500x497.jpg 500w, https://www.cm-benavente.pt/wp-content/uploads/2024/12/natal-museu-dia-aberto-1080-800x795.jpg 800w, https://www.cm-benavente.pt/wp-content/uploads/2024/12/natal-museu-dia-aberto-1080-1280x1273.jpg 1280w, https://www.cm-benavente.pt/wp-content/uploads/2024/12/natal-museu-dia-aberto-1080.jpg 1418w" sizes="(max-width: 800px) 100vw, 800px" /></a></p>

<p>Natal no Museu &#8211; Dia Aberto 14 dezembro no Núcleo Museológico Agrícola de Benavente Neste dia, vamos estar à sua espera para se divertir no Museu! Poderá visitar as exposições com a sua família e no Espaço Arriscart fazer decorações criativas para a Árvore de Natal que está no pátio do Núcleo Museológico Agrícola e [&hellip;]</p>
