{"id":60468,"date":"2024-10-23T10:19:53","date_gmt":"2024-10-23T10:19:53","guid":{"rendered":"https:\/\/www.cm-benavente.pt\/?post_type=mec-events&#038;p=60468"},"modified":"2024-10-23T10:19:53","modified_gmt":"2024-10-23T10:19:53","slug":"a-salto-de-historias","status":"publish","type":"mec-events","link":"https:\/\/www.cm-benavente.pt\/index.php\/events\/a-salto-de-historias\/","title":{"rendered":"(A) Salto de Hist\u00f3rias"},"content":{"rendered":"<p><strong>(A) Salto de Hist\u00f3rias<\/strong><\/p>\n<p><strong>31 outubro \u00e0s 21:00h<\/strong> na Biblioteca Municipal de Benavente<\/p>\n<div class=\"xdj266r x11i5rnm xat24cr x1mh8g0r x1vvkbs x126k92a\">\n<div dir=\"auto\">Ser\u00e1 uma noite aterradora&#8230; Mas, cheia de hist\u00f3rias. Iremos saltar de uma para outra onde a do\u00e7ura e a travessura n\u00e3o vai faltar.<\/div>\n<\/div>\n<div class=\"x11i5rnm xat24cr x1mh8g0r x1vvkbs xtlvy1s x126k92a\">\n<div dir=\"auto\"><\/div>\n<div dir=\"auto\">Prepare a sua melhor m\u00e1scara e venha festejar connosco.<\/div>\n<\/div>\n<div class=\"x11i5rnm xat24cr x1mh8g0r x1vvkbs xtlvy1s x126k92a\">\n<div dir=\"auto\"><\/div>\n<div dir=\"auto\"><strong>Inscri\u00e7\u00f5es:<\/strong> a partir das 9.30h de 24 de outubro pelo e-mail <a href=\"mailto:bibliotecas@cm-benavente.pt\">bibliotecas@cm-benavente.pt<\/a><\/div>\n<div dir=\"auto\">(limitadas \u00e0 capacidade da sala)<\/div>\n<\/div>\n<div dir=\"auto\"><\/div>\n<div dir=\"auto\"><a href=\"https:\/\/www.cm-benavente.pt\/wp-content\/uploads\/2024\/10\/asatodehistorias.png\"><img fetchpriority=\"high\" decoding=\"async\" class=\"alignnone size-large wp-image-60469\" src=\"https:\/\/www.cm-benavente.pt\/wp-content\/uploads\/2024\/10\/asatodehistorias-819x1024.png\" alt=\"\" width=\"800\" height=\"1000\" srcset=\"https:\/\/www.cm-benavente.pt\/wp-content\/uploads\/2024\/10\/asatodehistorias-819x1024.png 819w, https:\/\/www.cm-benavente.pt\/wp-content\/uploads\/2024\/10\/asatodehistorias-240x300.png 240w, https:\/\/www.cm-benavente.pt\/wp-content\/uploads\/2024\/10\/asatodehistorias-768x960.png 768w, https:\/\/www.cm-benavente.pt\/wp-content\/uploads\/2024\/10\/asatodehistorias-1229x1536.png 1229w, https:\/\/www.cm-benavente.pt\/wp-content\/uploads\/2024\/10\/asatodehistorias-1638x2048.png 1638w, https:\/\/www.cm-benavente.pt\/wp-content\/uploads\/2024\/10\/asatodehistorias-500x625.png 500w, https:\/\/www.cm-benavente.pt\/wp-content\/uploads\/2024\/10\/asatodehistorias-800x1000.png 800w, https:\/\/www.cm-benavente.pt\/wp-content\/uploads\/2024\/10\/asatodehistorias-1280x1600.png 1280w, https:\/\/www.cm-benavente.pt\/wp-content\/uploads\/2024\/10\/asatodehistorias-1920x2400.png 1920w\" sizes=\"(max-width: 800px) 100vw, 800px\" \/><\/a><\/div>\n","protected":false},"excerpt":{"rendered":"<p>(A) Salto de Hist\u00f3rias 31 outubro \u00e0s 21:00h na Biblioteca Municipal de Benavente Ser\u00e1 uma noite aterradora&#8230; Mas, cheia de hist\u00f3rias. Iremos saltar de uma para outra onde a do\u00e7ura e a travessura n\u00e3o vai faltar. Prepare a sua melhor m\u00e1scara e venha festejar connosco. Inscri\u00e7\u00f5es: a partir das 9.30h de 24 de outubro pelo [&hellip;]<\/p>\n","protected":false},"author":3,"featured_media":60470,"comment_status":"closed","ping_status":"closed","template":"","meta":{"_vp_format_video_url":"","_vp_image_focal_point":[]},"tags":[16,83,1695,2367,794,2368],"mec_category":[757],"class_list":["post-60468","mec-events","type-mec-events","status-publish","has-post-thumbnail","hentry","tag-benavente","tag-biblioteca","tag-halloween","tag-historias","tag-literatura","tag-noite-das-bruxas","mec_category-literatura"],"_links":{"self":[{"href":"https:\/\/www.cm-benavente.pt\/index.php\/wp-json\/wp\/v2\/mec-events\/60468","targetHints":{"allow":["GET"]}}],"collection":[{"href":"https:\/\/www.cm-benavente.pt\/index.php\/wp-json\/wp\/v2\/mec-events"}],"about":[{"href":"https:\/\/www.cm-benavente.pt\/index.php\/wp-json\/wp\/v2\/types\/mec-events"}],"author":[{"embeddable":true,"href":"https:\/\/www.cm-benavente.pt\/index.php\/wp-json\/wp\/v2\/users\/3"}],"replies":[{"embeddable":true,"href":"https:\/\/www.cm-benavente.pt\/index.php\/wp-json\/wp\/v2\/comments?post=60468"}],"version-history":[{"count":1,"href":"https:\/\/www.cm-benavente.pt\/index.php\/wp-json\/wp\/v2\/mec-events\/60468\/revisions"}],"predecessor-version":[{"id":60471,"href":"https:\/\/www.cm-benavente.pt\/index.php\/wp-json\/wp\/v2\/mec-events\/60468\/revisions\/60471"}],"wp:featuredmedia":[{"embeddable":true,"href":"https:\/\/www.cm-benavente.pt\/index.php\/wp-json\/wp\/v2\/media\/60470"}],"wp:attachment":[{"href":"https:\/\/www.cm-benavente.pt\/index.php\/wp-json\/wp\/v2\/media?parent=60468"}],"wp:term":[{"taxonomy":"post_tag","embeddable":true,"href":"https:\/\/www.cm-benavente.pt\/index.php\/wp-json\/wp\/v2\/tags?post=60468"},{"taxonomy":"mec_category","embeddable":true,"href":"https:\/\/www.cm-benavente.pt\/index.php\/wp-json\/wp\/v2\/mec_category?post=60468"}],"curies":[{"name":"wp","href":"https:\/\/api.w.org\/{rel}","templated":true}]}}

(A) Salto de Histórias

<p><strong>(A) Salto de Histórias</strong></p>
<p><strong>31 outubro às 21:00h</strong> na Biblioteca Municipal de Benavente</p>
<div class="xdj266r x11i5rnm xat24cr x1mh8g0r x1vvkbs x126k92a">
<div dir="auto">Será uma noite aterradora&#8230; Mas, cheia de histórias. Iremos saltar de uma para outra onde a doçura e a travessura não vai faltar.</div>
</div>
<div class="x11i5rnm xat24cr x1mh8g0r x1vvkbs xtlvy1s x126k92a">
<div dir="auto"></div>
<div dir="auto">Prepare a sua melhor máscara e venha festejar connosco.</div>
</div>
<div class="x11i5rnm xat24cr x1mh8g0r x1vvkbs xtlvy1s x126k92a">
<div dir="auto"></div>
<div dir="auto"><strong>Inscrições:</strong> a partir das 9.30h de 24 de outubro pelo e-mail <a href="mailto:bibliotecas@cm-benavente.pt">bibliotecas@cm-benavente.pt</a></div>
<div dir="auto">(limitadas à capacidade da sala)</div>
</div>
<div dir="auto"></div>
<div dir="auto"><a href="https://www.cm-benavente.pt/wp-content/uploads/2024/10/asatodehistorias.png"><img fetchpriority="high" decoding="async" class="alignnone size-large wp-image-60469" src="https://www.cm-benavente.pt/wp-content/uploads/2024/10/asatodehistorias-819x1024.png" alt="" width="800" height="1000" srcset="https://www.cm-benavente.pt/wp-content/uploads/2024/10/asatodehistorias-819x1024.png 819w, https://www.cm-benavente.pt/wp-content/uploads/2024/10/asatodehistorias-240x300.png 240w, https://www.cm-benavente.pt/wp-content/uploads/2024/10/asatodehistorias-768x960.png 768w, https://www.cm-benavente.pt/wp-content/uploads/2024/10/asatodehistorias-1229x1536.png 1229w, https://www.cm-benavente.pt/wp-content/uploads/2024/10/asatodehistorias-1638x2048.png 1638w, https://www.cm-benavente.pt/wp-content/uploads/2024/10/asatodehistorias-500x625.png 500w, https://www.cm-benavente.pt/wp-content/uploads/2024/10/asatodehistorias-800x1000.png 800w, https://www.cm-benavente.pt/wp-content/uploads/2024/10/asatodehistorias-1280x1600.png 1280w, https://www.cm-benavente.pt/wp-content/uploads/2024/10/asatodehistorias-1920x2400.png 1920w" sizes="(max-width: 800px) 100vw, 800px" /></a></div>

<p>(A) Salto de Histórias 31 outubro às 21:00h na Biblioteca Municipal de Benavente Será uma noite aterradora&#8230; Mas, cheia de histórias. Iremos saltar de uma para outra onde a doçura e a travessura não vai faltar. Prepare a sua melhor máscara e venha festejar connosco. Inscrições: a partir das 9.30h de 24 de outubro pelo [&hellip;]</p>
