{"id":60446,"date":"2024-10-23T09:19:12","date_gmt":"2024-10-23T09:19:12","guid":{"rendered":"https:\/\/www.cm-benavente.pt\/?post_type=mec-events&#038;p=60446"},"modified":"2024-10-23T09:19:12","modified_gmt":"2024-10-23T09:19:12","slug":"halloween-party-sardinha-assada-de-benavente","status":"publish","type":"mec-events","link":"https:\/\/www.cm-benavente.pt\/index.php\/events\/halloween-party-sardinha-assada-de-benavente\/","title":{"rendered":"Halloween Party &#8211; Sardinha Assada de Benavente"},"content":{"rendered":"<p><strong>Halloween Party &#8211; Sardinha Assada de Benavente<\/strong><\/p>\n<p><strong>31 outubro \u00e0s 22:00h<\/strong> no Celeiro dos Arcos, Largo do Calv\u00e1rio &#8211; Benavente<\/p>\n<p><strong>M\u00fasica<\/strong> com Dj Nana e Dj Yummy<\/p>\n<p>Pr\u00e9mio para a melhor m\u00e1scara<\/p>\n<p><strong>Entrada:<\/strong> 3 travessuras<\/p>\n<p><strong>Organiza\u00e7\u00e3o:<\/strong> Comiss\u00e3o da Sardinha Assada de Benavente<\/p>\n<p><a href=\"https:\/\/www.cm-benavente.pt\/wp-content\/uploads\/2024\/10\/halloween-sa-1080.jpg\"><img fetchpriority=\"high\" decoding=\"async\" class=\"alignnone size-large wp-image-60447\" src=\"https:\/\/www.cm-benavente.pt\/wp-content\/uploads\/2024\/10\/halloween-sa-1080-1024x1024.jpg\" alt=\"\" width=\"800\" height=\"800\" srcset=\"https:\/\/www.cm-benavente.pt\/wp-content\/uploads\/2024\/10\/halloween-sa-1080-1024x1024.jpg 1024w, https:\/\/www.cm-benavente.pt\/wp-content\/uploads\/2024\/10\/halloween-sa-1080-300x300.jpg 300w, https:\/\/www.cm-benavente.pt\/wp-content\/uploads\/2024\/10\/halloween-sa-1080-150x150.jpg 150w, https:\/\/www.cm-benavente.pt\/wp-content\/uploads\/2024\/10\/halloween-sa-1080-768x768.jpg 768w, https:\/\/www.cm-benavente.pt\/wp-content\/uploads\/2024\/10\/halloween-sa-1080-500x500.jpg 500w, https:\/\/www.cm-benavente.pt\/wp-content\/uploads\/2024\/10\/halloween-sa-1080-800x800.jpg 800w, https:\/\/www.cm-benavente.pt\/wp-content\/uploads\/2024\/10\/halloween-sa-1080.jpg 1080w\" sizes=\"(max-width: 800px) 100vw, 800px\" \/><\/a><\/p>\n","protected":false},"excerpt":{"rendered":"<p>Halloween Party &#8211; Sardinha Assada de Benavente 31 outubro \u00e0s 22:00h no Celeiro dos Arcos, Largo do Calv\u00e1rio &#8211; Benavente M\u00fasica com Dj Nana e Dj Yummy Pr\u00e9mio para a melhor m\u00e1scara Entrada: 3 travessuras Organiza\u00e7\u00e3o: Comiss\u00e3o da Sardinha Assada de Benavente<\/p>\n","protected":false},"author":3,"featured_media":60448,"comment_status":"closed","ping_status":"closed","template":"","meta":{"_vp_format_video_url":"","_vp_image_focal_point":[]},"tags":[16,840,900,1695,4,603],"mec_category":[467],"class_list":["post-60446","mec-events","type-mec-events","status-publish","has-post-thumbnail","hentry","tag-benavente","tag-dj","tag-festa","tag-halloween","tag-musica","tag-sardinha-assada","mec_category-geral"],"_links":{"self":[{"href":"https:\/\/www.cm-benavente.pt\/index.php\/wp-json\/wp\/v2\/mec-events\/60446","targetHints":{"allow":["GET"]}}],"collection":[{"href":"https:\/\/www.cm-benavente.pt\/index.php\/wp-json\/wp\/v2\/mec-events"}],"about":[{"href":"https:\/\/www.cm-benavente.pt\/index.php\/wp-json\/wp\/v2\/types\/mec-events"}],"author":[{"embeddable":true,"href":"https:\/\/www.cm-benavente.pt\/index.php\/wp-json\/wp\/v2\/users\/3"}],"replies":[{"embeddable":true,"href":"https:\/\/www.cm-benavente.pt\/index.php\/wp-json\/wp\/v2\/comments?post=60446"}],"version-history":[{"count":1,"href":"https:\/\/www.cm-benavente.pt\/index.php\/wp-json\/wp\/v2\/mec-events\/60446\/revisions"}],"predecessor-version":[{"id":60449,"href":"https:\/\/www.cm-benavente.pt\/index.php\/wp-json\/wp\/v2\/mec-events\/60446\/revisions\/60449"}],"wp:featuredmedia":[{"embeddable":true,"href":"https:\/\/www.cm-benavente.pt\/index.php\/wp-json\/wp\/v2\/media\/60448"}],"wp:attachment":[{"href":"https:\/\/www.cm-benavente.pt\/index.php\/wp-json\/wp\/v2\/media?parent=60446"}],"wp:term":[{"taxonomy":"post_tag","embeddable":true,"href":"https:\/\/www.cm-benavente.pt\/index.php\/wp-json\/wp\/v2\/tags?post=60446"},{"taxonomy":"mec_category","embeddable":true,"href":"https:\/\/www.cm-benavente.pt\/index.php\/wp-json\/wp\/v2\/mec_category?post=60446"}],"curies":[{"name":"wp","href":"https:\/\/api.w.org\/{rel}","templated":true}]}}

<p><strong>Halloween Party &#8211; Sardinha Assada de Benavente</strong></p>
<p><strong>31 outubro às 22:00h</strong> no Celeiro dos Arcos, Largo do Calvário &#8211; Benavente</p>
<p><strong>Música</strong> com Dj Nana e Dj Yummy</p>
<p>Prémio para a melhor máscara</p>
<p><strong>Entrada:</strong> 3 travessuras</p>
<p><strong>Organização:</strong> Comissão da Sardinha Assada de Benavente</p>
<p><a href="https://www.cm-benavente.pt/wp-content/uploads/2024/10/halloween-sa-1080.jpg"><img fetchpriority="high" decoding="async" class="alignnone size-large wp-image-60447" src="https://www.cm-benavente.pt/wp-content/uploads/2024/10/halloween-sa-1080-1024x1024.jpg" alt="" width="800" height="800" srcset="https://www.cm-benavente.pt/wp-content/uploads/2024/10/halloween-sa-1080-1024x1024.jpg 1024w, https://www.cm-benavente.pt/wp-content/uploads/2024/10/halloween-sa-1080-300x300.jpg 300w, https://www.cm-benavente.pt/wp-content/uploads/2024/10/halloween-sa-1080-150x150.jpg 150w, https://www.cm-benavente.pt/wp-content/uploads/2024/10/halloween-sa-1080-768x768.jpg 768w, https://www.cm-benavente.pt/wp-content/uploads/2024/10/halloween-sa-1080-500x500.jpg 500w, https://www.cm-benavente.pt/wp-content/uploads/2024/10/halloween-sa-1080-800x800.jpg 800w, https://www.cm-benavente.pt/wp-content/uploads/2024/10/halloween-sa-1080.jpg 1080w" sizes="(max-width: 800px) 100vw, 800px" /></a></p>

<p>Halloween Party &#8211; Sardinha Assada de Benavente 31 outubro às 22:00h no Celeiro dos Arcos, Largo do Calvário &#8211; Benavente Música com Dj Nana e Dj Yummy Prémio para a melhor máscara Entrada: 3 travessuras Organização: Comissão da Sardinha Assada de Benavente</p>
