{"id":60226,"date":"2024-10-21T10:19:24","date_gmt":"2024-10-21T10:19:24","guid":{"rendered":"https:\/\/www.cm-benavente.pt\/?post_type=mec-events&#038;p=60226"},"modified":"2024-10-21T10:19:24","modified_gmt":"2024-10-21T10:19:24","slug":"caminhada-outubro-rosa-2","status":"publish","type":"mec-events","link":"https:\/\/www.cm-benavente.pt\/index.php\/events\/caminhada-outubro-rosa-2\/","title":{"rendered":"Caminhada Outubro Rosa"},"content":{"rendered":"<p><strong>Caminhada Outubro Rosa<\/strong><\/p>\n<p><strong>27 de outubro<\/strong> em Benavente<\/p>\n<p><strong>Programa:<\/strong><br \/>\n9h30 \u2013 Concentra\u00e7\u00e3o no Parque 25 de abril<\/p>\n<p><strong>Inscri\u00e7\u00f5es:<\/strong><br \/>\nValor donativo m\u00ednimo \u2013 5 la\u00e7os<br \/>\nOferta de t-shirt e garrafa de \u00e1gua<\/p>\n<p><strong>Contactos para Inscri\u00e7\u00e3o:<\/strong><br \/>\nGrupo de Apoio de Santar\u00e9m<br \/>\nLavandaria do Parque \u2013 <a href=\"tel:914901774\">914 901 774<\/a><br \/>\nZ\u00e9 Cabeleireiros \u2013 <a href=\"tel:263151433\">263 151 433<\/a><\/p>\n<p>Apoie a Liga Portuguesa Contra o Cancro e inscreva-se nesta caminhada com percurso f\u00e1cil e urbano, que conta com o apoio do setor de desporto da C\u00e2mara Municipal de Benavente.<\/p>\n<p>&nbsp;<\/p>\n<p><a href=\"https:\/\/www.cm-benavente.pt\/wp-content\/uploads\/2024\/10\/outubro-rosa-26OUT-Benavente-OR-2024.png\"><img fetchpriority=\"high\" decoding=\"async\" class=\"alignnone size-large wp-image-60227\" src=\"https:\/\/www.cm-benavente.pt\/wp-content\/uploads\/2024\/10\/outubro-rosa-26OUT-Benavente-OR-2024-724x1024.png\" alt=\"\" width=\"724\" height=\"1024\" srcset=\"https:\/\/www.cm-benavente.pt\/wp-content\/uploads\/2024\/10\/outubro-rosa-26OUT-Benavente-OR-2024-724x1024.png 724w, https:\/\/www.cm-benavente.pt\/wp-content\/uploads\/2024\/10\/outubro-rosa-26OUT-Benavente-OR-2024-212x300.png 212w, https:\/\/www.cm-benavente.pt\/wp-content\/uploads\/2024\/10\/outubro-rosa-26OUT-Benavente-OR-2024-768x1086.png 768w, https:\/\/www.cm-benavente.pt\/wp-content\/uploads\/2024\/10\/outubro-rosa-26OUT-Benavente-OR-2024-500x707.png 500w, https:\/\/www.cm-benavente.pt\/wp-content\/uploads\/2024\/10\/outubro-rosa-26OUT-Benavente-OR-2024-800x1132.png 800w, https:\/\/www.cm-benavente.pt\/wp-content\/uploads\/2024\/10\/outubro-rosa-26OUT-Benavente-OR-2024.png 842w\" sizes=\"(max-width: 724px) 100vw, 724px\" \/><\/a><\/p>\n","protected":false},"excerpt":{"rendered":"<p>Caminhada Outubro Rosa 27 de outubro em Benavente Programa: 9h30 \u2013 Concentra\u00e7\u00e3o no Parque 25 de abril Inscri\u00e7\u00f5es: Valor donativo m\u00ednimo \u2013 5 la\u00e7os Oferta de t-shirt e garrafa de \u00e1gua Contactos para Inscri\u00e7\u00e3o: Grupo de Apoio de Santar\u00e9m Lavandaria do Parque \u2013 914 901 774 Z\u00e9 Cabeleireiros \u2013 263 151 433 Apoie a Liga [&hellip;]<\/p>\n","protected":false},"author":3,"featured_media":60228,"comment_status":"closed","ping_status":"closed","template":"","meta":{"_vp_format_video_url":"","_vp_image_focal_point":[]},"tags":[16,808,124,623,1665,1666,99],"mec_category":[472],"class_list":["post-60226","mec-events","type-mec-events","status-publish","has-post-thumbnail","hentry","tag-benavente","tag-caminhada","tag-desporto","tag-liga-portuguesa-contra-o-cancro","tag-outubro","tag-rosa","tag-saude","mec_category-desporto"],"_links":{"self":[{"href":"https:\/\/www.cm-benavente.pt\/index.php\/wp-json\/wp\/v2\/mec-events\/60226","targetHints":{"allow":["GET"]}}],"collection":[{"href":"https:\/\/www.cm-benavente.pt\/index.php\/wp-json\/wp\/v2\/mec-events"}],"about":[{"href":"https:\/\/www.cm-benavente.pt\/index.php\/wp-json\/wp\/v2\/types\/mec-events"}],"author":[{"embeddable":true,"href":"https:\/\/www.cm-benavente.pt\/index.php\/wp-json\/wp\/v2\/users\/3"}],"replies":[{"embeddable":true,"href":"https:\/\/www.cm-benavente.pt\/index.php\/wp-json\/wp\/v2\/comments?post=60226"}],"version-history":[{"count":1,"href":"https:\/\/www.cm-benavente.pt\/index.php\/wp-json\/wp\/v2\/mec-events\/60226\/revisions"}],"predecessor-version":[{"id":60229,"href":"https:\/\/www.cm-benavente.pt\/index.php\/wp-json\/wp\/v2\/mec-events\/60226\/revisions\/60229"}],"wp:featuredmedia":[{"embeddable":true,"href":"https:\/\/www.cm-benavente.pt\/index.php\/wp-json\/wp\/v2\/media\/60228"}],"wp:attachment":[{"href":"https:\/\/www.cm-benavente.pt\/index.php\/wp-json\/wp\/v2\/media?parent=60226"}],"wp:term":[{"taxonomy":"post_tag","embeddable":true,"href":"https:\/\/www.cm-benavente.pt\/index.php\/wp-json\/wp\/v2\/tags?post=60226"},{"taxonomy":"mec_category","embeddable":true,"href":"https:\/\/www.cm-benavente.pt\/index.php\/wp-json\/wp\/v2\/mec_category?post=60226"}],"curies":[{"name":"wp","href":"https:\/\/api.w.org\/{rel}","templated":true}]}}

<p><strong>Caminhada Outubro Rosa</strong></p>
<p><strong>27 de outubro</strong> em Benavente</p>
<p><strong>Programa:</strong><br />
9h30 – Concentração no Parque 25 de abril</p>
<p><strong>Inscrições:</strong><br />
Valor donativo mínimo – 5 laços<br />
Oferta de t-shirt e garrafa de água</p>
<p><strong>Contactos para Inscrição:</strong><br />
Grupo de Apoio de Santarém<br />
Lavandaria do Parque – <a href="tel:914901774">914 901 774</a><br />
Zé Cabeleireiros – <a href="tel:263151433">263 151 433</a></p>
<p>Apoie a Liga Portuguesa Contra o Cancro e inscreva-se nesta caminhada com percurso fácil e urbano, que conta com o apoio do setor de desporto da Câmara Municipal de Benavente.</p>
<p>&nbsp;</p>
<p><a href="https://www.cm-benavente.pt/wp-content/uploads/2024/10/outubro-rosa-26OUT-Benavente-OR-2024.png"><img fetchpriority="high" decoding="async" class="alignnone size-large wp-image-60227" src="https://www.cm-benavente.pt/wp-content/uploads/2024/10/outubro-rosa-26OUT-Benavente-OR-2024-724x1024.png" alt="" width="724" height="1024" srcset="https://www.cm-benavente.pt/wp-content/uploads/2024/10/outubro-rosa-26OUT-Benavente-OR-2024-724x1024.png 724w, https://www.cm-benavente.pt/wp-content/uploads/2024/10/outubro-rosa-26OUT-Benavente-OR-2024-212x300.png 212w, https://www.cm-benavente.pt/wp-content/uploads/2024/10/outubro-rosa-26OUT-Benavente-OR-2024-768x1086.png 768w, https://www.cm-benavente.pt/wp-content/uploads/2024/10/outubro-rosa-26OUT-Benavente-OR-2024-500x707.png 500w, https://www.cm-benavente.pt/wp-content/uploads/2024/10/outubro-rosa-26OUT-Benavente-OR-2024-800x1132.png 800w, https://www.cm-benavente.pt/wp-content/uploads/2024/10/outubro-rosa-26OUT-Benavente-OR-2024.png 842w" sizes="(max-width: 724px) 100vw, 724px" /></a></p>

<p>Caminhada Outubro Rosa 27 de outubro em Benavente Programa: 9h30 – Concentração no Parque 25 de abril Inscrições: Valor donativo mínimo – 5 laços Oferta de t-shirt e garrafa de água Contactos para Inscrição: Grupo de Apoio de Santarém Lavandaria do Parque – 914 901 774 Zé Cabeleireiros – 263 151 433 Apoie a Liga [&hellip;]</p>
