{"id":58118,"date":"2024-07-29T09:38:51","date_gmt":"2024-07-29T09:38:51","guid":{"rendered":"https:\/\/www.cm-benavente.pt\/?post_type=mec-events&#038;p=58118"},"modified":"2024-07-29T09:38:51","modified_gmt":"2024-07-29T09:38:51","slug":"atelier-de-ceramica-cores-e-texturas","status":"publish","type":"mec-events","link":"https:\/\/www.cm-benavente.pt\/index.php\/events\/atelier-de-ceramica-cores-e-texturas\/","title":{"rendered":"Atelier de Cer\u00e2mica &#8220;Cores e Texturas&#8221;"},"content":{"rendered":"<p><strong>Atelier de Cer\u00e2mica &#8220;Cores e Texturas&#8221; por Maria de Nazar\u00e9<\/strong><\/p>\n<p><strong>12 a 16 de agosto e 26 a 30 de agosto<\/strong> na Casa Museu Justino Jo\u00e3o, Samora Correia<\/p>\n<p><strong>Hor\u00e1rio:<\/strong> 14:30h \u00e0s 17:00h (12 participantes por data)<\/p>\n<p><strong>P\u00fablico-alvo:<\/strong> 06 aos 18 anos<\/p>\n<p><strong>Inscri\u00e7\u00f5es:<\/strong> nas Bibliotecas Municipais<\/p>\n<p><img fetchpriority=\"high\" decoding=\"async\" class=\"alignnone size-large wp-image-58119\" src=\"https:\/\/www.cm-benavente.pt\/wp-content\/uploads\/2024\/07\/coresetexturas-1080-1024x1024.jpg\" alt=\"\" width=\"800\" height=\"800\" srcset=\"https:\/\/www.cm-benavente.pt\/wp-content\/uploads\/2024\/07\/coresetexturas-1080-1024x1024.jpg 1024w, https:\/\/www.cm-benavente.pt\/wp-content\/uploads\/2024\/07\/coresetexturas-1080-300x300.jpg 300w, https:\/\/www.cm-benavente.pt\/wp-content\/uploads\/2024\/07\/coresetexturas-1080-150x150.jpg 150w, https:\/\/www.cm-benavente.pt\/wp-content\/uploads\/2024\/07\/coresetexturas-1080-768x768.jpg 768w, https:\/\/www.cm-benavente.pt\/wp-content\/uploads\/2024\/07\/coresetexturas-1080-500x500.jpg 500w, https:\/\/www.cm-benavente.pt\/wp-content\/uploads\/2024\/07\/coresetexturas-1080-800x800.jpg 800w, https:\/\/www.cm-benavente.pt\/wp-content\/uploads\/2024\/07\/coresetexturas-1080.jpg 1080w\" sizes=\"(max-width: 800px) 100vw, 800px\" \/><\/p>\n","protected":false},"excerpt":{"rendered":"<p>Atelier de Cer\u00e2mica &#8220;Cores e Texturas&#8221; por Maria de Nazar\u00e9 12 a 16 de agosto e 26 a 30 de agosto na Casa Museu Justino Jo\u00e3o, Samora Correia Hor\u00e1rio: 14:30h \u00e0s 17:00h (12 participantes por data) P\u00fablico-alvo: 06 aos 18 anos Inscri\u00e7\u00f5es: nas Bibliotecas Municipais<\/p>\n","protected":false},"author":3,"featured_media":58120,"comment_status":"closed","ping_status":"closed","template":"","meta":{"_vp_format_video_url":"","_vp_image_focal_point":[]},"tags":[796,703,1574,2211,2212,27,2213],"mec_category":[795],"class_list":["post-58118","mec-events","type-mec-events","status-publish","has-post-thumbnail","hentry","tag-arte","tag-atelier","tag-casa-museu-justino-joao","tag-ceramica","tag-cores","tag-samora-correia","tag-texturas","mec_category-arte"],"_links":{"self":[{"href":"https:\/\/www.cm-benavente.pt\/index.php\/wp-json\/wp\/v2\/mec-events\/58118","targetHints":{"allow":["GET"]}}],"collection":[{"href":"https:\/\/www.cm-benavente.pt\/index.php\/wp-json\/wp\/v2\/mec-events"}],"about":[{"href":"https:\/\/www.cm-benavente.pt\/index.php\/wp-json\/wp\/v2\/types\/mec-events"}],"author":[{"embeddable":true,"href":"https:\/\/www.cm-benavente.pt\/index.php\/wp-json\/wp\/v2\/users\/3"}],"replies":[{"embeddable":true,"href":"https:\/\/www.cm-benavente.pt\/index.php\/wp-json\/wp\/v2\/comments?post=58118"}],"version-history":[{"count":0,"href":"https:\/\/www.cm-benavente.pt\/index.php\/wp-json\/wp\/v2\/mec-events\/58118\/revisions"}],"wp:featuredmedia":[{"embeddable":true,"href":"https:\/\/www.cm-benavente.pt\/index.php\/wp-json\/wp\/v2\/media\/58120"}],"wp:attachment":[{"href":"https:\/\/www.cm-benavente.pt\/index.php\/wp-json\/wp\/v2\/media?parent=58118"}],"wp:term":[{"taxonomy":"post_tag","embeddable":true,"href":"https:\/\/www.cm-benavente.pt\/index.php\/wp-json\/wp\/v2\/tags?post=58118"},{"taxonomy":"mec_category","embeddable":true,"href":"https:\/\/www.cm-benavente.pt\/index.php\/wp-json\/wp\/v2\/mec_category?post=58118"}],"curies":[{"name":"wp","href":"https:\/\/api.w.org\/{rel}","templated":true}]}}

Atelier de Cerâmica &#8220;Cores e Texturas&#8221;

<p><strong>Atelier de Cerâmica &#8220;Cores e Texturas&#8221; por Maria de Nazaré</strong></p>
<p><strong>12 a 16 de agosto e 26 a 30 de agosto</strong> na Casa Museu Justino João, Samora Correia</p>
<p><strong>Horário:</strong> 14:30h às 17:00h (12 participantes por data)</p>
<p><strong>Público-alvo:</strong> 06 aos 18 anos</p>
<p><strong>Inscrições:</strong> nas Bibliotecas Municipais</p>
<p><img fetchpriority="high" decoding="async" class="alignnone size-large wp-image-58119" src="https://www.cm-benavente.pt/wp-content/uploads/2024/07/coresetexturas-1080-1024x1024.jpg" alt="" width="800" height="800" srcset="https://www.cm-benavente.pt/wp-content/uploads/2024/07/coresetexturas-1080-1024x1024.jpg 1024w, https://www.cm-benavente.pt/wp-content/uploads/2024/07/coresetexturas-1080-300x300.jpg 300w, https://www.cm-benavente.pt/wp-content/uploads/2024/07/coresetexturas-1080-150x150.jpg 150w, https://www.cm-benavente.pt/wp-content/uploads/2024/07/coresetexturas-1080-768x768.jpg 768w, https://www.cm-benavente.pt/wp-content/uploads/2024/07/coresetexturas-1080-500x500.jpg 500w, https://www.cm-benavente.pt/wp-content/uploads/2024/07/coresetexturas-1080-800x800.jpg 800w, https://www.cm-benavente.pt/wp-content/uploads/2024/07/coresetexturas-1080.jpg 1080w" sizes="(max-width: 800px) 100vw, 800px" /></p>

<p>Atelier de Cerâmica &#8220;Cores e Texturas&#8221; por Maria de Nazaré 12 a 16 de agosto e 26 a 30 de agosto na Casa Museu Justino João, Samora Correia Horário: 14:30h às 17:00h (12 participantes por data) Público-alvo: 06 aos 18 anos Inscrições: nas Bibliotecas Municipais</p>
