{"id":58100,"date":"2024-07-25T13:55:07","date_gmt":"2024-07-25T13:55:07","guid":{"rendered":"https:\/\/www.cm-benavente.pt\/?post_type=mec-events&#038;p=58100"},"modified":"2024-08-08T15:23:46","modified_gmt":"2024-08-08T15:23:46","slug":"na-praca-ha-fado-2","status":"publish","type":"mec-events","link":"https:\/\/www.cm-benavente.pt\/index.php\/events\/na-praca-ha-fado-2\/","title":{"rendered":"Na Pra\u00e7a&#8230; H\u00e1 Fado"},"content":{"rendered":"<p><strong>Na Pra\u00e7a&#8230; H\u00e1 Fado<\/strong><\/p>\n<p><strong>09 agosto \u00e0s 21:30h<\/strong> na Pra\u00e7a do Munic\u00edpio, Benavente<\/p>\n<p>A iniciativa \u201cNa Pra\u00e7a\u2026 H\u00e1 Fado\u201d ter\u00e1 lugar na Pra\u00e7a do Munic\u00edpio de Benavente, que ser\u00e1 transformada num cen\u00e1rio encantador para uma noite dedicada ao fado, oferecendo uma experi\u00eancia \u00fanica onde a magia do fado tradicional se funde com o ambiente acolhedor da pra\u00e7a.<br \/>\nEste evento \u00e9 uma celebra\u00e7\u00e3o da m\u00fasica portuguesa que toca a alma, convidando todos a desfrutar de melodias emocionantes e a descobrir a profundidade do fado.<br \/>\nA noite ser\u00e1 ainda mais especial com petiscos regionais que complementam a atmosfera festiva, a partir das 20h.<\/p>\n<p><strong>Fadistas:<\/strong><br \/>\nCarolina Ribeiro, H\u00e9lder Moutinho, T\u00e2nia Oleiro, Yola Dinis<\/p>\n<p><strong>M\u00fasicos:<\/strong><br \/>\nPedro Pinhal (Viola)<br \/>\nJos\u00e9 Manuel Neto (Guitarra Portuguesa)<\/p>\n<p><strong>Entrada gratuita<\/strong><\/p>\n<p>&nbsp;<\/p>\n<p><a href=\"https:\/\/www.cm-benavente.pt\/wp-content\/uploads\/2024\/07\/hafado_1080-3.jpg\"><img fetchpriority=\"high\" decoding=\"async\" class=\"alignnone size-large wp-image-58252\" src=\"https:\/\/www.cm-benavente.pt\/wp-content\/uploads\/2024\/07\/hafado_1080-3-1024x1024.jpg\" alt=\"\" width=\"800\" height=\"800\" srcset=\"https:\/\/www.cm-benavente.pt\/wp-content\/uploads\/2024\/07\/hafado_1080-3-1024x1024.jpg 1024w, https:\/\/www.cm-benavente.pt\/wp-content\/uploads\/2024\/07\/hafado_1080-3-300x300.jpg 300w, https:\/\/www.cm-benavente.pt\/wp-content\/uploads\/2024\/07\/hafado_1080-3-150x150.jpg 150w, https:\/\/www.cm-benavente.pt\/wp-content\/uploads\/2024\/07\/hafado_1080-3-768x768.jpg 768w, https:\/\/www.cm-benavente.pt\/wp-content\/uploads\/2024\/07\/hafado_1080-3-500x500.jpg 500w, https:\/\/www.cm-benavente.pt\/wp-content\/uploads\/2024\/07\/hafado_1080-3-800x800.jpg 800w, https:\/\/www.cm-benavente.pt\/wp-content\/uploads\/2024\/07\/hafado_1080-3.jpg 1080w\" sizes=\"(max-width: 800px) 100vw, 800px\" \/><\/a><\/p>\n<p>&nbsp;<\/p>\n","protected":false},"excerpt":{"rendered":"<p>Na Pra\u00e7a&#8230; H\u00e1 Fado 09 agosto \u00e0s 21:30h na Pra\u00e7a do Munic\u00edpio, Benavente A iniciativa \u201cNa Pra\u00e7a\u2026 H\u00e1 Fado\u201d ter\u00e1 lugar na Pra\u00e7a do Munic\u00edpio de Benavente, que ser\u00e1 transformada num cen\u00e1rio encantador para uma noite dedicada ao fado, oferecendo uma experi\u00eancia \u00fanica onde a magia do fado tradicional se funde com o ambiente acolhedor [&hellip;]<\/p>\n","protected":false},"author":3,"featured_media":58102,"comment_status":"closed","ping_status":"closed","template":"","meta":{"_vp_format_video_url":"","_vp_image_focal_point":[]},"tags":[16,800,4,2210],"mec_category":[464],"class_list":["post-58100","mec-events","type-mec-events","status-publish","has-post-thumbnail","hentry","tag-benavente","tag-fado","tag-musica","tag-praca-do-municipio","mec_category-musica"],"_links":{"self":[{"href":"https:\/\/www.cm-benavente.pt\/index.php\/wp-json\/wp\/v2\/mec-events\/58100","targetHints":{"allow":["GET"]}}],"collection":[{"href":"https:\/\/www.cm-benavente.pt\/index.php\/wp-json\/wp\/v2\/mec-events"}],"about":[{"href":"https:\/\/www.cm-benavente.pt\/index.php\/wp-json\/wp\/v2\/types\/mec-events"}],"author":[{"embeddable":true,"href":"https:\/\/www.cm-benavente.pt\/index.php\/wp-json\/wp\/v2\/users\/3"}],"replies":[{"embeddable":true,"href":"https:\/\/www.cm-benavente.pt\/index.php\/wp-json\/wp\/v2\/comments?post=58100"}],"version-history":[{"count":1,"href":"https:\/\/www.cm-benavente.pt\/index.php\/wp-json\/wp\/v2\/mec-events\/58100\/revisions"}],"predecessor-version":[{"id":58224,"href":"https:\/\/www.cm-benavente.pt\/index.php\/wp-json\/wp\/v2\/mec-events\/58100\/revisions\/58224"}],"wp:featuredmedia":[{"embeddable":true,"href":"https:\/\/www.cm-benavente.pt\/index.php\/wp-json\/wp\/v2\/media\/58102"}],"wp:attachment":[{"href":"https:\/\/www.cm-benavente.pt\/index.php\/wp-json\/wp\/v2\/media?parent=58100"}],"wp:term":[{"taxonomy":"post_tag","embeddable":true,"href":"https:\/\/www.cm-benavente.pt\/index.php\/wp-json\/wp\/v2\/tags?post=58100"},{"taxonomy":"mec_category","embeddable":true,"href":"https:\/\/www.cm-benavente.pt\/index.php\/wp-json\/wp\/v2\/mec_category?post=58100"}],"curies":[{"name":"wp","href":"https:\/\/api.w.org\/{rel}","templated":true}]}}

Na Praça&#8230; Há Fado

<p><strong>Na Praça&#8230; Há Fado</strong></p>
<p><strong>09 agosto às 21:30h</strong> na Praça do Município, Benavente</p>
<p>A iniciativa “Na Praça… Há Fado” terá lugar na Praça do Município de Benavente, que será transformada num cenário encantador para uma noite dedicada ao fado, oferecendo uma experiência única onde a magia do fado tradicional se funde com o ambiente acolhedor da praça.<br />
Este evento é uma celebração da música portuguesa que toca a alma, convidando todos a desfrutar de melodias emocionantes e a descobrir a profundidade do fado.<br />
A noite será ainda mais especial com petiscos regionais que complementam a atmosfera festiva, a partir das 20h.</p>
<p><strong>Fadistas:</strong><br />
Carolina Ribeiro, Hélder Moutinho, Tânia Oleiro, Yola Dinis</p>
<p><strong>Músicos:</strong><br />
Pedro Pinhal (Viola)<br />
José Manuel Neto (Guitarra Portuguesa)</p>
<p><strong>Entrada gratuita</strong></p>
<p>&nbsp;</p>
<p><a href="https://www.cm-benavente.pt/wp-content/uploads/2024/07/hafado_1080-3.jpg"><img fetchpriority="high" decoding="async" class="alignnone size-large wp-image-58252" src="https://www.cm-benavente.pt/wp-content/uploads/2024/07/hafado_1080-3-1024x1024.jpg" alt="" width="800" height="800" srcset="https://www.cm-benavente.pt/wp-content/uploads/2024/07/hafado_1080-3-1024x1024.jpg 1024w, https://www.cm-benavente.pt/wp-content/uploads/2024/07/hafado_1080-3-300x300.jpg 300w, https://www.cm-benavente.pt/wp-content/uploads/2024/07/hafado_1080-3-150x150.jpg 150w, https://www.cm-benavente.pt/wp-content/uploads/2024/07/hafado_1080-3-768x768.jpg 768w, https://www.cm-benavente.pt/wp-content/uploads/2024/07/hafado_1080-3-500x500.jpg 500w, https://www.cm-benavente.pt/wp-content/uploads/2024/07/hafado_1080-3-800x800.jpg 800w, https://www.cm-benavente.pt/wp-content/uploads/2024/07/hafado_1080-3.jpg 1080w" sizes="(max-width: 800px) 100vw, 800px" /></a></p>
<p>&nbsp;</p>

<p>Na Praça&#8230; Há Fado 09 agosto às 21:30h na Praça do Município, Benavente A iniciativa “Na Praça… Há Fado” terá lugar na Praça do Município de Benavente, que será transformada num cenário encantador para uma noite dedicada ao fado, oferecendo uma experiência única onde a magia do fado tradicional se funde com o ambiente acolhedor [&hellip;]</p>
