{"id":58053,"date":"2024-07-17T13:21:30","date_gmt":"2024-07-17T13:21:30","guid":{"rendered":"https:\/\/www.cm-benavente.pt\/?post_type=mec-events&#038;p=58053"},"modified":"2024-07-17T13:21:30","modified_gmt":"2024-07-17T13:21:30","slug":"ativaamente-laboratorio-movel-de-inovacao-2","status":"publish","type":"mec-events","link":"https:\/\/www.cm-benavente.pt\/index.php\/events\/ativaamente-laboratorio-movel-de-inovacao-2\/","title":{"rendered":"Ativa(a)mente &#8211; Laborat\u00f3rio M\u00f3vel de Inova\u00e7\u00e3o"},"content":{"rendered":"<p><strong>Ativa(a)mente &#8211; Laborat\u00f3rio M\u00f3vel de Inova\u00e7\u00e3o<\/strong><\/p>\n<p><strong>13 agosto<\/strong> na Escola B\u00e1sica 2,3 e Secund\u00e1ria Jo\u00e3o Fernandes Pratas, Samora Correia<br \/>\n<strong>14 agosto<\/strong> na Escola Secund\u00e1ria de Benavente<\/p>\n<p><strong>Hor\u00e1rio:<\/strong> 10:00h \u00e0s 12:30h (8 aos 11 anos) e 14:00h \u00e0s 16:30h (12 aos 15 anos)<\/p>\n<p>10 participantes por grupo<\/p>\n<p><strong>Inscri\u00e7\u00f5es: at\u00e9 9 agosto<\/strong> pelo email <a href=\"mailto:emic.benavente@cm-benavente.pt\">emic.benavente@cm-benavente.pt<\/a><\/p>\n<p><strong>Organiza\u00e7\u00e3o:<\/strong> EMIC do Munic\u00edpio de Benavente e CIMLT<\/p>\n<p><img fetchpriority=\"high\" decoding=\"async\" class=\"alignnone size-large wp-image-58054\" src=\"https:\/\/www.cm-benavente.pt\/wp-content\/uploads\/2024\/07\/ativamente_2024_1350-819x1024.png\" alt=\"\" width=\"800\" height=\"1000\" srcset=\"https:\/\/www.cm-benavente.pt\/wp-content\/uploads\/2024\/07\/ativamente_2024_1350-819x1024.png 819w, https:\/\/www.cm-benavente.pt\/wp-content\/uploads\/2024\/07\/ativamente_2024_1350-240x300.png 240w, https:\/\/www.cm-benavente.pt\/wp-content\/uploads\/2024\/07\/ativamente_2024_1350-768x960.png 768w, https:\/\/www.cm-benavente.pt\/wp-content\/uploads\/2024\/07\/ativamente_2024_1350-500x625.png 500w, https:\/\/www.cm-benavente.pt\/wp-content\/uploads\/2024\/07\/ativamente_2024_1350-800x1000.png 800w, https:\/\/www.cm-benavente.pt\/wp-content\/uploads\/2024\/07\/ativamente_2024_1350.png 1080w\" sizes=\"(max-width: 800px) 100vw, 800px\" \/><\/p>\n","protected":false},"excerpt":{"rendered":"<p>Ativa(a)mente &#8211; Laborat\u00f3rio M\u00f3vel de Inova\u00e7\u00e3o 13 agosto na Escola B\u00e1sica 2,3 e Secund\u00e1ria Jo\u00e3o Fernandes Pratas, Samora Correia 14 agosto na Escola Secund\u00e1ria de Benavente Hor\u00e1rio: 10:00h \u00e0s 12:30h (8 aos 11 anos) e 14:00h \u00e0s 16:30h (12 aos 15 anos) 10 participantes por grupo Inscri\u00e7\u00f5es: at\u00e9 9 agosto pelo email emic.benavente@cm-benavente.pt Organiza\u00e7\u00e3o: EMIC [&hellip;]<\/p>\n","protected":false},"author":3,"featured_media":58055,"comment_status":"closed","ping_status":"closed","template":"","meta":{"_vp_format_video_url":"","_vp_image_focal_point":[]},"tags":[2205,16,108,2206,2204,1553,1554,27],"mec_category":[467],"class_list":["post-58053","mec-events","type-mec-events","status-publish","has-post-thumbnail","hentry","tag-ativaamente","tag-benavente","tag-cimlt","tag-emic","tag-inovacao","tag-laboratorio","tag-movel","tag-samora-correia","mec_category-geral"],"_links":{"self":[{"href":"https:\/\/www.cm-benavente.pt\/index.php\/wp-json\/wp\/v2\/mec-events\/58053","targetHints":{"allow":["GET"]}}],"collection":[{"href":"https:\/\/www.cm-benavente.pt\/index.php\/wp-json\/wp\/v2\/mec-events"}],"about":[{"href":"https:\/\/www.cm-benavente.pt\/index.php\/wp-json\/wp\/v2\/types\/mec-events"}],"author":[{"embeddable":true,"href":"https:\/\/www.cm-benavente.pt\/index.php\/wp-json\/wp\/v2\/users\/3"}],"replies":[{"embeddable":true,"href":"https:\/\/www.cm-benavente.pt\/index.php\/wp-json\/wp\/v2\/comments?post=58053"}],"version-history":[{"count":0,"href":"https:\/\/www.cm-benavente.pt\/index.php\/wp-json\/wp\/v2\/mec-events\/58053\/revisions"}],"wp:featuredmedia":[{"embeddable":true,"href":"https:\/\/www.cm-benavente.pt\/index.php\/wp-json\/wp\/v2\/media\/58055"}],"wp:attachment":[{"href":"https:\/\/www.cm-benavente.pt\/index.php\/wp-json\/wp\/v2\/media?parent=58053"}],"wp:term":[{"taxonomy":"post_tag","embeddable":true,"href":"https:\/\/www.cm-benavente.pt\/index.php\/wp-json\/wp\/v2\/tags?post=58053"},{"taxonomy":"mec_category","embeddable":true,"href":"https:\/\/www.cm-benavente.pt\/index.php\/wp-json\/wp\/v2\/mec_category?post=58053"}],"curies":[{"name":"wp","href":"https:\/\/api.w.org\/{rel}","templated":true}]}}

Ativa(a)mente &#8211; Laboratório Móvel de Inovação

<p><strong>Ativa(a)mente &#8211; Laboratório Móvel de Inovação</strong></p>
<p><strong>13 agosto</strong> na Escola Básica 2,3 e Secundária João Fernandes Pratas, Samora Correia<br />
<strong>14 agosto</strong> na Escola Secundária de Benavente</p>
<p><strong>Horário:</strong> 10:00h às 12:30h (8 aos 11 anos) e 14:00h às 16:30h (12 aos 15 anos)</p>
<p>10 participantes por grupo</p>
<p><strong>Inscrições: até 9 agosto</strong> pelo email <a href="mailto:emic.benavente@cm-benavente.pt">emic.benavente@cm-benavente.pt</a></p>
<p><strong>Organização:</strong> EMIC do Município de Benavente e CIMLT</p>
<p><img fetchpriority="high" decoding="async" class="alignnone size-large wp-image-58054" src="https://www.cm-benavente.pt/wp-content/uploads/2024/07/ativamente_2024_1350-819x1024.png" alt="" width="800" height="1000" srcset="https://www.cm-benavente.pt/wp-content/uploads/2024/07/ativamente_2024_1350-819x1024.png 819w, https://www.cm-benavente.pt/wp-content/uploads/2024/07/ativamente_2024_1350-240x300.png 240w, https://www.cm-benavente.pt/wp-content/uploads/2024/07/ativamente_2024_1350-768x960.png 768w, https://www.cm-benavente.pt/wp-content/uploads/2024/07/ativamente_2024_1350-500x625.png 500w, https://www.cm-benavente.pt/wp-content/uploads/2024/07/ativamente_2024_1350-800x1000.png 800w, https://www.cm-benavente.pt/wp-content/uploads/2024/07/ativamente_2024_1350.png 1080w" sizes="(max-width: 800px) 100vw, 800px" /></p>

<p>Ativa(a)mente &#8211; Laboratório Móvel de Inovação 13 agosto na Escola Básica 2,3 e Secundária João Fernandes Pratas, Samora Correia 14 agosto na Escola Secundária de Benavente Horário: 10:00h às 12:30h (8 aos 11 anos) e 14:00h às 16:30h (12 aos 15 anos) 10 participantes por grupo Inscrições: até 9 agosto pelo email emic.benavente@cm-benavente.pt Organização: EMIC [&hellip;]</p>
