{"id":57744,"date":"2024-07-04T09:15:18","date_gmt":"2024-07-04T09:15:18","guid":{"rendered":"https:\/\/www.cm-benavente.pt\/?post_type=mec-events&#038;p=57744"},"modified":"2024-07-04T09:15:18","modified_gmt":"2024-07-04T09:15:18","slug":"oficina-riscar-movimento-3","status":"publish","type":"mec-events","link":"https:\/\/www.cm-benavente.pt\/index.php\/events\/oficina-riscar-movimento-3\/","title":{"rendered":"Oficina &#8220;Riscar Movimento 3&#8221;"},"content":{"rendered":"<p><strong>Oficina &#8220;Riscar Movimento 3&#8221;<\/strong><\/p>\n<p><strong>06 julho<\/strong> no N\u00facleo Museol\u00f3gico Agr\u00edcola de Benavente<\/p>\n<p>10h crian\u00e7as dos 0 aos 5 anos e fam\u00edlias<br \/>\n16h crian\u00e7as dos 6 aos 15 anos e fam\u00edlias<\/p>\n<p>Est\u00e3o abertas as inscri\u00e7\u00f5es para mais uma oficina que j\u00e1 \u00e9 uma tradi\u00e7\u00e3o no nosso N\u00facleo Museol\u00f3gico Agr\u00edcola, em Benavente.<br \/>\nNo dia 6 de julho, vamos realizar a terceira edi\u00e7\u00e3o da oficina RISCAR O MOVIMENTO. Venham descobrir os caminhos e movimentos que acontecem no Museu! Tragam roupa confort\u00e1vel, suscet\u00edvel de ser pintada ou, se assim entenderem, uma muda de roupa.<\/p>\n<p><strong>Inscri\u00e7\u00f5es gratuitas mas obrigat\u00f3rias<\/strong> atrav\u00e9s do link <a href=\"https:\/\/forms.gle\/CFCARHZPFopmXUe97\" target=\"_blank\" rel=\"noopener\">https:\/\/forms.gle\/CFCARHZPFopmXUe97<\/a><\/p>\n<p><img fetchpriority=\"high\" decoding=\"async\" class=\"alignnone size-full wp-image-57745\" src=\"https:\/\/www.cm-benavente.pt\/wp-content\/uploads\/2024\/07\/riscar-movimento-3.jpeg\" alt=\"\" width=\"720\" height=\"720\" srcset=\"https:\/\/www.cm-benavente.pt\/wp-content\/uploads\/2024\/07\/riscar-movimento-3.jpeg 720w, https:\/\/www.cm-benavente.pt\/wp-content\/uploads\/2024\/07\/riscar-movimento-3-300x300.jpeg 300w, https:\/\/www.cm-benavente.pt\/wp-content\/uploads\/2024\/07\/riscar-movimento-3-150x150.jpeg 150w, https:\/\/www.cm-benavente.pt\/wp-content\/uploads\/2024\/07\/riscar-movimento-3-500x500.jpeg 500w\" sizes=\"(max-width: 720px) 100vw, 720px\" \/><\/p>\n","protected":false},"excerpt":{"rendered":"<p>Oficina &#8220;Riscar Movimento 3&#8221; 06 julho no N\u00facleo Museol\u00f3gico Agr\u00edcola de Benavente 10h crian\u00e7as dos 0 aos 5 anos e fam\u00edlias 16h crian\u00e7as dos 6 aos 15 anos e fam\u00edlias Est\u00e3o abertas as inscri\u00e7\u00f5es para mais uma oficina que j\u00e1 \u00e9 uma tradi\u00e7\u00e3o no nosso N\u00facleo Museol\u00f3gico Agr\u00edcola, em Benavente. No dia 6 de julho, [&hellip;]<\/p>\n","protected":false},"author":3,"featured_media":57746,"comment_status":"closed","ping_status":"closed","template":"","meta":{"_vp_format_video_url":"","_vp_image_focal_point":[]},"tags":[796,16,2177,17,1127,1467],"mec_category":[795],"class_list":["post-57744","mec-events","type-mec-events","status-publish","has-post-thumbnail","hentry","tag-arte","tag-benavente","tag-movimento","tag-museu","tag-oficina","tag-riscar","mec_category-arte"],"_links":{"self":[{"href":"https:\/\/www.cm-benavente.pt\/index.php\/wp-json\/wp\/v2\/mec-events\/57744","targetHints":{"allow":["GET"]}}],"collection":[{"href":"https:\/\/www.cm-benavente.pt\/index.php\/wp-json\/wp\/v2\/mec-events"}],"about":[{"href":"https:\/\/www.cm-benavente.pt\/index.php\/wp-json\/wp\/v2\/types\/mec-events"}],"author":[{"embeddable":true,"href":"https:\/\/www.cm-benavente.pt\/index.php\/wp-json\/wp\/v2\/users\/3"}],"replies":[{"embeddable":true,"href":"https:\/\/www.cm-benavente.pt\/index.php\/wp-json\/wp\/v2\/comments?post=57744"}],"version-history":[{"count":0,"href":"https:\/\/www.cm-benavente.pt\/index.php\/wp-json\/wp\/v2\/mec-events\/57744\/revisions"}],"wp:featuredmedia":[{"embeddable":true,"href":"https:\/\/www.cm-benavente.pt\/index.php\/wp-json\/wp\/v2\/media\/57746"}],"wp:attachment":[{"href":"https:\/\/www.cm-benavente.pt\/index.php\/wp-json\/wp\/v2\/media?parent=57744"}],"wp:term":[{"taxonomy":"post_tag","embeddable":true,"href":"https:\/\/www.cm-benavente.pt\/index.php\/wp-json\/wp\/v2\/tags?post=57744"},{"taxonomy":"mec_category","embeddable":true,"href":"https:\/\/www.cm-benavente.pt\/index.php\/wp-json\/wp\/v2\/mec_category?post=57744"}],"curies":[{"name":"wp","href":"https:\/\/api.w.org\/{rel}","templated":true}]}}

<p><strong>Oficina &#8220;Riscar Movimento 3&#8221;</strong></p>
<p><strong>06 julho</strong> no Núcleo Museológico Agrícola de Benavente</p>
<p>10h crianças dos 0 aos 5 anos e famílias<br />
16h crianças dos 6 aos 15 anos e famílias</p>
<p>Estão abertas as inscrições para mais uma oficina que já é uma tradição no nosso Núcleo Museológico Agrícola, em Benavente.<br />
No dia 6 de julho, vamos realizar a terceira edição da oficina RISCAR O MOVIMENTO. Venham descobrir os caminhos e movimentos que acontecem no Museu! Tragam roupa confortável, suscetível de ser pintada ou, se assim entenderem, uma muda de roupa.</p>
<p><strong>Inscrições gratuitas mas obrigatórias</strong> através do link <a href="https://forms.gle/CFCARHZPFopmXUe97" target="_blank" rel="noopener">https://forms.gle/CFCARHZPFopmXUe97</a></p>
<p><img fetchpriority="high" decoding="async" class="alignnone size-full wp-image-57745" src="https://www.cm-benavente.pt/wp-content/uploads/2024/07/riscar-movimento-3.jpeg" alt="" width="720" height="720" srcset="https://www.cm-benavente.pt/wp-content/uploads/2024/07/riscar-movimento-3.jpeg 720w, https://www.cm-benavente.pt/wp-content/uploads/2024/07/riscar-movimento-3-300x300.jpeg 300w, https://www.cm-benavente.pt/wp-content/uploads/2024/07/riscar-movimento-3-150x150.jpeg 150w, https://www.cm-benavente.pt/wp-content/uploads/2024/07/riscar-movimento-3-500x500.jpeg 500w" sizes="(max-width: 720px) 100vw, 720px" /></p>

<p>Oficina &#8220;Riscar Movimento 3&#8221; 06 julho no Núcleo Museológico Agrícola de Benavente 10h crianças dos 0 aos 5 anos e famílias 16h crianças dos 6 aos 15 anos e famílias Estão abertas as inscrições para mais uma oficina que já é uma tradição no nosso Núcleo Museológico Agrícola, em Benavente. No dia 6 de julho, [&hellip;]</p>
