{"id":57607,"date":"2024-06-28T09:53:19","date_gmt":"2024-06-28T09:53:19","guid":{"rendered":"https:\/\/www.cm-benavente.pt\/?post_type=mec-events&#038;p=57607"},"modified":"2024-07-11T10:03:36","modified_gmt":"2024-07-11T10:03:36","slug":"ii-encontro-de-verao-forum-portugues-de-administracao-educacional","status":"publish","type":"mec-events","link":"https:\/\/www.cm-benavente.pt\/index.php\/events\/ii-encontro-de-verao-forum-portugues-de-administracao-educacional\/","title":{"rendered":"II Encontro de Ver\u00e3o | F\u00f3rum Portugu\u00eas de Administra\u00e7\u00e3o Educacional"},"content":{"rendered":"<p><strong>II Encontro de Ver\u00e3o | F\u00f3rum Portugu\u00eas de Administra\u00e7\u00e3o Educacional<\/strong><\/p>\n<p><em><strong>Pol\u00edticas de Forma\u00e7\u00e3o Cont\u00ednua de Professores<\/strong><\/em><\/p>\n<p><strong>12 julho<\/strong> no Cineteatro de Benavente<\/p>\n<p><strong>Programa<\/strong> em <a href=\"https:\/\/bit.ly\/encontroveraofpae2024\" target=\"_blank\" rel=\"noopener\">https:\/\/bit.ly\/encontroveraofpae2024<\/a><\/p>\n<p>Mais <strong>informa\u00e7\u00f5es<\/strong> em <a href=\"http:\/\/www.centroeducatis.net\/\" target=\"_blank\" rel=\"noopener\">www.centroeducatis.net<\/a> ou atrav\u00e9s de <a href=\"mailto:gestao@centroeducatis.net\">gestao@centroeducatis.net<\/a> | <a href=\"tel:263519638\">263 519 638<\/a><\/p>\n<p><strong>Inscri\u00e7\u00f5es<\/strong> em <a href=\"https:\/\/bit.ly\/encontroveraofpae_inscrever\" target=\"_blank\" rel=\"noopener\">https:\/\/bit.ly\/encontroveraofpae_inscrever<\/a><\/p>\n<p><strong>Organiza\u00e7\u00e3o:<\/strong> Centro Educatis<\/p>\n<p><iframe title=\"II Encontro de ver\u00e3o do F\u00f3rum Portugu\u00eas de Administra\u00e7\u00e3o Educacional\" width=\"800\" height=\"450\" src=\"https:\/\/www.youtube.com\/embed\/dIEvPQJHJXg?feature=oembed\" frameborder=\"0\" allow=\"accelerometer; autoplay; clipboard-write; encrypted-media; gyroscope; picture-in-picture; web-share\" referrerpolicy=\"strict-origin-when-cross-origin\" allowfullscreen><\/iframe><\/p>\n<p><img fetchpriority=\"high\" decoding=\"async\" class=\"alignnone size-large wp-image-57608\" src=\"https:\/\/www.cm-benavente.pt\/wp-content\/uploads\/2024\/06\/FPAE_verao24_programa_CMB-724x1024.jpg\" alt=\"\" width=\"724\" height=\"1024\" srcset=\"https:\/\/www.cm-benavente.pt\/wp-content\/uploads\/2024\/06\/FPAE_verao24_programa_CMB-724x1024.jpg 724w, https:\/\/www.cm-benavente.pt\/wp-content\/uploads\/2024\/06\/FPAE_verao24_programa_CMB-212x300.jpg 212w, https:\/\/www.cm-benavente.pt\/wp-content\/uploads\/2024\/06\/FPAE_verao24_programa_CMB-768x1086.jpg 768w, https:\/\/www.cm-benavente.pt\/wp-content\/uploads\/2024\/06\/FPAE_verao24_programa_CMB-1086x1536.jpg 1086w, https:\/\/www.cm-benavente.pt\/wp-content\/uploads\/2024\/06\/FPAE_verao24_programa_CMB-500x707.jpg 500w, https:\/\/www.cm-benavente.pt\/wp-content\/uploads\/2024\/06\/FPAE_verao24_programa_CMB-800x1132.jpg 800w, https:\/\/www.cm-benavente.pt\/wp-content\/uploads\/2024\/06\/FPAE_verao24_programa_CMB.jpg 1240w\" sizes=\"(max-width: 724px) 100vw, 724px\" \/> <img decoding=\"async\" class=\"alignnone size-large wp-image-57609\" src=\"https:\/\/www.cm-benavente.pt\/wp-content\/uploads\/2024\/06\/FPAE_verao24_cartaz_CMB-724x1024.jpg\" alt=\"\" width=\"724\" height=\"1024\" srcset=\"https:\/\/www.cm-benavente.pt\/wp-content\/uploads\/2024\/06\/FPAE_verao24_cartaz_CMB-724x1024.jpg 724w, https:\/\/www.cm-benavente.pt\/wp-content\/uploads\/2024\/06\/FPAE_verao24_cartaz_CMB-212x300.jpg 212w, https:\/\/www.cm-benavente.pt\/wp-content\/uploads\/2024\/06\/FPAE_verao24_cartaz_CMB-768x1086.jpg 768w, https:\/\/www.cm-benavente.pt\/wp-content\/uploads\/2024\/06\/FPAE_verao24_cartaz_CMB-1086x1536.jpg 1086w, https:\/\/www.cm-benavente.pt\/wp-content\/uploads\/2024\/06\/FPAE_verao24_cartaz_CMB-1448x2048.jpg 1448w, https:\/\/www.cm-benavente.pt\/wp-content\/uploads\/2024\/06\/FPAE_verao24_cartaz_CMB-500x707.jpg 500w, https:\/\/www.cm-benavente.pt\/wp-content\/uploads\/2024\/06\/FPAE_verao24_cartaz_CMB-800x1132.jpg 800w, https:\/\/www.cm-benavente.pt\/wp-content\/uploads\/2024\/06\/FPAE_verao24_cartaz_CMB-1280x1811.jpg 1280w, https:\/\/www.cm-benavente.pt\/wp-content\/uploads\/2024\/06\/FPAE_verao24_cartaz_CMB.jpg 1754w\" sizes=\"(max-width: 724px) 100vw, 724px\" \/><\/p>\n","protected":false},"excerpt":{"rendered":"<p>II Encontro de Ver\u00e3o | F\u00f3rum Portugu\u00eas de Administra\u00e7\u00e3o Educacional Pol\u00edticas de Forma\u00e7\u00e3o Cont\u00ednua de Professores 12 julho no Cineteatro de Benavente Programa em https:\/\/bit.ly\/encontroveraofpae2024 Mais informa\u00e7\u00f5es em www.centroeducatis.net ou atrav\u00e9s de gestao@centroeducatis.net | 263 519 638 Inscri\u00e7\u00f5es em https:\/\/bit.ly\/encontroveraofpae_inscrever Organiza\u00e7\u00e3o: Centro Educatis<\/p>\n","protected":false},"author":3,"featured_media":57610,"comment_status":"closed","ping_status":"closed","template":"","meta":{"_vp_format_video_url":"","_vp_image_focal_point":[]},"tags":[642,16,2171,2169,1141,2170,1151,1621,1501],"mec_category":[467],"class_list":["post-57607","mec-events","type-mec-events","status-publish","has-post-thumbnail","hentry","tag-administracao","tag-benavente","tag-centro-educatis","tag-educacional","tag-encontro","tag-formacao-continua","tag-forum","tag-professores","tag-verao","mec_category-geral"],"_links":{"self":[{"href":"https:\/\/www.cm-benavente.pt\/index.php\/wp-json\/wp\/v2\/mec-events\/57607","targetHints":{"allow":["GET"]}}],"collection":[{"href":"https:\/\/www.cm-benavente.pt\/index.php\/wp-json\/wp\/v2\/mec-events"}],"about":[{"href":"https:\/\/www.cm-benavente.pt\/index.php\/wp-json\/wp\/v2\/types\/mec-events"}],"author":[{"embeddable":true,"href":"https:\/\/www.cm-benavente.pt\/index.php\/wp-json\/wp\/v2\/users\/3"}],"replies":[{"embeddable":true,"href":"https:\/\/www.cm-benavente.pt\/index.php\/wp-json\/wp\/v2\/comments?post=57607"}],"version-history":[{"count":0,"href":"https:\/\/www.cm-benavente.pt\/index.php\/wp-json\/wp\/v2\/mec-events\/57607\/revisions"}],"wp:featuredmedia":[{"embeddable":true,"href":"https:\/\/www.cm-benavente.pt\/index.php\/wp-json\/wp\/v2\/media\/57610"}],"wp:attachment":[{"href":"https:\/\/www.cm-benavente.pt\/index.php\/wp-json\/wp\/v2\/media?parent=57607"}],"wp:term":[{"taxonomy":"post_tag","embeddable":true,"href":"https:\/\/www.cm-benavente.pt\/index.php\/wp-json\/wp\/v2\/tags?post=57607"},{"taxonomy":"mec_category","embeddable":true,"href":"https:\/\/www.cm-benavente.pt\/index.php\/wp-json\/wp\/v2\/mec_category?post=57607"}],"curies":[{"name":"wp","href":"https:\/\/api.w.org\/{rel}","templated":true}]}}

II Encontro de Verão | Fórum Português de Administração Educacional

<p><strong>II Encontro de Verão | Fórum Português de Administração Educacional</strong></p>
<p><em><strong>Políticas de Formação Contínua de Professores</strong></em></p>
<p><strong>12 julho</strong> no Cineteatro de Benavente</p>
<p><strong>Programa</strong> em <a href="https://bit.ly/encontroveraofpae2024" target="_blank" rel="noopener">https://bit.ly/encontroveraofpae2024</a></p>
<p>Mais <strong>informações</strong> em <a href="http://www.centroeducatis.net/" target="_blank" rel="noopener">www.centroeducatis.net</a> ou através de <a href="mailto:gestao@centroeducatis.net">gestao@centroeducatis.net</a> | <a href="tel:263519638">263 519 638</a></p>
<p><strong>Inscrições</strong> em <a href="https://bit.ly/encontroveraofpae_inscrever" target="_blank" rel="noopener">https://bit.ly/encontroveraofpae_inscrever</a></p>
<p><strong>Organização:</strong> Centro Educatis</p>
<p><iframe title="II Encontro de verão do Fórum Português de Administração Educacional" width="800" height="450" src="https://www.youtube.com/embed/dIEvPQJHJXg?feature=oembed" frameborder="0" allow="accelerometer; autoplay; clipboard-write; encrypted-media; gyroscope; picture-in-picture; web-share" referrerpolicy="strict-origin-when-cross-origin" allowfullscreen></iframe></p>
<p><img fetchpriority="high" decoding="async" class="alignnone size-large wp-image-57608" src="https://www.cm-benavente.pt/wp-content/uploads/2024/06/FPAE_verao24_programa_CMB-724x1024.jpg" alt="" width="724" height="1024" srcset="https://www.cm-benavente.pt/wp-content/uploads/2024/06/FPAE_verao24_programa_CMB-724x1024.jpg 724w, https://www.cm-benavente.pt/wp-content/uploads/2024/06/FPAE_verao24_programa_CMB-212x300.jpg 212w, https://www.cm-benavente.pt/wp-content/uploads/2024/06/FPAE_verao24_programa_CMB-768x1086.jpg 768w, https://www.cm-benavente.pt/wp-content/uploads/2024/06/FPAE_verao24_programa_CMB-1086x1536.jpg 1086w, https://www.cm-benavente.pt/wp-content/uploads/2024/06/FPAE_verao24_programa_CMB-500x707.jpg 500w, https://www.cm-benavente.pt/wp-content/uploads/2024/06/FPAE_verao24_programa_CMB-800x1132.jpg 800w, https://www.cm-benavente.pt/wp-content/uploads/2024/06/FPAE_verao24_programa_CMB.jpg 1240w" sizes="(max-width: 724px) 100vw, 724px" /> <img decoding="async" class="alignnone size-large wp-image-57609" src="https://www.cm-benavente.pt/wp-content/uploads/2024/06/FPAE_verao24_cartaz_CMB-724x1024.jpg" alt="" width="724" height="1024" srcset="https://www.cm-benavente.pt/wp-content/uploads/2024/06/FPAE_verao24_cartaz_CMB-724x1024.jpg 724w, https://www.cm-benavente.pt/wp-content/uploads/2024/06/FPAE_verao24_cartaz_CMB-212x300.jpg 212w, https://www.cm-benavente.pt/wp-content/uploads/2024/06/FPAE_verao24_cartaz_CMB-768x1086.jpg 768w, https://www.cm-benavente.pt/wp-content/uploads/2024/06/FPAE_verao24_cartaz_CMB-1086x1536.jpg 1086w, https://www.cm-benavente.pt/wp-content/uploads/2024/06/FPAE_verao24_cartaz_CMB-1448x2048.jpg 1448w, https://www.cm-benavente.pt/wp-content/uploads/2024/06/FPAE_verao24_cartaz_CMB-500x707.jpg 500w, https://www.cm-benavente.pt/wp-content/uploads/2024/06/FPAE_verao24_cartaz_CMB-800x1132.jpg 800w, https://www.cm-benavente.pt/wp-content/uploads/2024/06/FPAE_verao24_cartaz_CMB-1280x1811.jpg 1280w, https://www.cm-benavente.pt/wp-content/uploads/2024/06/FPAE_verao24_cartaz_CMB.jpg 1754w" sizes="(max-width: 724px) 100vw, 724px" /></p>

<p>II Encontro de Verão | Fórum Português de Administração Educacional Políticas de Formação Contínua de Professores 12 julho no Cineteatro de Benavente Programa em https://bit.ly/encontroveraofpae2024 Mais informações em www.centroeducatis.net ou através de gestao@centroeducatis.net | 263 519 638 Inscrições em https://bit.ly/encontroveraofpae_inscrever Organização: Centro Educatis</p>
