{"id":57556,"date":"2024-06-25T15:05:00","date_gmt":"2024-06-25T15:05:00","guid":{"rendered":"https:\/\/www.cm-benavente.pt\/?post_type=mec-events&#038;p=57556"},"modified":"2024-06-25T15:05:00","modified_gmt":"2024-06-25T15:05:00","slug":"verao-no-museu","status":"publish","type":"mec-events","link":"https:\/\/www.cm-benavente.pt\/index.php\/events\/verao-no-museu\/","title":{"rendered":"Ver\u00e3o no Museu"},"content":{"rendered":"<p><strong>Ver\u00e3o no Museu<\/strong> &#8211; Oficinas de escrita criativa e pintura<\/p>\n<p><strong>Quem conta acrescenta um ponto<\/strong><\/p>\n<p><strong>08 a 12 julho<\/strong> &#8211; 06 aos 12 anos &#8211; 10:00h \u00e0s 12:00h<\/p>\n<p><strong>15 a 19 julho<\/strong> &#8211; 13 aos 16 anos &#8211; 10:00h \u00e0s 12:00h<\/p>\n<div dir=\"auto\"><strong>Inscri\u00e7\u00f5es gratuitas<\/strong> mas limitadas. Dispon\u00edveis no link: <span class=\"html-span xdj266r x11i5rnm xat24cr x1mh8g0r xexx8yu x4uap5 x18d9i69 xkhd6sd x1hl2dhg x16tdsg8 x1vvkbs\"><a class=\"x1i10hfl xjbqb8w x1ejq31n xd10rxx x1sy0etr x17r0tee x972fbf xcfux6l x1qhh985 xm0m39n x9f619 x1ypdohk xt0psk2 xe8uvvx xdj266r x11i5rnm xat24cr x1mh8g0r xexx8yu x4uap5 x18d9i69 xkhd6sd x16tdsg8 x1hl2dhg xggy1nq x1a2a7pz x1sur9pj xkrqix3 x1fey0fg\" tabindex=\"0\" role=\"link\" href=\"https:\/\/forms.gle\/DXJbUNBbYWZaeBgw5?fbclid=IwZXh0bgNhZW0CMTAAAR0eXiAxG1QxEuBtaCN9jRNW9v4gEnD4KesI6hCGzCMf8QtHFkv5JoD6Umk_aem_3j70YGfqCT1S2WZAWCGpIg\" target=\"_blank\" rel=\"nofollow noopener noreferrer\">https:\/\/forms.gle\/DXJbUNBbYWZaeBgw5<\/a><\/span><\/div>\n<div dir=\"auto\"><\/div>\n<div dir=\"auto\"><img fetchpriority=\"high\" decoding=\"async\" class=\"alignnone size-large wp-image-57557\" src=\"https:\/\/www.cm-benavente.pt\/wp-content\/uploads\/2024\/06\/verao-no-museu-1080-1024x1024.jpg\" alt=\"\" width=\"800\" height=\"800\" srcset=\"https:\/\/www.cm-benavente.pt\/wp-content\/uploads\/2024\/06\/verao-no-museu-1080-1024x1024.jpg 1024w, https:\/\/www.cm-benavente.pt\/wp-content\/uploads\/2024\/06\/verao-no-museu-1080-300x300.jpg 300w, https:\/\/www.cm-benavente.pt\/wp-content\/uploads\/2024\/06\/verao-no-museu-1080-150x150.jpg 150w, https:\/\/www.cm-benavente.pt\/wp-content\/uploads\/2024\/06\/verao-no-museu-1080-768x768.jpg 768w, https:\/\/www.cm-benavente.pt\/wp-content\/uploads\/2024\/06\/verao-no-museu-1080-500x500.jpg 500w, https:\/\/www.cm-benavente.pt\/wp-content\/uploads\/2024\/06\/verao-no-museu-1080-1536x1536.jpg 1536w, https:\/\/www.cm-benavente.pt\/wp-content\/uploads\/2024\/06\/verao-no-museu-1080-800x800.jpg 800w, https:\/\/www.cm-benavente.pt\/wp-content\/uploads\/2024\/06\/verao-no-museu-1080-1280x1280.jpg 1280w, https:\/\/www.cm-benavente.pt\/wp-content\/uploads\/2024\/06\/verao-no-museu-1080.jpg 1900w\" sizes=\"(max-width: 800px) 100vw, 800px\" \/><\/div>\n","protected":false},"excerpt":{"rendered":"<p>Ver\u00e3o no Museu &#8211; Oficinas de escrita criativa e pintura Quem conta acrescenta um ponto 08 a 12 julho &#8211; 06 aos 12 anos &#8211; 10:00h \u00e0s 12:00h 15 a 19 julho &#8211; 13 aos 16 anos &#8211; 10:00h \u00e0s 12:00h Inscri\u00e7\u00f5es gratuitas mas limitadas. Dispon\u00edveis no link: https:\/\/forms.gle\/DXJbUNBbYWZaeBgw5<\/p>\n","protected":false},"author":3,"featured_media":57558,"comment_status":"closed","ping_status":"closed","template":"","meta":{"_vp_format_video_url":"","_vp_image_focal_point":[]},"tags":[16,2164,17,1127,517,1501],"mec_category":[795],"class_list":["post-57556","mec-events","type-mec-events","status-publish","has-post-thumbnail","hentry","tag-benavente","tag-escrita","tag-museu","tag-oficina","tag-pintura","tag-verao","mec_category-arte"],"_links":{"self":[{"href":"https:\/\/www.cm-benavente.pt\/index.php\/wp-json\/wp\/v2\/mec-events\/57556","targetHints":{"allow":["GET"]}}],"collection":[{"href":"https:\/\/www.cm-benavente.pt\/index.php\/wp-json\/wp\/v2\/mec-events"}],"about":[{"href":"https:\/\/www.cm-benavente.pt\/index.php\/wp-json\/wp\/v2\/types\/mec-events"}],"author":[{"embeddable":true,"href":"https:\/\/www.cm-benavente.pt\/index.php\/wp-json\/wp\/v2\/users\/3"}],"replies":[{"embeddable":true,"href":"https:\/\/www.cm-benavente.pt\/index.php\/wp-json\/wp\/v2\/comments?post=57556"}],"version-history":[{"count":0,"href":"https:\/\/www.cm-benavente.pt\/index.php\/wp-json\/wp\/v2\/mec-events\/57556\/revisions"}],"wp:featuredmedia":[{"embeddable":true,"href":"https:\/\/www.cm-benavente.pt\/index.php\/wp-json\/wp\/v2\/media\/57558"}],"wp:attachment":[{"href":"https:\/\/www.cm-benavente.pt\/index.php\/wp-json\/wp\/v2\/media?parent=57556"}],"wp:term":[{"taxonomy":"post_tag","embeddable":true,"href":"https:\/\/www.cm-benavente.pt\/index.php\/wp-json\/wp\/v2\/tags?post=57556"},{"taxonomy":"mec_category","embeddable":true,"href":"https:\/\/www.cm-benavente.pt\/index.php\/wp-json\/wp\/v2\/mec_category?post=57556"}],"curies":[{"name":"wp","href":"https:\/\/api.w.org\/{rel}","templated":true}]}}

Verão no Museu

<p><strong>Verão no Museu</strong> &#8211; Oficinas de escrita criativa e pintura</p>
<p><strong>Quem conta acrescenta um ponto</strong></p>
<p><strong>08 a 12 julho</strong> &#8211; 06 aos 12 anos &#8211; 10:00h às 12:00h</p>
<p><strong>15 a 19 julho</strong> &#8211; 13 aos 16 anos &#8211; 10:00h às 12:00h</p>
<div dir="auto"><strong>Inscrições gratuitas</strong> mas limitadas. Disponíveis no link: <span class="html-span xdj266r x11i5rnm xat24cr x1mh8g0r xexx8yu x4uap5 x18d9i69 xkhd6sd x1hl2dhg x16tdsg8 x1vvkbs"><a class="x1i10hfl xjbqb8w x1ejq31n xd10rxx x1sy0etr x17r0tee x972fbf xcfux6l x1qhh985 xm0m39n x9f619 x1ypdohk xt0psk2 xe8uvvx xdj266r x11i5rnm xat24cr x1mh8g0r xexx8yu x4uap5 x18d9i69 xkhd6sd x16tdsg8 x1hl2dhg xggy1nq x1a2a7pz x1sur9pj xkrqix3 x1fey0fg" tabindex="0" role="link" href="https://forms.gle/DXJbUNBbYWZaeBgw5?fbclid=IwZXh0bgNhZW0CMTAAAR0eXiAxG1QxEuBtaCN9jRNW9v4gEnD4KesI6hCGzCMf8QtHFkv5JoD6Umk_aem_3j70YGfqCT1S2WZAWCGpIg" target="_blank" rel="nofollow noopener noreferrer">https://forms.gle/DXJbUNBbYWZaeBgw5</a></span></div>
<div dir="auto"></div>
<div dir="auto"><img fetchpriority="high" decoding="async" class="alignnone size-large wp-image-57557" src="https://www.cm-benavente.pt/wp-content/uploads/2024/06/verao-no-museu-1080-1024x1024.jpg" alt="" width="800" height="800" srcset="https://www.cm-benavente.pt/wp-content/uploads/2024/06/verao-no-museu-1080-1024x1024.jpg 1024w, https://www.cm-benavente.pt/wp-content/uploads/2024/06/verao-no-museu-1080-300x300.jpg 300w, https://www.cm-benavente.pt/wp-content/uploads/2024/06/verao-no-museu-1080-150x150.jpg 150w, https://www.cm-benavente.pt/wp-content/uploads/2024/06/verao-no-museu-1080-768x768.jpg 768w, https://www.cm-benavente.pt/wp-content/uploads/2024/06/verao-no-museu-1080-500x500.jpg 500w, https://www.cm-benavente.pt/wp-content/uploads/2024/06/verao-no-museu-1080-1536x1536.jpg 1536w, https://www.cm-benavente.pt/wp-content/uploads/2024/06/verao-no-museu-1080-800x800.jpg 800w, https://www.cm-benavente.pt/wp-content/uploads/2024/06/verao-no-museu-1080-1280x1280.jpg 1280w, https://www.cm-benavente.pt/wp-content/uploads/2024/06/verao-no-museu-1080.jpg 1900w" sizes="(max-width: 800px) 100vw, 800px" /></div>

<p>Verão no Museu &#8211; Oficinas de escrita criativa e pintura Quem conta acrescenta um ponto 08 a 12 julho &#8211; 06 aos 12 anos &#8211; 10:00h às 12:00h 15 a 19 julho &#8211; 13 aos 16 anos &#8211; 10:00h às 12:00h Inscrições gratuitas mas limitadas. Disponíveis no link: https://forms.gle/DXJbUNBbYWZaeBgw5</p>
