{"id":57553,"date":"2024-06-25T14:53:47","date_gmt":"2024-06-25T14:53:47","guid":{"rendered":"https:\/\/www.cm-benavente.pt\/?post_type=mec-events&#038;p=57553"},"modified":"2024-06-25T14:53:47","modified_gmt":"2024-06-25T14:53:47","slug":"junta-te-a-noite-2","status":"publish","type":"mec-events","link":"https:\/\/www.cm-benavente.pt\/index.php\/events\/junta-te-a-noite-2\/","title":{"rendered":"Junta-te \u00e0 noite"},"content":{"rendered":"<p><strong>Junta-te \u00e0 noite<\/strong><\/p>\n<p><strong>06 a 27 de julho \u00e0s 21:30h<\/strong> no Parque 25 de Abril, Benavente<\/p>\n<p>Entrada gratuita<\/p>\n<p><strong>Organiza\u00e7\u00e3o:<\/strong> Junta de Freguesia de Benavente<\/p>\n<p><img fetchpriority=\"high\" decoding=\"async\" class=\"alignnone size-large wp-image-57554\" src=\"https:\/\/www.cm-benavente.pt\/wp-content\/uploads\/2024\/06\/junta-te-a-noite-cartaz-673x1024.jpg\" alt=\"\" width=\"673\" height=\"1024\" srcset=\"https:\/\/www.cm-benavente.pt\/wp-content\/uploads\/2024\/06\/junta-te-a-noite-cartaz-673x1024.jpg 673w, https:\/\/www.cm-benavente.pt\/wp-content\/uploads\/2024\/06\/junta-te-a-noite-cartaz-197x300.jpg 197w, https:\/\/www.cm-benavente.pt\/wp-content\/uploads\/2024\/06\/junta-te-a-noite-cartaz-768x1169.jpg 768w, https:\/\/www.cm-benavente.pt\/wp-content\/uploads\/2024\/06\/junta-te-a-noite-cartaz-1009x1536.jpg 1009w, https:\/\/www.cm-benavente.pt\/wp-content\/uploads\/2024\/06\/junta-te-a-noite-cartaz-1346x2048.jpg 1346w, https:\/\/www.cm-benavente.pt\/wp-content\/uploads\/2024\/06\/junta-te-a-noite-cartaz-500x761.jpg 500w, https:\/\/www.cm-benavente.pt\/wp-content\/uploads\/2024\/06\/junta-te-a-noite-cartaz-800x1217.jpg 800w, https:\/\/www.cm-benavente.pt\/wp-content\/uploads\/2024\/06\/junta-te-a-noite-cartaz-1280x1948.jpg 1280w, https:\/\/www.cm-benavente.pt\/wp-content\/uploads\/2024\/06\/junta-te-a-noite-cartaz.jpg 1631w\" sizes=\"(max-width: 673px) 100vw, 673px\" \/><\/p>\n","protected":false},"excerpt":{"rendered":"<p>Junta-te \u00e0 noite 06 a 27 de julho \u00e0s 21:30h no Parque 25 de Abril, Benavente Entrada gratuita Organiza\u00e7\u00e3o: Junta de Freguesia de Benavente<\/p>\n","protected":false},"author":3,"featured_media":57555,"comment_status":"closed","ping_status":"closed","template":"","meta":{"_vp_format_video_url":"","_vp_image_focal_point":[]},"tags":[16,340,2163,4],"mec_category":[464],"class_list":["post-57553","mec-events","type-mec-events","status-publish","has-post-thumbnail","hentry","tag-benavente","tag-junta-de-freguesia","tag-junta-te-a-noite","tag-musica","mec_category-musica"],"_links":{"self":[{"href":"https:\/\/www.cm-benavente.pt\/index.php\/wp-json\/wp\/v2\/mec-events\/57553","targetHints":{"allow":["GET"]}}],"collection":[{"href":"https:\/\/www.cm-benavente.pt\/index.php\/wp-json\/wp\/v2\/mec-events"}],"about":[{"href":"https:\/\/www.cm-benavente.pt\/index.php\/wp-json\/wp\/v2\/types\/mec-events"}],"author":[{"embeddable":true,"href":"https:\/\/www.cm-benavente.pt\/index.php\/wp-json\/wp\/v2\/users\/3"}],"replies":[{"embeddable":true,"href":"https:\/\/www.cm-benavente.pt\/index.php\/wp-json\/wp\/v2\/comments?post=57553"}],"version-history":[{"count":0,"href":"https:\/\/www.cm-benavente.pt\/index.php\/wp-json\/wp\/v2\/mec-events\/57553\/revisions"}],"wp:featuredmedia":[{"embeddable":true,"href":"https:\/\/www.cm-benavente.pt\/index.php\/wp-json\/wp\/v2\/media\/57555"}],"wp:attachment":[{"href":"https:\/\/www.cm-benavente.pt\/index.php\/wp-json\/wp\/v2\/media?parent=57553"}],"wp:term":[{"taxonomy":"post_tag","embeddable":true,"href":"https:\/\/www.cm-benavente.pt\/index.php\/wp-json\/wp\/v2\/tags?post=57553"},{"taxonomy":"mec_category","embeddable":true,"href":"https:\/\/www.cm-benavente.pt\/index.php\/wp-json\/wp\/v2\/mec_category?post=57553"}],"curies":[{"name":"wp","href":"https:\/\/api.w.org\/{rel}","templated":true}]}}

Junta-te à noite

<p><strong>Junta-te à noite</strong></p>
<p><strong>06 a 27 de julho às 21:30h</strong> no Parque 25 de Abril, Benavente</p>
<p>Entrada gratuita</p>
<p><strong>Organização:</strong> Junta de Freguesia de Benavente</p>
<p><img fetchpriority="high" decoding="async" class="alignnone size-large wp-image-57554" src="https://www.cm-benavente.pt/wp-content/uploads/2024/06/junta-te-a-noite-cartaz-673x1024.jpg" alt="" width="673" height="1024" srcset="https://www.cm-benavente.pt/wp-content/uploads/2024/06/junta-te-a-noite-cartaz-673x1024.jpg 673w, https://www.cm-benavente.pt/wp-content/uploads/2024/06/junta-te-a-noite-cartaz-197x300.jpg 197w, https://www.cm-benavente.pt/wp-content/uploads/2024/06/junta-te-a-noite-cartaz-768x1169.jpg 768w, https://www.cm-benavente.pt/wp-content/uploads/2024/06/junta-te-a-noite-cartaz-1009x1536.jpg 1009w, https://www.cm-benavente.pt/wp-content/uploads/2024/06/junta-te-a-noite-cartaz-1346x2048.jpg 1346w, https://www.cm-benavente.pt/wp-content/uploads/2024/06/junta-te-a-noite-cartaz-500x761.jpg 500w, https://www.cm-benavente.pt/wp-content/uploads/2024/06/junta-te-a-noite-cartaz-800x1217.jpg 800w, https://www.cm-benavente.pt/wp-content/uploads/2024/06/junta-te-a-noite-cartaz-1280x1948.jpg 1280w, https://www.cm-benavente.pt/wp-content/uploads/2024/06/junta-te-a-noite-cartaz.jpg 1631w" sizes="(max-width: 673px) 100vw, 673px" /></p>

<p>Junta-te à noite 06 a 27 de julho às 21:30h no Parque 25 de Abril, Benavente Entrada gratuita Organização: Junta de Freguesia de Benavente</p>
