{"id":57538,"date":"2024-06-25T09:01:33","date_gmt":"2024-06-25T09:01:33","guid":{"rendered":"https:\/\/www.cm-benavente.pt\/?post_type=mec-events&#038;p=57538"},"modified":"2024-06-25T09:01:33","modified_gmt":"2024-06-25T09:01:33","slug":"43a-sardinha-assada-da-barrosa","status":"publish","type":"mec-events","link":"https:\/\/www.cm-benavente.pt\/index.php\/events\/43a-sardinha-assada-da-barrosa\/","title":{"rendered":"43\u00aa Sardinha Assada da Barrosa"},"content":{"rendered":"<p><strong>43\u00aa Sardinha Assada da Barrosa<\/strong><\/p>\n<p><strong>05 e 06 julho<\/strong> na Freguesia da Barrosa<\/p>\n<p>M\u00fasica | Vacada | Distribui\u00e7\u00e3o de sardinha, p\u00e3o e vinho<\/p>\n<p><strong>Entrada gratuita<\/strong><\/p>\n<p><strong>Organiza\u00e7\u00e3o:<\/strong> ALTB<\/p>\n<p><img fetchpriority=\"high\" decoding=\"async\" class=\"alignnone size-large wp-image-57539\" src=\"https:\/\/www.cm-benavente.pt\/wp-content\/uploads\/2024\/06\/sardinha-assada-da-barrosa-cartaz-623x1024.jpg\" alt=\"\" width=\"623\" height=\"1024\" srcset=\"https:\/\/www.cm-benavente.pt\/wp-content\/uploads\/2024\/06\/sardinha-assada-da-barrosa-cartaz-623x1024.jpg 623w, https:\/\/www.cm-benavente.pt\/wp-content\/uploads\/2024\/06\/sardinha-assada-da-barrosa-cartaz-183x300.jpg 183w, https:\/\/www.cm-benavente.pt\/wp-content\/uploads\/2024\/06\/sardinha-assada-da-barrosa-cartaz-768x1261.jpg 768w, https:\/\/www.cm-benavente.pt\/wp-content\/uploads\/2024\/06\/sardinha-assada-da-barrosa-cartaz-935x1536.jpg 935w, https:\/\/www.cm-benavente.pt\/wp-content\/uploads\/2024\/06\/sardinha-assada-da-barrosa-cartaz-500x821.jpg 500w, https:\/\/www.cm-benavente.pt\/wp-content\/uploads\/2024\/06\/sardinha-assada-da-barrosa-cartaz-800x1314.jpg 800w, https:\/\/www.cm-benavente.pt\/wp-content\/uploads\/2024\/06\/sardinha-assada-da-barrosa-cartaz.jpg 990w\" sizes=\"(max-width: 623px) 100vw, 623px\" \/><\/p>\n","protected":false},"excerpt":{"rendered":"<p>43\u00aa Sardinha Assada da Barrosa 05 e 06 julho na Freguesia da Barrosa M\u00fasica | Vacada | Distribui\u00e7\u00e3o de sardinha, p\u00e3o e vinho Entrada gratuita Organiza\u00e7\u00e3o: ALTB<\/p>\n","protected":false},"author":3,"featured_media":57540,"comment_status":"closed","ping_status":"closed","template":"","meta":{"_vp_format_video_url":"","_vp_image_focal_point":[]},"tags":[1517,185,2159,4,603,1449],"mec_category":[467],"class_list":["post-57538","mec-events","type-mec-events","status-publish","has-post-thumbnail","hentry","tag-altb","tag-barrosa","tag-distribuicao-gratuita","tag-musica","tag-sardinha-assada","tag-vacada","mec_category-geral"],"_links":{"self":[{"href":"https:\/\/www.cm-benavente.pt\/index.php\/wp-json\/wp\/v2\/mec-events\/57538","targetHints":{"allow":["GET"]}}],"collection":[{"href":"https:\/\/www.cm-benavente.pt\/index.php\/wp-json\/wp\/v2\/mec-events"}],"about":[{"href":"https:\/\/www.cm-benavente.pt\/index.php\/wp-json\/wp\/v2\/types\/mec-events"}],"author":[{"embeddable":true,"href":"https:\/\/www.cm-benavente.pt\/index.php\/wp-json\/wp\/v2\/users\/3"}],"replies":[{"embeddable":true,"href":"https:\/\/www.cm-benavente.pt\/index.php\/wp-json\/wp\/v2\/comments?post=57538"}],"version-history":[{"count":0,"href":"https:\/\/www.cm-benavente.pt\/index.php\/wp-json\/wp\/v2\/mec-events\/57538\/revisions"}],"wp:featuredmedia":[{"embeddable":true,"href":"https:\/\/www.cm-benavente.pt\/index.php\/wp-json\/wp\/v2\/media\/57540"}],"wp:attachment":[{"href":"https:\/\/www.cm-benavente.pt\/index.php\/wp-json\/wp\/v2\/media?parent=57538"}],"wp:term":[{"taxonomy":"post_tag","embeddable":true,"href":"https:\/\/www.cm-benavente.pt\/index.php\/wp-json\/wp\/v2\/tags?post=57538"},{"taxonomy":"mec_category","embeddable":true,"href":"https:\/\/www.cm-benavente.pt\/index.php\/wp-json\/wp\/v2\/mec_category?post=57538"}],"curies":[{"name":"wp","href":"https:\/\/api.w.org\/{rel}","templated":true}]}}

43ª Sardinha Assada da Barrosa

<p><strong>43ª Sardinha Assada da Barrosa</strong></p>
<p><strong>05 e 06 julho</strong> na Freguesia da Barrosa</p>
<p>Música | Vacada | Distribuição de sardinha, pão e vinho</p>
<p><strong>Entrada gratuita</strong></p>
<p><strong>Organização:</strong> ALTB</p>
<p><img fetchpriority="high" decoding="async" class="alignnone size-large wp-image-57539" src="https://www.cm-benavente.pt/wp-content/uploads/2024/06/sardinha-assada-da-barrosa-cartaz-623x1024.jpg" alt="" width="623" height="1024" srcset="https://www.cm-benavente.pt/wp-content/uploads/2024/06/sardinha-assada-da-barrosa-cartaz-623x1024.jpg 623w, https://www.cm-benavente.pt/wp-content/uploads/2024/06/sardinha-assada-da-barrosa-cartaz-183x300.jpg 183w, https://www.cm-benavente.pt/wp-content/uploads/2024/06/sardinha-assada-da-barrosa-cartaz-768x1261.jpg 768w, https://www.cm-benavente.pt/wp-content/uploads/2024/06/sardinha-assada-da-barrosa-cartaz-935x1536.jpg 935w, https://www.cm-benavente.pt/wp-content/uploads/2024/06/sardinha-assada-da-barrosa-cartaz-500x821.jpg 500w, https://www.cm-benavente.pt/wp-content/uploads/2024/06/sardinha-assada-da-barrosa-cartaz-800x1314.jpg 800w, https://www.cm-benavente.pt/wp-content/uploads/2024/06/sardinha-assada-da-barrosa-cartaz.jpg 990w" sizes="(max-width: 623px) 100vw, 623px" /></p>

<p>43ª Sardinha Assada da Barrosa 05 e 06 julho na Freguesia da Barrosa Música | Vacada | Distribuição de sardinha, pão e vinho Entrada gratuita Organização: ALTB</p>
