{"id":57195,"date":"2024-06-04T08:59:53","date_gmt":"2024-06-04T08:59:53","guid":{"rendered":"https:\/\/www.cm-benavente.pt\/?post_type=mec-events&#038;p=57195"},"modified":"2024-06-04T08:59:53","modified_gmt":"2024-06-04T08:59:53","slug":"oficina-aberta-adeus-escola","status":"publish","type":"mec-events","link":"https:\/\/www.cm-benavente.pt\/index.php\/events\/oficina-aberta-adeus-escola\/","title":{"rendered":"Oficina aberta &#8220;Adeus Escola&#8221;"},"content":{"rendered":"<p><strong>Oficina aberta &#8220;Adeus Escola&#8221;<\/strong><\/p>\n<p><strong>15 junho das 10:00h \u00e0s 12:00h<\/strong> no N\u00facleo Museol\u00f3gico Agr\u00edcola de Benavente<\/p>\n<div class=\"x11i5rnm xat24cr x1mh8g0r x1vvkbs xtlvy1s x126k92a\">\n<div dir=\"auto\">Para celebrar o fim das aulas do 3\u00ba ciclo o espa\u00e7o Gravurar realiza um atelier de lin\u00f3leo para jovens onde ir\u00e3o realizar uma matriz de gravura colaborativa, em que o resultado ser\u00e1 a soma do trabalho de grupo.<\/div>\n<div dir=\"auto\"><\/div>\n<div dir=\"auto\"><strong>P\u00fablico:<\/strong> para jovens dos 10 aos 14 anos<\/div>\n<\/div>\n<div class=\"x11i5rnm xat24cr x1mh8g0r x1vvkbs xtlvy1s x126k92a\">\n<div dir=\"auto\"><\/div>\n<div dir=\"auto\"><strong>Inscri\u00e7\u00e3o:<\/strong> <span class=\"html-span xdj266r x11i5rnm xat24cr x1mh8g0r xexx8yu x4uap5 x18d9i69 xkhd6sd x1hl2dhg x16tdsg8 x1vvkbs\"><a class=\"x1i10hfl xjbqb8w x1ejq31n xd10rxx x1sy0etr x17r0tee x972fbf xcfux6l x1qhh985 xm0m39n x9f619 x1ypdohk xt0psk2 xe8uvvx xdj266r x11i5rnm xat24cr x1mh8g0r xexx8yu x4uap5 x18d9i69 xkhd6sd x16tdsg8 x1hl2dhg xggy1nq x1a2a7pz x1sur9pj xkrqix3 x1fey0fg\" tabindex=\"0\" role=\"link\" href=\"https:\/\/l.facebook.com\/l.php?u=https%3A%2F%2Fforms.gle%2FxwUSYuN7KsqzoALw9%3Ffbclid%3DIwZXh0bgNhZW0CMTAAAR0hyOyD3WdJ_rg1CldCWMsaChbGzKpUZbndvgm2i0aGwinql0mPgDK3u08_aem_AaNZyKub6qurfCc8ktx_7gb7t1xnZwjKlSOnpXrP70pY2csIgeiWtkaxo935IvaRJgjhRipplUy_5sLcEOPrQxGW&amp;h=AT3Obyu-Hgspvb51xdq9KpIYEIEnufX63Y9gjnKkHuC2PQYtB0vxUUxmAj7QI10YZzm98XiRlEC2sg8xYhst9B7wt5mZqclKTOs-Dx98mHMFa4uE_AWODsTYfcpyUM66kA&amp;__tn__=-UK-R&amp;c[0]=AT2BwDtA-9lSG3_l3mvpD1pujRfcIqZZJaPNH3A-NI9UKEW3WXQ6jsaFiUSrMp0xaiY7bYOvU8CRXSieqU3Y92_mwsiiZl7oNVAHTGeAU9dwbuq3wHCR-huO5vgWwYZzO16coNfahpjmCtSXPqtNd0kT1NnaEZFavOsZDXcDWyk8zoBTejVR49DmrtYd4XQcjeioT8m1z05rm9pFeTNHW1ny7D_F3h00rJr69g6FyB-4MKwk5O2P\" target=\"_blank\" rel=\"nofollow noopener noreferrer\">https:\/\/forms.gle\/xwUSYuN7KsqzoALw9<\/a><\/span><\/div>\n<\/div>\n<div dir=\"auto\"><\/div>\n<div dir=\"auto\"><img fetchpriority=\"high\" decoding=\"async\" class=\"alignnone size-large wp-image-57196\" src=\"https:\/\/www.cm-benavente.pt\/wp-content\/uploads\/2024\/06\/oficina-adeus-escola-1080-1024x1024.jpg\" alt=\"\" width=\"800\" height=\"800\" srcset=\"https:\/\/www.cm-benavente.pt\/wp-content\/uploads\/2024\/06\/oficina-adeus-escola-1080-1024x1024.jpg 1024w, https:\/\/www.cm-benavente.pt\/wp-content\/uploads\/2024\/06\/oficina-adeus-escola-1080-300x300.jpg 300w, https:\/\/www.cm-benavente.pt\/wp-content\/uploads\/2024\/06\/oficina-adeus-escola-1080-150x150.jpg 150w, https:\/\/www.cm-benavente.pt\/wp-content\/uploads\/2024\/06\/oficina-adeus-escola-1080-768x768.jpg 768w, https:\/\/www.cm-benavente.pt\/wp-content\/uploads\/2024\/06\/oficina-adeus-escola-1080-500x500.jpg 500w, https:\/\/www.cm-benavente.pt\/wp-content\/uploads\/2024\/06\/oficina-adeus-escola-1080-1536x1536.jpg 1536w, https:\/\/www.cm-benavente.pt\/wp-content\/uploads\/2024\/06\/oficina-adeus-escola-1080-800x800.jpg 800w, https:\/\/www.cm-benavente.pt\/wp-content\/uploads\/2024\/06\/oficina-adeus-escola-1080-1280x1280.jpg 1280w, https:\/\/www.cm-benavente.pt\/wp-content\/uploads\/2024\/06\/oficina-adeus-escola-1080.jpg 1748w\" sizes=\"(max-width: 800px) 100vw, 800px\" \/><\/div>\n","protected":false},"excerpt":{"rendered":"<p>Oficina aberta &#8220;Adeus Escola&#8221; 15 junho das 10:00h \u00e0s 12:00h no N\u00facleo Museol\u00f3gico Agr\u00edcola de Benavente Para celebrar o fim das aulas do 3\u00ba ciclo o espa\u00e7o Gravurar realiza um atelier de lin\u00f3leo para jovens onde ir\u00e3o realizar uma matriz de gravura colaborativa, em que o resultado ser\u00e1 a soma do trabalho de grupo. P\u00fablico: [&hellip;]<\/p>\n","protected":false},"author":3,"featured_media":57197,"comment_status":"closed","ping_status":"closed","template":"","meta":{"_vp_format_video_url":"","_vp_image_focal_point":[]},"tags":[2118,796,703,16,7,1703,17,1127],"mec_category":[795],"class_list":["post-57195","mec-events","type-mec-events","status-publish","has-post-thumbnail","hentry","tag-adeus","tag-arte","tag-atelier","tag-benavente","tag-escola","tag-gravura","tag-museu","tag-oficina","mec_category-arte"],"_links":{"self":[{"href":"https:\/\/www.cm-benavente.pt\/index.php\/wp-json\/wp\/v2\/mec-events\/57195","targetHints":{"allow":["GET"]}}],"collection":[{"href":"https:\/\/www.cm-benavente.pt\/index.php\/wp-json\/wp\/v2\/mec-events"}],"about":[{"href":"https:\/\/www.cm-benavente.pt\/index.php\/wp-json\/wp\/v2\/types\/mec-events"}],"author":[{"embeddable":true,"href":"https:\/\/www.cm-benavente.pt\/index.php\/wp-json\/wp\/v2\/users\/3"}],"replies":[{"embeddable":true,"href":"https:\/\/www.cm-benavente.pt\/index.php\/wp-json\/wp\/v2\/comments?post=57195"}],"version-history":[{"count":0,"href":"https:\/\/www.cm-benavente.pt\/index.php\/wp-json\/wp\/v2\/mec-events\/57195\/revisions"}],"wp:featuredmedia":[{"embeddable":true,"href":"https:\/\/www.cm-benavente.pt\/index.php\/wp-json\/wp\/v2\/media\/57197"}],"wp:attachment":[{"href":"https:\/\/www.cm-benavente.pt\/index.php\/wp-json\/wp\/v2\/media?parent=57195"}],"wp:term":[{"taxonomy":"post_tag","embeddable":true,"href":"https:\/\/www.cm-benavente.pt\/index.php\/wp-json\/wp\/v2\/tags?post=57195"},{"taxonomy":"mec_category","embeddable":true,"href":"https:\/\/www.cm-benavente.pt\/index.php\/wp-json\/wp\/v2\/mec_category?post=57195"}],"curies":[{"name":"wp","href":"https:\/\/api.w.org\/{rel}","templated":true}]}}

<p><strong>Oficina aberta &#8220;Adeus Escola&#8221;</strong></p>
<p><strong>15 junho das 10:00h às 12:00h</strong> no Núcleo Museológico Agrícola de Benavente</p>
<div class="x11i5rnm xat24cr x1mh8g0r x1vvkbs xtlvy1s x126k92a">
<div dir="auto">Para celebrar o fim das aulas do 3º ciclo o espaço Gravurar realiza um atelier de linóleo para jovens onde irão realizar uma matriz de gravura colaborativa, em que o resultado será a soma do trabalho de grupo.</div>
<div dir="auto"></div>
<div dir="auto"><strong>Público:</strong> para jovens dos 10 aos 14 anos</div>
</div>
<div class="x11i5rnm xat24cr x1mh8g0r x1vvkbs xtlvy1s x126k92a">
<div dir="auto"></div>
<div dir="auto"><strong>Inscrição:</strong> <span class="html-span xdj266r x11i5rnm xat24cr x1mh8g0r xexx8yu x4uap5 x18d9i69 xkhd6sd x1hl2dhg x16tdsg8 x1vvkbs"><a class="x1i10hfl xjbqb8w x1ejq31n xd10rxx x1sy0etr x17r0tee x972fbf xcfux6l x1qhh985 xm0m39n x9f619 x1ypdohk xt0psk2 xe8uvvx xdj266r x11i5rnm xat24cr x1mh8g0r xexx8yu x4uap5 x18d9i69 xkhd6sd x16tdsg8 x1hl2dhg xggy1nq x1a2a7pz x1sur9pj xkrqix3 x1fey0fg" tabindex="0" role="link" href="https://l.facebook.com/l.php?u=https%3A%2F%2Fforms.gle%2FxwUSYuN7KsqzoALw9%3Ffbclid%3DIwZXh0bgNhZW0CMTAAAR0hyOyD3WdJ_rg1CldCWMsaChbGzKpUZbndvgm2i0aGwinql0mPgDK3u08_aem_AaNZyKub6qurfCc8ktx_7gb7t1xnZwjKlSOnpXrP70pY2csIgeiWtkaxo935IvaRJgjhRipplUy_5sLcEOPrQxGW&amp;h=AT3Obyu-Hgspvb51xdq9KpIYEIEnufX63Y9gjnKkHuC2PQYtB0vxUUxmAj7QI10YZzm98XiRlEC2sg8xYhst9B7wt5mZqclKTOs-Dx98mHMFa4uE_AWODsTYfcpyUM66kA&amp;__tn__=-UK-R&amp;c[0]=AT2BwDtA-9lSG3_l3mvpD1pujRfcIqZZJaPNH3A-NI9UKEW3WXQ6jsaFiUSrMp0xaiY7bYOvU8CRXSieqU3Y92_mwsiiZl7oNVAHTGeAU9dwbuq3wHCR-huO5vgWwYZzO16coNfahpjmCtSXPqtNd0kT1NnaEZFavOsZDXcDWyk8zoBTejVR49DmrtYd4XQcjeioT8m1z05rm9pFeTNHW1ny7D_F3h00rJr69g6FyB-4MKwk5O2P" target="_blank" rel="nofollow noopener noreferrer">https://forms.gle/xwUSYuN7KsqzoALw9</a></span></div>
</div>
<div dir="auto"></div>
<div dir="auto"><img fetchpriority="high" decoding="async" class="alignnone size-large wp-image-57196" src="https://www.cm-benavente.pt/wp-content/uploads/2024/06/oficina-adeus-escola-1080-1024x1024.jpg" alt="" width="800" height="800" srcset="https://www.cm-benavente.pt/wp-content/uploads/2024/06/oficina-adeus-escola-1080-1024x1024.jpg 1024w, https://www.cm-benavente.pt/wp-content/uploads/2024/06/oficina-adeus-escola-1080-300x300.jpg 300w, https://www.cm-benavente.pt/wp-content/uploads/2024/06/oficina-adeus-escola-1080-150x150.jpg 150w, https://www.cm-benavente.pt/wp-content/uploads/2024/06/oficina-adeus-escola-1080-768x768.jpg 768w, https://www.cm-benavente.pt/wp-content/uploads/2024/06/oficina-adeus-escola-1080-500x500.jpg 500w, https://www.cm-benavente.pt/wp-content/uploads/2024/06/oficina-adeus-escola-1080-1536x1536.jpg 1536w, https://www.cm-benavente.pt/wp-content/uploads/2024/06/oficina-adeus-escola-1080-800x800.jpg 800w, https://www.cm-benavente.pt/wp-content/uploads/2024/06/oficina-adeus-escola-1080-1280x1280.jpg 1280w, https://www.cm-benavente.pt/wp-content/uploads/2024/06/oficina-adeus-escola-1080.jpg 1748w" sizes="(max-width: 800px) 100vw, 800px" /></div>

<p>Oficina aberta &#8220;Adeus Escola&#8221; 15 junho das 10:00h às 12:00h no Núcleo Museológico Agrícola de Benavente Para celebrar o fim das aulas do 3º ciclo o espaço Gravurar realiza um atelier de linóleo para jovens onde irão realizar uma matriz de gravura colaborativa, em que o resultado será a soma do trabalho de grupo. Público: [&hellip;]</p>
