{"id":56822,"date":"2024-05-22T15:13:20","date_gmt":"2024-05-22T15:13:20","guid":{"rendered":"https:\/\/www.cm-benavente.pt\/?post_type=mec-events&#038;p=56822"},"modified":"2024-05-22T15:13:20","modified_gmt":"2024-05-22T15:13:20","slug":"3o-passeio-de-motas-e-motorizadas-altb","status":"publish","type":"mec-events","link":"https:\/\/www.cm-benavente.pt\/index.php\/events\/3o-passeio-de-motas-e-motorizadas-altb\/","title":{"rendered":"3\u00ba Passeio de motas e motorizadas ALTB"},"content":{"rendered":"<p><strong>3\u00ba Passeio de motas e motorizadas ALTB<\/strong><\/p>\n<p><strong>02 junho \u00e0s 08:00<\/strong> junto \u00e0 Sede da ALTB, Barrosa<\/p>\n<p><strong>Programa:<\/strong><\/p>\n<p>08:00h &#8211; Concentra\u00e7\u00e3o<br \/>\n09:00h &#8211; In\u00edcio do Passeio<br \/>\n10:30h &#8211; Lanche<br \/>\n13:00h &#8211; Almo\u00e7o<\/p>\n<p><strong>Pr\u00e9mios:<\/strong> Maior grupo, grupo de mais longe, mota mais velha<\/p>\n<p><strong>Bilhetes:<\/strong> s\u00f3cios &#8211; 15 rodas \/ n\u00e3o s\u00f3cios &#8211; 18 rodas \/ acompanhantes &#8211; 15 rodas \/ apenas almo\u00e7o &#8211; 12 rodas<\/p>\n<p><strong>Contactos:<\/strong> <a href=\"tel:914270581\">914 270 581<\/a> ou <a href=\"tel:917376409\">917 376 409<\/a><\/p>\n<p><strong>Organiza\u00e7\u00e3o:<\/strong> Moto clube ALTB<\/p>\n<p><img fetchpriority=\"high\" decoding=\"async\" class=\"alignnone size-large wp-image-56823\" src=\"https:\/\/www.cm-benavente.pt\/wp-content\/uploads\/2024\/05\/3o-passeio-motas-altb-cartaz-730x1024.jpg\" alt=\"\" width=\"730\" height=\"1024\" srcset=\"https:\/\/www.cm-benavente.pt\/wp-content\/uploads\/2024\/05\/3o-passeio-motas-altb-cartaz-730x1024.jpg 730w, https:\/\/www.cm-benavente.pt\/wp-content\/uploads\/2024\/05\/3o-passeio-motas-altb-cartaz-214x300.jpg 214w, https:\/\/www.cm-benavente.pt\/wp-content\/uploads\/2024\/05\/3o-passeio-motas-altb-cartaz-768x1077.jpg 768w, https:\/\/www.cm-benavente.pt\/wp-content\/uploads\/2024\/05\/3o-passeio-motas-altb-cartaz-1095x1536.jpg 1095w, https:\/\/www.cm-benavente.pt\/wp-content\/uploads\/2024\/05\/3o-passeio-motas-altb-cartaz-500x701.jpg 500w, https:\/\/www.cm-benavente.pt\/wp-content\/uploads\/2024\/05\/3o-passeio-motas-altb-cartaz-800x1122.jpg 800w, https:\/\/www.cm-benavente.pt\/wp-content\/uploads\/2024\/05\/3o-passeio-motas-altb-cartaz.jpg 1112w\" sizes=\"(max-width: 730px) 100vw, 730px\" \/><\/p>\n","protected":false},"excerpt":{"rendered":"<p>3\u00ba Passeio de motas e motorizadas ALTB 02 junho \u00e0s 08:00 junto \u00e0 Sede da ALTB, Barrosa Programa: 08:00h &#8211; Concentra\u00e7\u00e3o 09:00h &#8211; In\u00edcio do Passeio 10:30h &#8211; Lanche 13:00h &#8211; Almo\u00e7o Pr\u00e9mios: Maior grupo, grupo de mais longe, mota mais velha Bilhetes: s\u00f3cios &#8211; 15 rodas \/ n\u00e3o s\u00f3cios &#8211; 18 rodas \/ acompanhantes [&hellip;]<\/p>\n","protected":false},"author":3,"featured_media":56824,"comment_status":"closed","ping_status":"closed","template":"","meta":{"_vp_format_video_url":"","_vp_image_focal_point":[]},"tags":[1517,185,890,600,2094,110],"mec_category":[467],"class_list":["post-56822","mec-events","type-mec-events","status-publish","has-post-thumbnail","hentry","tag-altb","tag-barrosa","tag-mota","tag-motoclube","tag-motorizadas","tag-passeio","mec_category-geral"],"_links":{"self":[{"href":"https:\/\/www.cm-benavente.pt\/index.php\/wp-json\/wp\/v2\/mec-events\/56822","targetHints":{"allow":["GET"]}}],"collection":[{"href":"https:\/\/www.cm-benavente.pt\/index.php\/wp-json\/wp\/v2\/mec-events"}],"about":[{"href":"https:\/\/www.cm-benavente.pt\/index.php\/wp-json\/wp\/v2\/types\/mec-events"}],"author":[{"embeddable":true,"href":"https:\/\/www.cm-benavente.pt\/index.php\/wp-json\/wp\/v2\/users\/3"}],"replies":[{"embeddable":true,"href":"https:\/\/www.cm-benavente.pt\/index.php\/wp-json\/wp\/v2\/comments?post=56822"}],"version-history":[{"count":0,"href":"https:\/\/www.cm-benavente.pt\/index.php\/wp-json\/wp\/v2\/mec-events\/56822\/revisions"}],"wp:featuredmedia":[{"embeddable":true,"href":"https:\/\/www.cm-benavente.pt\/index.php\/wp-json\/wp\/v2\/media\/56824"}],"wp:attachment":[{"href":"https:\/\/www.cm-benavente.pt\/index.php\/wp-json\/wp\/v2\/media?parent=56822"}],"wp:term":[{"taxonomy":"post_tag","embeddable":true,"href":"https:\/\/www.cm-benavente.pt\/index.php\/wp-json\/wp\/v2\/tags?post=56822"},{"taxonomy":"mec_category","embeddable":true,"href":"https:\/\/www.cm-benavente.pt\/index.php\/wp-json\/wp\/v2\/mec_category?post=56822"}],"curies":[{"name":"wp","href":"https:\/\/api.w.org\/{rel}","templated":true}]}}

3º Passeio de motas e motorizadas ALTB

<p><strong>3º Passeio de motas e motorizadas ALTB</strong></p>
<p><strong>02 junho às 08:00</strong> junto à Sede da ALTB, Barrosa</p>
<p><strong>Programa:</strong></p>
<p>08:00h &#8211; Concentração<br />
09:00h &#8211; Início do Passeio<br />
10:30h &#8211; Lanche<br />
13:00h &#8211; Almoço</p>
<p><strong>Prémios:</strong> Maior grupo, grupo de mais longe, mota mais velha</p>
<p><strong>Bilhetes:</strong> sócios &#8211; 15 rodas / não sócios &#8211; 18 rodas / acompanhantes &#8211; 15 rodas / apenas almoço &#8211; 12 rodas</p>
<p><strong>Contactos:</strong> <a href="tel:914270581">914 270 581</a> ou <a href="tel:917376409">917 376 409</a></p>
<p><strong>Organização:</strong> Moto clube ALTB</p>
<p><img fetchpriority="high" decoding="async" class="alignnone size-large wp-image-56823" src="https://www.cm-benavente.pt/wp-content/uploads/2024/05/3o-passeio-motas-altb-cartaz-730x1024.jpg" alt="" width="730" height="1024" srcset="https://www.cm-benavente.pt/wp-content/uploads/2024/05/3o-passeio-motas-altb-cartaz-730x1024.jpg 730w, https://www.cm-benavente.pt/wp-content/uploads/2024/05/3o-passeio-motas-altb-cartaz-214x300.jpg 214w, https://www.cm-benavente.pt/wp-content/uploads/2024/05/3o-passeio-motas-altb-cartaz-768x1077.jpg 768w, https://www.cm-benavente.pt/wp-content/uploads/2024/05/3o-passeio-motas-altb-cartaz-1095x1536.jpg 1095w, https://www.cm-benavente.pt/wp-content/uploads/2024/05/3o-passeio-motas-altb-cartaz-500x701.jpg 500w, https://www.cm-benavente.pt/wp-content/uploads/2024/05/3o-passeio-motas-altb-cartaz-800x1122.jpg 800w, https://www.cm-benavente.pt/wp-content/uploads/2024/05/3o-passeio-motas-altb-cartaz.jpg 1112w" sizes="(max-width: 730px) 100vw, 730px" /></p>

<p>3º Passeio de motas e motorizadas ALTB 02 junho às 08:00 junto à Sede da ALTB, Barrosa Programa: 08:00h &#8211; Concentração 09:00h &#8211; Início do Passeio 10:30h &#8211; Lanche 13:00h &#8211; Almoço Prémios: Maior grupo, grupo de mais longe, mota mais velha Bilhetes: sócios &#8211; 15 rodas / não sócios &#8211; 18 rodas / acompanhantes [&hellip;]</p>
