{"id":56225,"date":"2024-05-02T13:35:13","date_gmt":"2024-05-02T13:35:13","guid":{"rendered":"https:\/\/www.cm-benavente.pt\/?post_type=mec-events&#038;p=56225"},"modified":"2024-05-02T13:35:13","modified_gmt":"2024-05-02T13:35:13","slug":"fado-na-cidade","status":"publish","type":"mec-events","link":"https:\/\/www.cm-benavente.pt\/index.php\/events\/fado-na-cidade\/","title":{"rendered":"Fado na Cidade"},"content":{"rendered":"<p><strong>Fado na Cidade<\/strong><\/p>\n<p><strong>29 maio \u00e0s 21:30h<\/strong> no Centro Cultural de Samora Correia<\/p>\n<p>Integrado nas comemora\u00e7\u00f5es do 103\u00ba Anivers\u00e1rio da SFUS<\/p>\n<p><strong>Fadistas:<\/strong> Filipa Cardoso, Soraia Cardoso e Tiago Correia<\/p>\n<p><strong>Guitarra Portuguesa:<\/strong> Bruno Mira<\/p>\n<p><strong>Viola de Fado:<\/strong> Pedro Pinhal<\/p>\n<p><strong>Violoncelo:<\/strong> Susana Santos<\/p>\n<p><strong>Violino:<\/strong> Ant\u00f3nio Barbosa<\/p>\n<p><strong>Bilhetes:<\/strong> 20\u20ac dispon\u00edveis no Centro Cultural de Samora Correia ou atrav\u00e9s do contacto <a href=\"tel:263519693\">263 519 693<\/a><\/p>\n<p><strong>Organiza\u00e7\u00e3o:<\/strong> SFUS<\/p>\n<p><img fetchpriority=\"high\" decoding=\"async\" class=\"alignnone size-large wp-image-56226\" src=\"https:\/\/www.cm-benavente.pt\/wp-content\/uploads\/2024\/05\/fado-na-cidade-cartaz-724x1024.jpg\" alt=\"\" width=\"724\" height=\"1024\" srcset=\"https:\/\/www.cm-benavente.pt\/wp-content\/uploads\/2024\/05\/fado-na-cidade-cartaz-724x1024.jpg 724w, https:\/\/www.cm-benavente.pt\/wp-content\/uploads\/2024\/05\/fado-na-cidade-cartaz-212x300.jpg 212w, https:\/\/www.cm-benavente.pt\/wp-content\/uploads\/2024\/05\/fado-na-cidade-cartaz-768x1086.jpg 768w, https:\/\/www.cm-benavente.pt\/wp-content\/uploads\/2024\/05\/fado-na-cidade-cartaz-1086x1536.jpg 1086w, https:\/\/www.cm-benavente.pt\/wp-content\/uploads\/2024\/05\/fado-na-cidade-cartaz-500x707.jpg 500w, https:\/\/www.cm-benavente.pt\/wp-content\/uploads\/2024\/05\/fado-na-cidade-cartaz-800x1132.jpg 800w, https:\/\/www.cm-benavente.pt\/wp-content\/uploads\/2024\/05\/fado-na-cidade-cartaz.jpg 1131w\" sizes=\"(max-width: 724px) 100vw, 724px\" \/><\/p>\n","protected":false},"excerpt":{"rendered":"<p>Fado na Cidade 29 maio \u00e0s 21:30h no Centro Cultural de Samora Correia Integrado nas comemora\u00e7\u00f5es do 103\u00ba Anivers\u00e1rio da SFUS Fadistas: Filipa Cardoso, Soraia Cardoso e Tiago Correia Guitarra Portuguesa: Bruno Mira Viola de Fado: Pedro Pinhal Violoncelo: Susana Santos Violino: Ant\u00f3nio Barbosa Bilhetes: 20\u20ac dispon\u00edveis no Centro Cultural de Samora Correia ou atrav\u00e9s [&hellip;]<\/p>\n","protected":false},"author":3,"featured_media":56227,"comment_status":"closed","ping_status":"closed","template":"","meta":{"_vp_format_video_url":"","_vp_image_focal_point":[]},"tags":[101,2064,800,27,499],"mec_category":[464],"class_list":["post-56225","mec-events","type-mec-events","status-publish","has-post-thumbnail","hentry","tag-aniversario","tag-cidade","tag-fado","tag-samora-correia","tag-sfus","mec_category-musica"],"_links":{"self":[{"href":"https:\/\/www.cm-benavente.pt\/index.php\/wp-json\/wp\/v2\/mec-events\/56225","targetHints":{"allow":["GET"]}}],"collection":[{"href":"https:\/\/www.cm-benavente.pt\/index.php\/wp-json\/wp\/v2\/mec-events"}],"about":[{"href":"https:\/\/www.cm-benavente.pt\/index.php\/wp-json\/wp\/v2\/types\/mec-events"}],"author":[{"embeddable":true,"href":"https:\/\/www.cm-benavente.pt\/index.php\/wp-json\/wp\/v2\/users\/3"}],"replies":[{"embeddable":true,"href":"https:\/\/www.cm-benavente.pt\/index.php\/wp-json\/wp\/v2\/comments?post=56225"}],"version-history":[{"count":0,"href":"https:\/\/www.cm-benavente.pt\/index.php\/wp-json\/wp\/v2\/mec-events\/56225\/revisions"}],"wp:featuredmedia":[{"embeddable":true,"href":"https:\/\/www.cm-benavente.pt\/index.php\/wp-json\/wp\/v2\/media\/56227"}],"wp:attachment":[{"href":"https:\/\/www.cm-benavente.pt\/index.php\/wp-json\/wp\/v2\/media?parent=56225"}],"wp:term":[{"taxonomy":"post_tag","embeddable":true,"href":"https:\/\/www.cm-benavente.pt\/index.php\/wp-json\/wp\/v2\/tags?post=56225"},{"taxonomy":"mec_category","embeddable":true,"href":"https:\/\/www.cm-benavente.pt\/index.php\/wp-json\/wp\/v2\/mec_category?post=56225"}],"curies":[{"name":"wp","href":"https:\/\/api.w.org\/{rel}","templated":true}]}}

<p><strong>Fado na Cidade</strong></p>
<p><strong>29 maio às 21:30h</strong> no Centro Cultural de Samora Correia</p>
<p>Integrado nas comemorações do 103º Aniversário da SFUS</p>
<p><strong>Fadistas:</strong> Filipa Cardoso, Soraia Cardoso e Tiago Correia</p>
<p><strong>Guitarra Portuguesa:</strong> Bruno Mira</p>
<p><strong>Viola de Fado:</strong> Pedro Pinhal</p>
<p><strong>Violoncelo:</strong> Susana Santos</p>
<p><strong>Violino:</strong> António Barbosa</p>
<p><strong>Bilhetes:</strong> 20€ disponíveis no Centro Cultural de Samora Correia ou através do contacto <a href="tel:263519693">263 519 693</a></p>
<p><strong>Organização:</strong> SFUS</p>
<p><img fetchpriority="high" decoding="async" class="alignnone size-large wp-image-56226" src="https://www.cm-benavente.pt/wp-content/uploads/2024/05/fado-na-cidade-cartaz-724x1024.jpg" alt="" width="724" height="1024" srcset="https://www.cm-benavente.pt/wp-content/uploads/2024/05/fado-na-cidade-cartaz-724x1024.jpg 724w, https://www.cm-benavente.pt/wp-content/uploads/2024/05/fado-na-cidade-cartaz-212x300.jpg 212w, https://www.cm-benavente.pt/wp-content/uploads/2024/05/fado-na-cidade-cartaz-768x1086.jpg 768w, https://www.cm-benavente.pt/wp-content/uploads/2024/05/fado-na-cidade-cartaz-1086x1536.jpg 1086w, https://www.cm-benavente.pt/wp-content/uploads/2024/05/fado-na-cidade-cartaz-500x707.jpg 500w, https://www.cm-benavente.pt/wp-content/uploads/2024/05/fado-na-cidade-cartaz-800x1132.jpg 800w, https://www.cm-benavente.pt/wp-content/uploads/2024/05/fado-na-cidade-cartaz.jpg 1131w" sizes="(max-width: 724px) 100vw, 724px" /></p>

<p>Fado na Cidade 29 maio às 21:30h no Centro Cultural de Samora Correia Integrado nas comemorações do 103º Aniversário da SFUS Fadistas: Filipa Cardoso, Soraia Cardoso e Tiago Correia Guitarra Portuguesa: Bruno Mira Viola de Fado: Pedro Pinhal Violoncelo: Susana Santos Violino: António Barbosa Bilhetes: 20€ disponíveis no Centro Cultural de Samora Correia ou através [&hellip;]</p>
