{"id":56219,"date":"2024-05-02T11:16:43","date_gmt":"2024-05-02T11:16:43","guid":{"rendered":"https:\/\/www.cm-benavente.pt\/?post_type=mec-events&#038;p=56219"},"modified":"2024-05-02T11:16:43","modified_gmt":"2024-05-02T11:16:43","slug":"passeio-de-motas-e-motorizadas","status":"publish","type":"mec-events","link":"https:\/\/www.cm-benavente.pt\/index.php\/events\/passeio-de-motas-e-motorizadas\/","title":{"rendered":"Passeio de Motas e Motorizadas"},"content":{"rendered":"<p><strong>Passeio de Motas e Motorizadas<\/strong><\/p>\n<p><strong>26 maio \u00e0s 08:00h<\/strong> no Celeiro dos Arcos, Largo do Calv\u00e1rio &#8211; Benavente<\/p>\n<p><strong>Programa:<\/strong><\/p>\n<p>08:00h &#8211; Concentra\u00e7\u00e3o<br \/>\n09:00h &#8211; In\u00edcio do Passeio<br \/>\n11:00h &#8211; Refor\u00e7o<br \/>\n13:00h &#8211; Almo\u00e7o<\/p>\n<p><strong>Pr\u00e9mios:<\/strong> moto mais antiga, moto mais ferrugenta, maior grupo, grupo mais distante.<\/p>\n<p><strong>Inscri\u00e7\u00f5es:<\/strong> 28 rodas &#8211; condutor \/ 18 rodas, acompanhante \/ 25 rodas &#8211; inscri\u00e7\u00e3o no dia<\/p>\n<p><strong>Contactos:<\/strong> 936 487 412 ou 915 035 256<\/p>\n<p><strong>Organiza\u00e7\u00e3o:<\/strong> Comiss\u00e3o da Sardinha Assada de Benavente &#8211; Festa da Amizade<\/p>\n<p><img fetchpriority=\"high\" decoding=\"async\" class=\"alignnone size-large wp-image-56220\" src=\"https:\/\/www.cm-benavente.pt\/wp-content\/uploads\/2024\/05\/passeio-motas-SA-1080-1024x1024.jpg\" alt=\"\" width=\"800\" height=\"800\" srcset=\"https:\/\/www.cm-benavente.pt\/wp-content\/uploads\/2024\/05\/passeio-motas-SA-1080-1024x1024.jpg 1024w, https:\/\/www.cm-benavente.pt\/wp-content\/uploads\/2024\/05\/passeio-motas-SA-1080-300x300.jpg 300w, https:\/\/www.cm-benavente.pt\/wp-content\/uploads\/2024\/05\/passeio-motas-SA-1080-150x150.jpg 150w, https:\/\/www.cm-benavente.pt\/wp-content\/uploads\/2024\/05\/passeio-motas-SA-1080-768x768.jpg 768w, https:\/\/www.cm-benavente.pt\/wp-content\/uploads\/2024\/05\/passeio-motas-SA-1080-500x500.jpg 500w, https:\/\/www.cm-benavente.pt\/wp-content\/uploads\/2024\/05\/passeio-motas-SA-1080-800x800.jpg 800w, https:\/\/www.cm-benavente.pt\/wp-content\/uploads\/2024\/05\/passeio-motas-SA-1080.jpg 1080w\" sizes=\"(max-width: 800px) 100vw, 800px\" \/><\/p>\n","protected":false},"excerpt":{"rendered":"<p>Passeio de Motas e Motorizadas 26 maio \u00e0s 08:00h no Celeiro dos Arcos, Largo do Calv\u00e1rio &#8211; Benavente Programa: 08:00h &#8211; Concentra\u00e7\u00e3o 09:00h &#8211; In\u00edcio do Passeio 11:00h &#8211; Refor\u00e7o 13:00h &#8211; Almo\u00e7o Pr\u00e9mios: moto mais antiga, moto mais ferrugenta, maior grupo, grupo mais distante. Inscri\u00e7\u00f5es: 28 rodas &#8211; condutor \/ 18 rodas, acompanhante \/ [&hellip;]<\/p>\n","protected":false},"author":3,"featured_media":56221,"comment_status":"closed","ping_status":"closed","template":"","meta":{"_vp_format_video_url":"","_vp_image_focal_point":[]},"tags":[16,890,110,603],"mec_category":[467],"class_list":["post-56219","mec-events","type-mec-events","status-publish","has-post-thumbnail","hentry","tag-benavente","tag-mota","tag-passeio","tag-sardinha-assada","mec_category-geral"],"_links":{"self":[{"href":"https:\/\/www.cm-benavente.pt\/index.php\/wp-json\/wp\/v2\/mec-events\/56219","targetHints":{"allow":["GET"]}}],"collection":[{"href":"https:\/\/www.cm-benavente.pt\/index.php\/wp-json\/wp\/v2\/mec-events"}],"about":[{"href":"https:\/\/www.cm-benavente.pt\/index.php\/wp-json\/wp\/v2\/types\/mec-events"}],"author":[{"embeddable":true,"href":"https:\/\/www.cm-benavente.pt\/index.php\/wp-json\/wp\/v2\/users\/3"}],"replies":[{"embeddable":true,"href":"https:\/\/www.cm-benavente.pt\/index.php\/wp-json\/wp\/v2\/comments?post=56219"}],"version-history":[{"count":0,"href":"https:\/\/www.cm-benavente.pt\/index.php\/wp-json\/wp\/v2\/mec-events\/56219\/revisions"}],"wp:featuredmedia":[{"embeddable":true,"href":"https:\/\/www.cm-benavente.pt\/index.php\/wp-json\/wp\/v2\/media\/56221"}],"wp:attachment":[{"href":"https:\/\/www.cm-benavente.pt\/index.php\/wp-json\/wp\/v2\/media?parent=56219"}],"wp:term":[{"taxonomy":"post_tag","embeddable":true,"href":"https:\/\/www.cm-benavente.pt\/index.php\/wp-json\/wp\/v2\/tags?post=56219"},{"taxonomy":"mec_category","embeddable":true,"href":"https:\/\/www.cm-benavente.pt\/index.php\/wp-json\/wp\/v2\/mec_category?post=56219"}],"curies":[{"name":"wp","href":"https:\/\/api.w.org\/{rel}","templated":true}]}}

<p><strong>Passeio de Motas e Motorizadas</strong></p>
<p><strong>26 maio às 08:00h</strong> no Celeiro dos Arcos, Largo do Calvário &#8211; Benavente</p>
<p><strong>Programa:</strong></p>
<p>08:00h &#8211; Concentração<br />
09:00h &#8211; Início do Passeio<br />
11:00h &#8211; Reforço<br />
13:00h &#8211; Almoço</p>
<p><strong>Prémios:</strong> moto mais antiga, moto mais ferrugenta, maior grupo, grupo mais distante.</p>
<p><strong>Inscrições:</strong> 28 rodas &#8211; condutor / 18 rodas, acompanhante / 25 rodas &#8211; inscrição no dia</p>
<p><strong>Contactos:</strong> 936 487 412 ou 915 035 256</p>
<p><strong>Organização:</strong> Comissão da Sardinha Assada de Benavente &#8211; Festa da Amizade</p>
<p><img fetchpriority="high" decoding="async" class="alignnone size-large wp-image-56220" src="https://www.cm-benavente.pt/wp-content/uploads/2024/05/passeio-motas-SA-1080-1024x1024.jpg" alt="" width="800" height="800" srcset="https://www.cm-benavente.pt/wp-content/uploads/2024/05/passeio-motas-SA-1080-1024x1024.jpg 1024w, https://www.cm-benavente.pt/wp-content/uploads/2024/05/passeio-motas-SA-1080-300x300.jpg 300w, https://www.cm-benavente.pt/wp-content/uploads/2024/05/passeio-motas-SA-1080-150x150.jpg 150w, https://www.cm-benavente.pt/wp-content/uploads/2024/05/passeio-motas-SA-1080-768x768.jpg 768w, https://www.cm-benavente.pt/wp-content/uploads/2024/05/passeio-motas-SA-1080-500x500.jpg 500w, https://www.cm-benavente.pt/wp-content/uploads/2024/05/passeio-motas-SA-1080-800x800.jpg 800w, https://www.cm-benavente.pt/wp-content/uploads/2024/05/passeio-motas-SA-1080.jpg 1080w" sizes="(max-width: 800px) 100vw, 800px" /></p>

<p>Passeio de Motas e Motorizadas 26 maio às 08:00h no Celeiro dos Arcos, Largo do Calvário &#8211; Benavente Programa: 08:00h &#8211; Concentração 09:00h &#8211; Início do Passeio 11:00h &#8211; Reforço 13:00h &#8211; Almoço Prémios: moto mais antiga, moto mais ferrugenta, maior grupo, grupo mais distante. Inscrições: 28 rodas &#8211; condutor / 18 rodas, acompanhante / [&hellip;]</p>
