{"id":55719,"date":"2024-04-15T10:05:43","date_gmt":"2024-04-15T10:05:43","guid":{"rendered":"https:\/\/www.cm-benavente.pt\/?post_type=mec-events&#038;p=55719"},"modified":"2024-04-15T10:05:43","modified_gmt":"2024-04-15T10:05:43","slug":"concerto-homenagem-amilcar-cabral","status":"publish","type":"mec-events","link":"https:\/\/www.cm-benavente.pt\/index.php\/events\/concerto-homenagem-amilcar-cabral\/","title":{"rendered":"Concerto Homenagem &#8220;Am\u00edlcar Cabral&#8221;"},"content":{"rendered":"<p><strong>Concerto de Homenagem a &#8220;Am\u00edlcar Cabral&#8221;<\/strong><\/p>\n<p><strong>26 de abril \u00e0s 21:30h<\/strong> no Cineteatro de Benavente<\/p>\n<p>Nas v\u00e9speras da comemora\u00e7\u00e3o do centen\u00e1rio de Am\u00edlcar Cabral (2024) este espet\u00e1culo \u00e9 uma homenagem ao patrim\u00f3nio que nos deixou.<br \/>\nTextos e poesia da sua autoria interpretados pelo ator Manuel Estev\u00e3o conjugam-se com a m\u00fasica relacionada com a inquieta\u00e7\u00e3o de Cabral que o levou \u00e0 luta contra o colonialismo portugu\u00eas, pela liberta\u00e7\u00e3o da Guin\u00e9 e de Cabo Verde.<br \/>\nOs temas musicais interpretados por Sofia Carvalho acompanhada por um grupo de m\u00fasicos de excel\u00eancia, fazem deste espet\u00e1culo uma justa homenagem \u00e0quele que j\u00e1 foi considerado o segundo maior l\u00edder mundial de todos os tempos.<\/p>\n<p><strong>Entrada Gratuita<\/strong><\/p>\n<p><img fetchpriority=\"high\" decoding=\"async\" class=\"alignnone size-large wp-image-55720\" src=\"https:\/\/www.cm-benavente.pt\/wp-content\/uploads\/2024\/04\/26ABR-amilcarcabral-1080-1024x1024.png\" alt=\"\" width=\"800\" height=\"800\" srcset=\"https:\/\/www.cm-benavente.pt\/wp-content\/uploads\/2024\/04\/26ABR-amilcarcabral-1080-1024x1024.png 1024w, https:\/\/www.cm-benavente.pt\/wp-content\/uploads\/2024\/04\/26ABR-amilcarcabral-1080-300x300.png 300w, https:\/\/www.cm-benavente.pt\/wp-content\/uploads\/2024\/04\/26ABR-amilcarcabral-1080-150x150.png 150w, https:\/\/www.cm-benavente.pt\/wp-content\/uploads\/2024\/04\/26ABR-amilcarcabral-1080-768x768.png 768w, https:\/\/www.cm-benavente.pt\/wp-content\/uploads\/2024\/04\/26ABR-amilcarcabral-1080-500x500.png 500w, https:\/\/www.cm-benavente.pt\/wp-content\/uploads\/2024\/04\/26ABR-amilcarcabral-1080-800x800.png 800w, https:\/\/www.cm-benavente.pt\/wp-content\/uploads\/2024\/04\/26ABR-amilcarcabral-1080.png 1080w\" sizes=\"(max-width: 800px) 100vw, 800px\" \/><\/p>\n","protected":false},"excerpt":{"rendered":"<p>Concerto de Homenagem a &#8220;Am\u00edlcar Cabral&#8221; 26 de abril \u00e0s 21:30h no Cineteatro de Benavente Nas v\u00e9speras da comemora\u00e7\u00e3o do centen\u00e1rio de Am\u00edlcar Cabral (2024) este espet\u00e1culo \u00e9 uma homenagem ao patrim\u00f3nio que nos deixou. Textos e poesia da sua autoria interpretados pelo ator Manuel Estev\u00e3o conjugam-se com a m\u00fasica relacionada com a inquieta\u00e7\u00e3o de [&hellip;]<\/p>\n","protected":false},"author":3,"featured_media":55721,"comment_status":"closed","ping_status":"closed","template":"","meta":{"_vp_format_video_url":"","_vp_image_focal_point":[]},"tags":[71,2007,16,58,1984,37,4],"mec_category":[464],"class_list":["post-55719","mec-events","type-mec-events","status-publish","has-post-thumbnail","hentry","tag-25-de-abril","tag-amilcar-cabral","tag-benavente","tag-cineteatro","tag-comemoracoes-50-anos-25-abril","tag-concerto","tag-musica","mec_category-musica"],"_links":{"self":[{"href":"https:\/\/www.cm-benavente.pt\/index.php\/wp-json\/wp\/v2\/mec-events\/55719","targetHints":{"allow":["GET"]}}],"collection":[{"href":"https:\/\/www.cm-benavente.pt\/index.php\/wp-json\/wp\/v2\/mec-events"}],"about":[{"href":"https:\/\/www.cm-benavente.pt\/index.php\/wp-json\/wp\/v2\/types\/mec-events"}],"author":[{"embeddable":true,"href":"https:\/\/www.cm-benavente.pt\/index.php\/wp-json\/wp\/v2\/users\/3"}],"replies":[{"embeddable":true,"href":"https:\/\/www.cm-benavente.pt\/index.php\/wp-json\/wp\/v2\/comments?post=55719"}],"version-history":[{"count":0,"href":"https:\/\/www.cm-benavente.pt\/index.php\/wp-json\/wp\/v2\/mec-events\/55719\/revisions"}],"wp:featuredmedia":[{"embeddable":true,"href":"https:\/\/www.cm-benavente.pt\/index.php\/wp-json\/wp\/v2\/media\/55721"}],"wp:attachment":[{"href":"https:\/\/www.cm-benavente.pt\/index.php\/wp-json\/wp\/v2\/media?parent=55719"}],"wp:term":[{"taxonomy":"post_tag","embeddable":true,"href":"https:\/\/www.cm-benavente.pt\/index.php\/wp-json\/wp\/v2\/tags?post=55719"},{"taxonomy":"mec_category","embeddable":true,"href":"https:\/\/www.cm-benavente.pt\/index.php\/wp-json\/wp\/v2\/mec_category?post=55719"}],"curies":[{"name":"wp","href":"https:\/\/api.w.org\/{rel}","templated":true}]}}

Concerto Homenagem &#8220;Amílcar Cabral&#8221;

<p><strong>Concerto de Homenagem a &#8220;Amílcar Cabral&#8221;</strong></p>
<p><strong>26 de abril às 21:30h</strong> no Cineteatro de Benavente</p>
<p>Nas vésperas da comemoração do centenário de Amílcar Cabral (2024) este espetáculo é uma homenagem ao património que nos deixou.<br />
Textos e poesia da sua autoria interpretados pelo ator Manuel Estevão conjugam-se com a música relacionada com a inquietação de Cabral que o levou à luta contra o colonialismo português, pela libertação da Guiné e de Cabo Verde.<br />
Os temas musicais interpretados por Sofia Carvalho acompanhada por um grupo de músicos de excelência, fazem deste espetáculo uma justa homenagem àquele que já foi considerado o segundo maior líder mundial de todos os tempos.</p>
<p><strong>Entrada Gratuita</strong></p>
<p><img fetchpriority="high" decoding="async" class="alignnone size-large wp-image-55720" src="https://www.cm-benavente.pt/wp-content/uploads/2024/04/26ABR-amilcarcabral-1080-1024x1024.png" alt="" width="800" height="800" srcset="https://www.cm-benavente.pt/wp-content/uploads/2024/04/26ABR-amilcarcabral-1080-1024x1024.png 1024w, https://www.cm-benavente.pt/wp-content/uploads/2024/04/26ABR-amilcarcabral-1080-300x300.png 300w, https://www.cm-benavente.pt/wp-content/uploads/2024/04/26ABR-amilcarcabral-1080-150x150.png 150w, https://www.cm-benavente.pt/wp-content/uploads/2024/04/26ABR-amilcarcabral-1080-768x768.png 768w, https://www.cm-benavente.pt/wp-content/uploads/2024/04/26ABR-amilcarcabral-1080-500x500.png 500w, https://www.cm-benavente.pt/wp-content/uploads/2024/04/26ABR-amilcarcabral-1080-800x800.png 800w, https://www.cm-benavente.pt/wp-content/uploads/2024/04/26ABR-amilcarcabral-1080.png 1080w" sizes="(max-width: 800px) 100vw, 800px" /></p>

<p>Concerto de Homenagem a &#8220;Amílcar Cabral&#8221; 26 de abril às 21:30h no Cineteatro de Benavente Nas vésperas da comemoração do centenário de Amílcar Cabral (2024) este espetáculo é uma homenagem ao património que nos deixou. Textos e poesia da sua autoria interpretados pelo ator Manuel Estevão conjugam-se com a música relacionada com a inquietação de [&hellip;]</p>
