{"id":55713,"date":"2024-04-15T09:30:23","date_gmt":"2024-04-15T09:30:23","guid":{"rendered":"https:\/\/www.cm-benavente.pt\/?post_type=mec-events&#038;p=55713"},"modified":"2024-04-15T09:30:23","modified_gmt":"2024-04-15T09:30:23","slug":"teatro-amanha-nao-sera-hoje","status":"publish","type":"mec-events","link":"https:\/\/www.cm-benavente.pt\/index.php\/events\/teatro-amanha-nao-sera-hoje\/","title":{"rendered":"Teatro &#8220;Amanh\u00e3 n\u00e3o ser\u00e1 hoje&#8221;"},"content":{"rendered":"<p><strong>Teatro &#8220;Amanh\u00e3 n\u00e3o ser\u00e1 hoje&#8221;<\/strong><\/p>\n<p><strong>26 de abril \u00e0s 21:30h<\/strong> no Audit\u00f3rio da Sociedade Filarm\u00f3nica de Santo Est\u00eav\u00e3o<\/p>\n<p><strong>Interpretado<\/strong> pelo Grupo de Teatro da Sociedade Filarm\u00f3nica de Santo Est\u00eav\u00e3o<\/p>\n<p><strong>Apoio \u00e0 encena\u00e7\u00e3o\/ dramaturgia:<\/strong> Sim\u00e3o Biernat<\/p>\n<p><strong>Textos:<\/strong> Karl Valentin<\/p>\n<p><strong>Entrada:<\/strong> 5\u20ac<\/p>\n<p><strong>Reservas:<\/strong> <a href=\"tel:912089288\">912 089 288<\/a><\/p>\n<p><strong>Organiza\u00e7\u00e3o:<\/strong> Sociedade Filarm\u00f3nica de Santo Est\u00eav\u00e3o<\/p>\n<p><img fetchpriority=\"high\" decoding=\"async\" class=\"alignnone size-full wp-image-55714\" src=\"https:\/\/www.cm-benavente.pt\/wp-content\/uploads\/2024\/04\/teatro-amanha-nao-sera-hoje-cartaz-jpg.webp\" alt=\"\" width=\"720\" height=\"900\" srcset=\"https:\/\/www.cm-benavente.pt\/wp-content\/uploads\/2024\/04\/teatro-amanha-nao-sera-hoje-cartaz-jpg.webp 720w, https:\/\/www.cm-benavente.pt\/wp-content\/uploads\/2024\/04\/teatro-amanha-nao-sera-hoje-cartaz-240x300.webp 240w, https:\/\/www.cm-benavente.pt\/wp-content\/uploads\/2024\/04\/teatro-amanha-nao-sera-hoje-cartaz-500x625.webp 500w\" sizes=\"(max-width: 720px) 100vw, 720px\" \/><\/p>\n","protected":false},"excerpt":{"rendered":"<p>Teatro &#8220;Amanh\u00e3 n\u00e3o ser\u00e1 hoje&#8221; 26 de abril \u00e0s 21:30h no Audit\u00f3rio da Sociedade Filarm\u00f3nica de Santo Est\u00eav\u00e3o Interpretado pelo Grupo de Teatro da Sociedade Filarm\u00f3nica de Santo Est\u00eav\u00e3o Apoio \u00e0 encena\u00e7\u00e3o\/ dramaturgia: Sim\u00e3o Biernat Textos: Karl Valentin Entrada: 5\u20ac Reservas: 912 089 288 Organiza\u00e7\u00e3o: Sociedade Filarm\u00f3nica de Santo Est\u00eav\u00e3o<\/p>\n","protected":false},"author":3,"featured_media":55715,"comment_status":"closed","ping_status":"closed","template":"","meta":{"_vp_format_video_url":"","_vp_image_focal_point":[]},"tags":[13,674,62],"mec_category":[654],"class_list":["post-55713","mec-events","type-mec-events","status-publish","has-post-thumbnail","hentry","tag-santo-estevao","tag-sociedade-filarmonica-santo-estevao","tag-teatro","mec_category-teatro"],"_links":{"self":[{"href":"https:\/\/www.cm-benavente.pt\/index.php\/wp-json\/wp\/v2\/mec-events\/55713","targetHints":{"allow":["GET"]}}],"collection":[{"href":"https:\/\/www.cm-benavente.pt\/index.php\/wp-json\/wp\/v2\/mec-events"}],"about":[{"href":"https:\/\/www.cm-benavente.pt\/index.php\/wp-json\/wp\/v2\/types\/mec-events"}],"author":[{"embeddable":true,"href":"https:\/\/www.cm-benavente.pt\/index.php\/wp-json\/wp\/v2\/users\/3"}],"replies":[{"embeddable":true,"href":"https:\/\/www.cm-benavente.pt\/index.php\/wp-json\/wp\/v2\/comments?post=55713"}],"version-history":[{"count":0,"href":"https:\/\/www.cm-benavente.pt\/index.php\/wp-json\/wp\/v2\/mec-events\/55713\/revisions"}],"wp:featuredmedia":[{"embeddable":true,"href":"https:\/\/www.cm-benavente.pt\/index.php\/wp-json\/wp\/v2\/media\/55715"}],"wp:attachment":[{"href":"https:\/\/www.cm-benavente.pt\/index.php\/wp-json\/wp\/v2\/media?parent=55713"}],"wp:term":[{"taxonomy":"post_tag","embeddable":true,"href":"https:\/\/www.cm-benavente.pt\/index.php\/wp-json\/wp\/v2\/tags?post=55713"},{"taxonomy":"mec_category","embeddable":true,"href":"https:\/\/www.cm-benavente.pt\/index.php\/wp-json\/wp\/v2\/mec_category?post=55713"}],"curies":[{"name":"wp","href":"https:\/\/api.w.org\/{rel}","templated":true}]}}

Teatro &#8220;Amanhã não será hoje&#8221;

<p><strong>Teatro &#8220;Amanhã não será hoje&#8221;</strong></p>
<p><strong>26 de abril às 21:30h</strong> no Auditório da Sociedade Filarmónica de Santo Estêvão</p>
<p><strong>Interpretado</strong> pelo Grupo de Teatro da Sociedade Filarmónica de Santo Estêvão</p>
<p><strong>Apoio à encenação/ dramaturgia:</strong> Simão Biernat</p>
<p><strong>Textos:</strong> Karl Valentin</p>
<p><strong>Entrada:</strong> 5€</p>
<p><strong>Reservas:</strong> <a href="tel:912089288">912 089 288</a></p>
<p><strong>Organização:</strong> Sociedade Filarmónica de Santo Estêvão</p>
<p><img fetchpriority="high" decoding="async" class="alignnone size-full wp-image-55714" src="https://www.cm-benavente.pt/wp-content/uploads/2024/04/teatro-amanha-nao-sera-hoje-cartaz-jpg.webp" alt="" width="720" height="900" srcset="https://www.cm-benavente.pt/wp-content/uploads/2024/04/teatro-amanha-nao-sera-hoje-cartaz-jpg.webp 720w, https://www.cm-benavente.pt/wp-content/uploads/2024/04/teatro-amanha-nao-sera-hoje-cartaz-240x300.webp 240w, https://www.cm-benavente.pt/wp-content/uploads/2024/04/teatro-amanha-nao-sera-hoje-cartaz-500x625.webp 500w" sizes="(max-width: 720px) 100vw, 720px" /></p>

<p>Teatro &#8220;Amanhã não será hoje&#8221; 26 de abril às 21:30h no Auditório da Sociedade Filarmónica de Santo Estêvão Interpretado pelo Grupo de Teatro da Sociedade Filarmónica de Santo Estêvão Apoio à encenação/ dramaturgia: Simão Biernat Textos: Karl Valentin Entrada: 5€ Reservas: 912 089 288 Organização: Sociedade Filarmónica de Santo Estêvão</p>
