{"id":55710,"date":"2024-04-15T09:23:04","date_gmt":"2024-04-15T09:23:04","guid":{"rendered":"https:\/\/www.cm-benavente.pt\/?post_type=mec-events&#038;p=55710"},"modified":"2024-04-15T09:23:04","modified_gmt":"2024-04-15T09:23:04","slug":"xi-gala-taurina","status":"publish","type":"mec-events","link":"https:\/\/www.cm-benavente.pt\/index.php\/events\/xi-gala-taurina\/","title":{"rendered":"XI Gala Taurina"},"content":{"rendered":"<p><strong>XI Gala Taurina<\/strong><\/p>\n<p>\u00cdris FM programa &#8220;Sombra Sol&#8221;<\/p>\n<p><strong>26 de abril \u00e0s 21:30h<\/strong> no Centro Cultural de Samora Correia<\/p>\n<ul>\n<li>Fado: Ant\u00f3nio Pinto Basto, Teresa Tapadas, Elizabete da Veiga, Adelaide, Maria Veneno, Nuno da C\u00e2mara Pereira<\/li>\n<li>Guitarra: M\u00e1rio Pacheco<\/li>\n<li>Viola: Pedro Pinhal<\/li>\n<li>Sevilhanas: Sabor Flamenco<\/li>\n<li>Cantar Flamenco: Joaqu\u00edn Moreno<\/li>\n<li>Dan\u00e7a: Academia de Dan\u00e7a Vanessa Silva<\/li>\n<li>Folclore: Escolinha de Folclore da Arepa<\/li>\n<li>Homenagem: Jos\u00e9 Barroca<\/li>\n<li>Apresenta\u00e7\u00e3o: Maur\u00edcio Vale<\/li>\n<\/ul>\n<p><strong>Organiza\u00e7\u00e3o:<\/strong> R\u00e1dio \u00cdris FM<\/p>\n<p><img fetchpriority=\"high\" decoding=\"async\" class=\"alignnone size-large wp-image-55711\" src=\"https:\/\/www.cm-benavente.pt\/wp-content\/uploads\/2024\/04\/CARTAZ-GALA-TAURINA-2024-724x1024.webp\" alt=\"\" width=\"724\" height=\"1024\" srcset=\"https:\/\/www.cm-benavente.pt\/wp-content\/uploads\/2024\/04\/CARTAZ-GALA-TAURINA-2024-724x1024.webp 724w, https:\/\/www.cm-benavente.pt\/wp-content\/uploads\/2024\/04\/CARTAZ-GALA-TAURINA-2024-212x300.webp 212w, https:\/\/www.cm-benavente.pt\/wp-content\/uploads\/2024\/04\/CARTAZ-GALA-TAURINA-2024-768x1086.webp 768w, https:\/\/www.cm-benavente.pt\/wp-content\/uploads\/2024\/04\/CARTAZ-GALA-TAURINA-2024-1086x1536.webp 1086w, https:\/\/www.cm-benavente.pt\/wp-content\/uploads\/2024\/04\/CARTAZ-GALA-TAURINA-2024-500x707.webp 500w, https:\/\/www.cm-benavente.pt\/wp-content\/uploads\/2024\/04\/CARTAZ-GALA-TAURINA-2024-800x1132.webp 800w, https:\/\/www.cm-benavente.pt\/wp-content\/uploads\/2024\/04\/CARTAZ-GALA-TAURINA-2024-1280x1810.webp 1280w, https:\/\/www.cm-benavente.pt\/wp-content\/uploads\/2024\/04\/CARTAZ-GALA-TAURINA-2024-jpg.webp 1414w\" sizes=\"(max-width: 724px) 100vw, 724px\" \/><\/p>\n","protected":false},"excerpt":{"rendered":"<p>XI Gala Taurina \u00cdris FM programa &#8220;Sombra Sol&#8221; 26 de abril \u00e0s 21:30h no Centro Cultural de Samora Correia Fado: Ant\u00f3nio Pinto Basto, Teresa Tapadas, Elizabete da Veiga, Adelaide, Maria Veneno, Nuno da C\u00e2mara Pereira Guitarra: M\u00e1rio Pacheco Viola: Pedro Pinhal Sevilhanas: Sabor Flamenco Cantar Flamenco: Joaqu\u00edn Moreno Dan\u00e7a: Academia de Dan\u00e7a Vanessa Silva Folclore: [&hellip;]<\/p>\n","protected":false},"author":3,"featured_media":55712,"comment_status":"closed","ping_status":"closed","template":"","meta":{"_vp_format_video_url":"","_vp_image_focal_point":[]},"tags":[57,800,94,1359,4,1360,27,1358],"mec_category":[467],"class_list":["post-55710","mec-events","type-mec-events","status-publish","has-post-thumbnail","hentry","tag-danca","tag-fado","tag-gala","tag-iris-fm","tag-musica","tag-radio","tag-samora-correia","tag-taurina","mec_category-geral"],"_links":{"self":[{"href":"https:\/\/www.cm-benavente.pt\/index.php\/wp-json\/wp\/v2\/mec-events\/55710","targetHints":{"allow":["GET"]}}],"collection":[{"href":"https:\/\/www.cm-benavente.pt\/index.php\/wp-json\/wp\/v2\/mec-events"}],"about":[{"href":"https:\/\/www.cm-benavente.pt\/index.php\/wp-json\/wp\/v2\/types\/mec-events"}],"author":[{"embeddable":true,"href":"https:\/\/www.cm-benavente.pt\/index.php\/wp-json\/wp\/v2\/users\/3"}],"replies":[{"embeddable":true,"href":"https:\/\/www.cm-benavente.pt\/index.php\/wp-json\/wp\/v2\/comments?post=55710"}],"version-history":[{"count":0,"href":"https:\/\/www.cm-benavente.pt\/index.php\/wp-json\/wp\/v2\/mec-events\/55710\/revisions"}],"wp:featuredmedia":[{"embeddable":true,"href":"https:\/\/www.cm-benavente.pt\/index.php\/wp-json\/wp\/v2\/media\/55712"}],"wp:attachment":[{"href":"https:\/\/www.cm-benavente.pt\/index.php\/wp-json\/wp\/v2\/media?parent=55710"}],"wp:term":[{"taxonomy":"post_tag","embeddable":true,"href":"https:\/\/www.cm-benavente.pt\/index.php\/wp-json\/wp\/v2\/tags?post=55710"},{"taxonomy":"mec_category","embeddable":true,"href":"https:\/\/www.cm-benavente.pt\/index.php\/wp-json\/wp\/v2\/mec_category?post=55710"}],"curies":[{"name":"wp","href":"https:\/\/api.w.org\/{rel}","templated":true}]}}

<p><strong>XI Gala Taurina</strong></p>
<p>Íris FM programa &#8220;Sombra Sol&#8221;</p>
<p><strong>26 de abril às 21:30h</strong> no Centro Cultural de Samora Correia</p>
<ul>
<li>Fado: António Pinto Basto, Teresa Tapadas, Elizabete da Veiga, Adelaide, Maria Veneno, Nuno da Câmara Pereira</li>
<li>Guitarra: Mário Pacheco</li>
<li>Viola: Pedro Pinhal</li>
<li>Sevilhanas: Sabor Flamenco</li>
<li>Cantar Flamenco: Joaquín Moreno</li>
<li>Dança: Academia de Dança Vanessa Silva</li>
<li>Folclore: Escolinha de Folclore da Arepa</li>
<li>Homenagem: José Barroca</li>
<li>Apresentação: Maurício Vale</li>
</ul>
<p><strong>Organização:</strong> Rádio Íris FM</p>
<p><img fetchpriority="high" decoding="async" class="alignnone size-large wp-image-55711" src="https://www.cm-benavente.pt/wp-content/uploads/2024/04/CARTAZ-GALA-TAURINA-2024-724x1024.webp" alt="" width="724" height="1024" srcset="https://www.cm-benavente.pt/wp-content/uploads/2024/04/CARTAZ-GALA-TAURINA-2024-724x1024.webp 724w, https://www.cm-benavente.pt/wp-content/uploads/2024/04/CARTAZ-GALA-TAURINA-2024-212x300.webp 212w, https://www.cm-benavente.pt/wp-content/uploads/2024/04/CARTAZ-GALA-TAURINA-2024-768x1086.webp 768w, https://www.cm-benavente.pt/wp-content/uploads/2024/04/CARTAZ-GALA-TAURINA-2024-1086x1536.webp 1086w, https://www.cm-benavente.pt/wp-content/uploads/2024/04/CARTAZ-GALA-TAURINA-2024-500x707.webp 500w, https://www.cm-benavente.pt/wp-content/uploads/2024/04/CARTAZ-GALA-TAURINA-2024-800x1132.webp 800w, https://www.cm-benavente.pt/wp-content/uploads/2024/04/CARTAZ-GALA-TAURINA-2024-1280x1810.webp 1280w, https://www.cm-benavente.pt/wp-content/uploads/2024/04/CARTAZ-GALA-TAURINA-2024-jpg.webp 1414w" sizes="(max-width: 724px) 100vw, 724px" /></p>

<p>XI Gala Taurina Íris FM programa &#8220;Sombra Sol&#8221; 26 de abril às 21:30h no Centro Cultural de Samora Correia Fado: António Pinto Basto, Teresa Tapadas, Elizabete da Veiga, Adelaide, Maria Veneno, Nuno da Câmara Pereira Guitarra: Mário Pacheco Viola: Pedro Pinhal Sevilhanas: Sabor Flamenco Cantar Flamenco: Joaquín Moreno Dança: Academia de Dança Vanessa Silva Folclore: [&hellip;]</p>
