{"id":54939,"date":"2024-03-18T11:00:49","date_gmt":"2024-03-18T11:00:49","guid":{"rendered":"https:\/\/www.cm-benavente.pt\/?post_type=mec-events&#038;p=54939"},"modified":"2024-03-18T11:00:49","modified_gmt":"2024-03-18T11:00:49","slug":"feira-de-artesanato-de-samora-correia-pascoa","status":"publish","type":"mec-events","link":"https:\/\/www.cm-benavente.pt\/index.php\/events\/feira-de-artesanato-de-samora-correia-pascoa\/","title":{"rendered":"Feira de Artesanato de Samora Correia &#8211; P\u00e1scoa"},"content":{"rendered":"<p><strong>Feira de Artesanato de Samora Correia &#8211; P\u00e1scoa<\/strong><\/p>\n<p><strong>23 mar\u00e7o das 10:00h \u00e0s 17:00h<\/strong> no Jardim do Bairro das Lez\u00edrias, Samora Correia<\/p>\n<p>Entrada gratuita<\/p>\n<p><strong>Organiza\u00e7\u00e3o:<\/strong> Junta de Freguesia de Samora Correia<\/p>\n<p><img fetchpriority=\"high\" decoding=\"async\" class=\"alignnone size-large wp-image-54940\" src=\"https:\/\/www.cm-benavente.pt\/wp-content\/uploads\/2024\/03\/feira-artesanato-samora-correia-cartaz-2-724x1024.webp\" alt=\"\" width=\"724\" height=\"1024\" srcset=\"https:\/\/www.cm-benavente.pt\/wp-content\/uploads\/2024\/03\/feira-artesanato-samora-correia-cartaz-2-724x1024.webp 724w, https:\/\/www.cm-benavente.pt\/wp-content\/uploads\/2024\/03\/feira-artesanato-samora-correia-cartaz-2-212x300.webp 212w, https:\/\/www.cm-benavente.pt\/wp-content\/uploads\/2024\/03\/feira-artesanato-samora-correia-cartaz-2-768x1086.webp 768w, https:\/\/www.cm-benavente.pt\/wp-content\/uploads\/2024\/03\/feira-artesanato-samora-correia-cartaz-2-1086x1536.webp 1086w, https:\/\/www.cm-benavente.pt\/wp-content\/uploads\/2024\/03\/feira-artesanato-samora-correia-cartaz-2-500x707.webp 500w, https:\/\/www.cm-benavente.pt\/wp-content\/uploads\/2024\/03\/feira-artesanato-samora-correia-cartaz-2-800x1131.webp 800w, https:\/\/www.cm-benavente.pt\/wp-content\/uploads\/2024\/03\/feira-artesanato-samora-correia-cartaz-2-jpg.webp 1241w\" sizes=\"(max-width: 724px) 100vw, 724px\" \/><\/p>\n","protected":false},"excerpt":{"rendered":"<p>Feira de Artesanato de Samora Correia &#8211; P\u00e1scoa 23 mar\u00e7o das 10:00h \u00e0s 17:00h no Jardim do Bairro das Lez\u00edrias, Samora Correia Entrada gratuita Organiza\u00e7\u00e3o: Junta de Freguesia de Samora Correia<\/p>\n","protected":false},"author":3,"featured_media":54941,"comment_status":"closed","ping_status":"closed","template":"","meta":{"_vp_format_video_url":"","_vp_image_focal_point":[]},"tags":[680,819,340,1178,27],"mec_category":[467],"class_list":["post-54939","mec-events","type-mec-events","status-publish","has-post-thumbnail","hentry","tag-artesanato","tag-feira","tag-junta-de-freguesia","tag-pascoa","tag-samora-correia","mec_category-geral"],"_links":{"self":[{"href":"https:\/\/www.cm-benavente.pt\/index.php\/wp-json\/wp\/v2\/mec-events\/54939","targetHints":{"allow":["GET"]}}],"collection":[{"href":"https:\/\/www.cm-benavente.pt\/index.php\/wp-json\/wp\/v2\/mec-events"}],"about":[{"href":"https:\/\/www.cm-benavente.pt\/index.php\/wp-json\/wp\/v2\/types\/mec-events"}],"author":[{"embeddable":true,"href":"https:\/\/www.cm-benavente.pt\/index.php\/wp-json\/wp\/v2\/users\/3"}],"replies":[{"embeddable":true,"href":"https:\/\/www.cm-benavente.pt\/index.php\/wp-json\/wp\/v2\/comments?post=54939"}],"version-history":[{"count":0,"href":"https:\/\/www.cm-benavente.pt\/index.php\/wp-json\/wp\/v2\/mec-events\/54939\/revisions"}],"wp:featuredmedia":[{"embeddable":true,"href":"https:\/\/www.cm-benavente.pt\/index.php\/wp-json\/wp\/v2\/media\/54941"}],"wp:attachment":[{"href":"https:\/\/www.cm-benavente.pt\/index.php\/wp-json\/wp\/v2\/media?parent=54939"}],"wp:term":[{"taxonomy":"post_tag","embeddable":true,"href":"https:\/\/www.cm-benavente.pt\/index.php\/wp-json\/wp\/v2\/tags?post=54939"},{"taxonomy":"mec_category","embeddable":true,"href":"https:\/\/www.cm-benavente.pt\/index.php\/wp-json\/wp\/v2\/mec_category?post=54939"}],"curies":[{"name":"wp","href":"https:\/\/api.w.org\/{rel}","templated":true}]}}

Feira de Artesanato de Samora Correia &#8211; Páscoa

<p><strong>Feira de Artesanato de Samora Correia &#8211; Páscoa</strong></p>
<p><strong>23 março das 10:00h às 17:00h</strong> no Jardim do Bairro das Lezírias, Samora Correia</p>
<p>Entrada gratuita</p>
<p><strong>Organização:</strong> Junta de Freguesia de Samora Correia</p>
<p><img fetchpriority="high" decoding="async" class="alignnone size-large wp-image-54940" src="https://www.cm-benavente.pt/wp-content/uploads/2024/03/feira-artesanato-samora-correia-cartaz-2-724x1024.webp" alt="" width="724" height="1024" srcset="https://www.cm-benavente.pt/wp-content/uploads/2024/03/feira-artesanato-samora-correia-cartaz-2-724x1024.webp 724w, https://www.cm-benavente.pt/wp-content/uploads/2024/03/feira-artesanato-samora-correia-cartaz-2-212x300.webp 212w, https://www.cm-benavente.pt/wp-content/uploads/2024/03/feira-artesanato-samora-correia-cartaz-2-768x1086.webp 768w, https://www.cm-benavente.pt/wp-content/uploads/2024/03/feira-artesanato-samora-correia-cartaz-2-1086x1536.webp 1086w, https://www.cm-benavente.pt/wp-content/uploads/2024/03/feira-artesanato-samora-correia-cartaz-2-500x707.webp 500w, https://www.cm-benavente.pt/wp-content/uploads/2024/03/feira-artesanato-samora-correia-cartaz-2-800x1131.webp 800w, https://www.cm-benavente.pt/wp-content/uploads/2024/03/feira-artesanato-samora-correia-cartaz-2-jpg.webp 1241w" sizes="(max-width: 724px) 100vw, 724px" /></p>

<p>Feira de Artesanato de Samora Correia &#8211; Páscoa 23 março das 10:00h às 17:00h no Jardim do Bairro das Lezírias, Samora Correia Entrada gratuita Organização: Junta de Freguesia de Samora Correia</p>
