{"id":54927,"date":"2024-03-18T10:10:44","date_gmt":"2024-03-18T10:10:44","guid":{"rendered":"https:\/\/www.cm-benavente.pt\/?post_type=mec-events&#038;p=54927"},"modified":"2024-03-18T10:10:44","modified_gmt":"2024-03-18T10:10:44","slug":"concerto-banda-de-musica-da-forca-aerea","status":"publish","type":"mec-events","link":"https:\/\/www.cm-benavente.pt\/index.php\/events\/concerto-banda-de-musica-da-forca-aerea\/","title":{"rendered":"Concerto Banda de M\u00fasica da For\u00e7a A\u00e9rea"},"content":{"rendered":"<p>Concerto Comemorativo<\/p>\n<p><strong>Banda de M\u00fasica da For\u00e7a A\u00e9rea<\/strong><\/p>\n<p>120 anos do Campo de Tiro<\/p>\n<p><strong>23 mar\u00e7o \u00e0s 21:30h<\/strong> no Centro Cultural de Samora Correia<\/p>\n<p>Entrada gratuita<\/p>\n<p><strong>Organiza\u00e7\u00e3o:<\/strong> C\u00e2mara Municipal de Benavente e For\u00e7a A\u00e9rea Portuguesa<\/p>\n<p><img fetchpriority=\"high\" decoding=\"async\" class=\"alignnone size-large wp-image-54928\" src=\"https:\/\/www.cm-benavente.pt\/wp-content\/uploads\/2024\/03\/concerto-campo-tiro-cartaz-724x1024.webp\" alt=\"\" width=\"724\" height=\"1024\" srcset=\"https:\/\/www.cm-benavente.pt\/wp-content\/uploads\/2024\/03\/concerto-campo-tiro-cartaz-724x1024.webp 724w, https:\/\/www.cm-benavente.pt\/wp-content\/uploads\/2024\/03\/concerto-campo-tiro-cartaz-212x300.webp 212w, https:\/\/www.cm-benavente.pt\/wp-content\/uploads\/2024\/03\/concerto-campo-tiro-cartaz-768x1086.webp 768w, https:\/\/www.cm-benavente.pt\/wp-content\/uploads\/2024\/03\/concerto-campo-tiro-cartaz-1086x1536.webp 1086w, https:\/\/www.cm-benavente.pt\/wp-content\/uploads\/2024\/03\/concerto-campo-tiro-cartaz-500x707.webp 500w, https:\/\/www.cm-benavente.pt\/wp-content\/uploads\/2024\/03\/concerto-campo-tiro-cartaz-800x1132.webp 800w, https:\/\/www.cm-benavente.pt\/wp-content\/uploads\/2024\/03\/concerto-campo-tiro-cartaz.jpg 1131w\" sizes=\"(max-width: 724px) 100vw, 724px\" \/><\/p>\n","protected":false},"excerpt":{"rendered":"<p>Concerto Comemorativo Banda de M\u00fasica da For\u00e7a A\u00e9rea 120 anos do Campo de Tiro 23 mar\u00e7o \u00e0s 21:30h no Centro Cultural de Samora Correia Entrada gratuita Organiza\u00e7\u00e3o: C\u00e2mara Municipal de Benavente e For\u00e7a A\u00e9rea Portuguesa<\/p>\n","protected":false},"author":3,"featured_media":54929,"comment_status":"closed","ping_status":"closed","template":"","meta":{"_vp_format_video_url":"","_vp_image_focal_point":[]},"tags":[597,168,37,167,4,27],"mec_category":[464],"class_list":["post-54927","mec-events","type-mec-events","status-publish","has-post-thumbnail","hentry","tag-banda","tag-campo-de-tiro","tag-concerto","tag-forca-aerea","tag-musica","tag-samora-correia","mec_category-musica"],"_links":{"self":[{"href":"https:\/\/www.cm-benavente.pt\/index.php\/wp-json\/wp\/v2\/mec-events\/54927","targetHints":{"allow":["GET"]}}],"collection":[{"href":"https:\/\/www.cm-benavente.pt\/index.php\/wp-json\/wp\/v2\/mec-events"}],"about":[{"href":"https:\/\/www.cm-benavente.pt\/index.php\/wp-json\/wp\/v2\/types\/mec-events"}],"author":[{"embeddable":true,"href":"https:\/\/www.cm-benavente.pt\/index.php\/wp-json\/wp\/v2\/users\/3"}],"replies":[{"embeddable":true,"href":"https:\/\/www.cm-benavente.pt\/index.php\/wp-json\/wp\/v2\/comments?post=54927"}],"version-history":[{"count":0,"href":"https:\/\/www.cm-benavente.pt\/index.php\/wp-json\/wp\/v2\/mec-events\/54927\/revisions"}],"wp:featuredmedia":[{"embeddable":true,"href":"https:\/\/www.cm-benavente.pt\/index.php\/wp-json\/wp\/v2\/media\/54929"}],"wp:attachment":[{"href":"https:\/\/www.cm-benavente.pt\/index.php\/wp-json\/wp\/v2\/media?parent=54927"}],"wp:term":[{"taxonomy":"post_tag","embeddable":true,"href":"https:\/\/www.cm-benavente.pt\/index.php\/wp-json\/wp\/v2\/tags?post=54927"},{"taxonomy":"mec_category","embeddable":true,"href":"https:\/\/www.cm-benavente.pt\/index.php\/wp-json\/wp\/v2\/mec_category?post=54927"}],"curies":[{"name":"wp","href":"https:\/\/api.w.org\/{rel}","templated":true}]}}

Concerto Banda de Música da Força Aérea

<p>Concerto Comemorativo</p>
<p><strong>Banda de Música da Força Aérea</strong></p>
<p>120 anos do Campo de Tiro</p>
<p><strong>23 março às 21:30h</strong> no Centro Cultural de Samora Correia</p>
<p>Entrada gratuita</p>
<p><strong>Organização:</strong> Câmara Municipal de Benavente e Força Aérea Portuguesa</p>
<p><img fetchpriority="high" decoding="async" class="alignnone size-large wp-image-54928" src="https://www.cm-benavente.pt/wp-content/uploads/2024/03/concerto-campo-tiro-cartaz-724x1024.webp" alt="" width="724" height="1024" srcset="https://www.cm-benavente.pt/wp-content/uploads/2024/03/concerto-campo-tiro-cartaz-724x1024.webp 724w, https://www.cm-benavente.pt/wp-content/uploads/2024/03/concerto-campo-tiro-cartaz-212x300.webp 212w, https://www.cm-benavente.pt/wp-content/uploads/2024/03/concerto-campo-tiro-cartaz-768x1086.webp 768w, https://www.cm-benavente.pt/wp-content/uploads/2024/03/concerto-campo-tiro-cartaz-1086x1536.webp 1086w, https://www.cm-benavente.pt/wp-content/uploads/2024/03/concerto-campo-tiro-cartaz-500x707.webp 500w, https://www.cm-benavente.pt/wp-content/uploads/2024/03/concerto-campo-tiro-cartaz-800x1132.webp 800w, https://www.cm-benavente.pt/wp-content/uploads/2024/03/concerto-campo-tiro-cartaz.jpg 1131w" sizes="(max-width: 724px) 100vw, 724px" /></p>

<p>Concerto Comemorativo Banda de Música da Força Aérea 120 anos do Campo de Tiro 23 março às 21:30h no Centro Cultural de Samora Correia Entrada gratuita Organização: Câmara Municipal de Benavente e Força Aérea Portuguesa</p>
