{"id":53016,"date":"2024-01-25T09:59:26","date_gmt":"2024-01-25T09:59:26","guid":{"rendered":"https:\/\/www.cm-benavente.pt\/?post_type=mec-events&#038;p=53016"},"modified":"2024-01-25T09:59:26","modified_gmt":"2024-01-25T09:59:26","slug":"evento-solidario-sa24","status":"publish","type":"mec-events","link":"https:\/\/www.cm-benavente.pt\/index.php\/events\/evento-solidario-sa24\/","title":{"rendered":"Evento Solid\u00e1rio SA24"},"content":{"rendered":"<p><strong>Evento Solid\u00e1rio SA24<\/strong><\/p>\n<p><strong>02 de fevereiro \u00e0s 21:00h<\/strong> no Celeiro dos Arcos, Benavente<\/p>\n<p><strong>M\u00fasica:<\/strong> DJ S\u00e9rgio R, Fifi Milho e DJ Ildefonso<\/p>\n<p><strong>Entrada:<\/strong> 3 bombeiros (os valor das entradas reverte a favor dos Bombeiros Volunt\u00e1rios de Benavente)<\/p>\n<p><strong>Organiza\u00e7\u00e3o:<\/strong> Comiss\u00e3o da Sardinha Assada de Benavente 2024<\/p>\n<p><img fetchpriority=\"high\" decoding=\"async\" class=\"alignnone wp-image-53017 size-large\" src=\"https:\/\/www.cm-benavente.pt\/wp-content\/uploads\/2024\/01\/bombeiros-sa-1080-1024x1024.webp\" alt=\"\" width=\"800\" height=\"800\" srcset=\"https:\/\/www.cm-benavente.pt\/wp-content\/uploads\/2024\/01\/bombeiros-sa-1080-1024x1024.webp 1024w, https:\/\/www.cm-benavente.pt\/wp-content\/uploads\/2024\/01\/bombeiros-sa-1080-300x300.webp 300w, https:\/\/www.cm-benavente.pt\/wp-content\/uploads\/2024\/01\/bombeiros-sa-1080-150x150.webp 150w, https:\/\/www.cm-benavente.pt\/wp-content\/uploads\/2024\/01\/bombeiros-sa-1080-768x768.webp 768w, https:\/\/www.cm-benavente.pt\/wp-content\/uploads\/2024\/01\/bombeiros-sa-1080-500x500.webp 500w, https:\/\/www.cm-benavente.pt\/wp-content\/uploads\/2024\/01\/bombeiros-sa-1080-800x800.webp 800w, https:\/\/www.cm-benavente.pt\/wp-content\/uploads\/2024\/01\/bombeiros-sa-1080.jpg 1080w\" sizes=\"(max-width: 800px) 100vw, 800px\" \/><\/p>\n","protected":false},"excerpt":{"rendered":"<p>Evento Solid\u00e1rio SA24 02 de fevereiro \u00e0s 21:00h no Celeiro dos Arcos, Benavente M\u00fasica: DJ S\u00e9rgio R, Fifi Milho e DJ Ildefonso Entrada: 3 bombeiros (os valor das entradas reverte a favor dos Bombeiros Volunt\u00e1rios de Benavente) Organiza\u00e7\u00e3o: Comiss\u00e3o da Sardinha Assada de Benavente 2024<\/p>\n","protected":false},"author":3,"featured_media":53018,"comment_status":"closed","ping_status":"closed","template":"","meta":{"_vp_format_video_url":"","_vp_image_focal_point":[]},"tags":[16,170,840,214,4,603,809],"mec_category":[464],"class_list":["post-53016","mec-events","type-mec-events","status-publish","has-post-thumbnail","hentry","tag-benavente","tag-bombeiros","tag-dj","tag-evento","tag-musica","tag-sardinha-assada","tag-solidariedade","mec_category-musica"],"_links":{"self":[{"href":"https:\/\/www.cm-benavente.pt\/index.php\/wp-json\/wp\/v2\/mec-events\/53016","targetHints":{"allow":["GET"]}}],"collection":[{"href":"https:\/\/www.cm-benavente.pt\/index.php\/wp-json\/wp\/v2\/mec-events"}],"about":[{"href":"https:\/\/www.cm-benavente.pt\/index.php\/wp-json\/wp\/v2\/types\/mec-events"}],"author":[{"embeddable":true,"href":"https:\/\/www.cm-benavente.pt\/index.php\/wp-json\/wp\/v2\/users\/3"}],"replies":[{"embeddable":true,"href":"https:\/\/www.cm-benavente.pt\/index.php\/wp-json\/wp\/v2\/comments?post=53016"}],"version-history":[{"count":0,"href":"https:\/\/www.cm-benavente.pt\/index.php\/wp-json\/wp\/v2\/mec-events\/53016\/revisions"}],"wp:featuredmedia":[{"embeddable":true,"href":"https:\/\/www.cm-benavente.pt\/index.php\/wp-json\/wp\/v2\/media\/53018"}],"wp:attachment":[{"href":"https:\/\/www.cm-benavente.pt\/index.php\/wp-json\/wp\/v2\/media?parent=53016"}],"wp:term":[{"taxonomy":"post_tag","embeddable":true,"href":"https:\/\/www.cm-benavente.pt\/index.php\/wp-json\/wp\/v2\/tags?post=53016"},{"taxonomy":"mec_category","embeddable":true,"href":"https:\/\/www.cm-benavente.pt\/index.php\/wp-json\/wp\/v2\/mec_category?post=53016"}],"curies":[{"name":"wp","href":"https:\/\/api.w.org\/{rel}","templated":true}]}}

Evento Solidário SA24

<p><strong>Evento Solidário SA24</strong></p>
<p><strong>02 de fevereiro às 21:00h</strong> no Celeiro dos Arcos, Benavente</p>
<p><strong>Música:</strong> DJ Sérgio R, Fifi Milho e DJ Ildefonso</p>
<p><strong>Entrada:</strong> 3 bombeiros (os valor das entradas reverte a favor dos Bombeiros Voluntários de Benavente)</p>
<p><strong>Organização:</strong> Comissão da Sardinha Assada de Benavente 2024</p>
<p><img fetchpriority="high" decoding="async" class="alignnone wp-image-53017 size-large" src="https://www.cm-benavente.pt/wp-content/uploads/2024/01/bombeiros-sa-1080-1024x1024.webp" alt="" width="800" height="800" srcset="https://www.cm-benavente.pt/wp-content/uploads/2024/01/bombeiros-sa-1080-1024x1024.webp 1024w, https://www.cm-benavente.pt/wp-content/uploads/2024/01/bombeiros-sa-1080-300x300.webp 300w, https://www.cm-benavente.pt/wp-content/uploads/2024/01/bombeiros-sa-1080-150x150.webp 150w, https://www.cm-benavente.pt/wp-content/uploads/2024/01/bombeiros-sa-1080-768x768.webp 768w, https://www.cm-benavente.pt/wp-content/uploads/2024/01/bombeiros-sa-1080-500x500.webp 500w, https://www.cm-benavente.pt/wp-content/uploads/2024/01/bombeiros-sa-1080-800x800.webp 800w, https://www.cm-benavente.pt/wp-content/uploads/2024/01/bombeiros-sa-1080.jpg 1080w" sizes="(max-width: 800px) 100vw, 800px" /></p>

<p>Evento Solidário SA24 02 de fevereiro às 21:00h no Celeiro dos Arcos, Benavente Música: DJ Sérgio R, Fifi Milho e DJ Ildefonso Entrada: 3 bombeiros (os valor das entradas reverte a favor dos Bombeiros Voluntários de Benavente) Organização: Comissão da Sardinha Assada de Benavente 2024</p>
